501
CXUS51 KILN 010534
CF6CVG
PRELIMINARY LOCAL CLIMATOLOGICAL DATA (WS FORM: F-6)
STATION: CINCINNATI OH
MONTH: MAY
YEAR: 2021
LATITUDE: 39 2 N
LONGITUDE: 84 40 W
TEMPERATURE IN F: :PCPN: SNOW: WIND :SUNSHINE: SKY :PK WND
================================================================================
1 2 3 4 5 6A 6B 7 8 9 10 11 12 13 14 15 16 17 18
12Z AVG MX 2MIN
DY MAX MIN AVG DEP HDD CDD WTR SNW DPTH SPD SPD DIR MIN PSBL S-S WX SPD DR
================================================================================
1 71 35 53 -7 12 0 0.00 0.0 0 9.4 17 220 M M 1 23 220
2 77 57 67 7 0 2 0.02 0.0 0 9.3 18 220 M M 9 24 210
3 75 58 67 7 0 2 0.28 0.0 0 10.0 21 270 M M 9 1 26 280
4 73 56 65 4 0 0 1.07 0.0 0 9.2 26 210 M M 9 13 41 180
5 63 46 55 -6 10 0 0.07 0.0 0 11.5 20 320 M M 7 1 25 340
6 64 39 52 -9 13 0 0.17 0.0 0 4.9 15 270 M M 7 18 20 280
7 63 42 53 -9 12 0 0.26 0.0 0 9.2 23 270 M M 7 138 28 240
8 60 36 48 -14 17 0 0.01 0.0 0 6.4 13 310 M M 4 16 300
9 66 43 55 -7 10 0 0.65 0.0 0 14.9 29 280 M M 10 13 36 230
10 63 38 51 -11 14 0 0.00 0.0 0 5.1 13 360 M M 5 17 30
11 61 43 52 -11 13 0 0.00 0.0 0 8.9 18 10 M M 6 18 23 10
12 64 43 54 -9 11 0 0.00 0.0 0 9.5 18 60 M M 4 26 50
13 67 42 55 -8 10 0 0.00 0.0 0 5.8 18 80 M M 1 22 100
14 72 44 58 -6 7 0 0.00 0.0 0 3.1 10 40 M M 2 22 30
15 72 45 59 -5 6 0 0.00 0.0 0 3.7 14 150 M M 5 19 210
16 70 56 63 -1 2 0 0.00 0.0 0 5.0 12 130 M M 9 14 140
17 67 56 62 -2 3 0 1.53 0.0 0 9.5 15 80 M M 10 13 18 110
18 79 59 69 4 0 4 T 0.0 0 8.9 18 140 M M 9 18 22 150
19 81 61 71 6 0 6 0.00 0.0 0 5.5 17 230 M M 7 20 230
20 85 59 72 7 0 7 0.00 0.0 0 6.4 14 140 M M 6 18 150
21 84 64 74 8 0 9 0.00 0.0 0 5.6 15 260 M M 7 21 230
22 85 59 72 6 0 7 0.00 0.0 0 3.1 12 280 M M 7 8 14 290
23 86 59 73 7 0 8 0.00 0.0 0 4.3 16 290 M M 5 1 21 300
24 88 64 76 10 0 11 0.00 0.0 0 4.3 13 260 M M 7 1 17 240
25 88 65 77 10 0 12 0.00 0.0 0 6.3 16 190 M M 5 22 230
26 80 66 73 6 0 8 0.42 0.0 0 8.1 16 220 M M 7 1 23 230
27 81 63 72 5 0 7 0.00 0.0 0 4.2 12 360 M M 9 128 15 350
28 73 49 61 -7 4 0 0.31 0.0 0 9.9 29 20 M M 10 1 35 20
29 56 48 52 -16 13 0 T 0.0 0 11.5 21 30 M M 9 1 26 30
30 63 43 53 -15 12 0 0.00 0.0 0 7.0 12 30 M M 4 17 30
31 74 45 60 -8 5 0 0.00 0.0 0 4.0 14 160 M M 6 18 120
================================================================================
SM 2251 1583 174 83 4.79 0.0 224.5 M 203
================================================================================
AV 72.6 51.1 7.2 FASTST M M 7 MAX(MPH)
MISC ----> # 29 280 41 180
================================================================================
NOTES:
# LAST OF SEVERAL OCCURRENCES
COLUMN 17 PEAK WIND IN M.P.H.
PRELIMINARY LOCAL CLIMATOLOGICAL DATA (WS FORM: F-6) , PAGE 2
STATION: CINCINNATI OH
MONTH: MAY
YEAR: 2021
LATITUDE: 39 2 N
LONGITUDE: 84 40 W
[TEMPERATURE DATA] [PRECIPITATION DATA] SYMBOLS USED IN COLUMN 16
AVERAGE MONTHLY: 61.8 TOTAL FOR MONTH: 4.79 1 = FOG OR MIST
DPTR FM NORMAL: -2.3 DPTR FM NORMAL: 0.12 2 = FOG REDUCING VISIBILITY
HIGHEST: 88 ON 25,24 GRTST 24HR 1.53 ON 17-17 TO 1/4 MILE OR LESS
LOWEST: 35 ON 1 3 = THUNDER
SNOW, ICE PELLETS, HAIL 4 = ICE PELLETS
TOTAL MONTH: 0.0 INCH 5 = HAIL
GRTST 24HR 0.0 6 = FREEZING RAIN OR DRIZZLE
GRTST DEPTH: 0 7 = DUSTSTORM OR SANDSTORM:
VSBY 1/2 MILE OR LESS
8 = SMOKE OR HAZE
[NO. OF DAYS WITH] [WEATHER - DAYS WITH] 9 = BLOWING SNOW
X = TORNADO
MAX 32 OR BELOW: 0 0.01 INCH OR MORE: 11
MAX 90 OR ABOVE: 0 0.10 INCH OR MORE: 8
MIN 32 OR BELOW: 0 0.50 INCH OR MORE: 3
MIN 0 OR BELOW: 0 1.00 INCH OR MORE: 2
[HDD (BASE 65) ]
TOTAL THIS MO. 174 CLEAR (SCALE 0-3) 3
DPTR FM NORMAL 56 PTCLDY (SCALE 4-7) 18
TOTAL FM JUL 1 4665 CLOUDY (SCALE 8-10) 10
DPTR FM NORMAL -215
[CDD (BASE 65) ]
TOTAL THIS MO. 83
DPTR FM NORMAL -7 [PRESSURE DATA]
TOTAL FM JAN 1 99 HIGHEST SLP M ON M
DPTR FM NORMAL -10 LOWEST SLP 29.55 ON 9
[REMARKS]
#FINAL-05-21#