762
CXUS51 KILN 010539
CF6CVG
PRELIMINARY LOCAL CLIMATOLOGICAL DATA (WS FORM: F-6)
STATION: CINCINNATI OH
MONTH: NOVEMBER
YEAR: 2023
LATITUDE: 39 2 N
LONGITUDE: 84 40 W
TEMPERATURE IN F: :PCPN: SNOW: WIND :SUNSHINE: SKY :PK WND
================================================================================
1 2 3 4 5 6A 6B 7 8 9 10 11 12 13 14 15 16 17 18
12Z AVG MX 2MIN
DY MAX MIN AVG DEP HDD CDD WTR SNW DPTH SPD SPD DIR MIN PSBL S-S WX SPD DR
================================================================================
1 46 29 38 -12 27 0 0.00 0.0 0 6.6 15 290 M M 4 19 290
2 53 28 41 -9 24 0 0.00 0.0 0 8.8 18 190 M M 1 24 180
3 60 33 47 -2 18 0 0.00 0.0 0 9.4 21 190 M M 5 27 200
4 66 46 56 7 9 0 0.00 0.0 0 8.6 15 220 M M 8 20 220
5 62 42 52 4 13 0 0.00 0.0 0 4.8 13 350 M M 4 8 17 10
6 72 43 58 10 7 0 0.00 0.0 0 10.0 22 220 M M 7 33 220
7 74 54 64 16 1 0 0.00 0.0 0 7.0 14 70 M M 4 17 70
8 79 50 65 18 0 0 0.00 0.0 0 13.0 25 180 M M 5 31 180
9 73 51 62 15 3 0 T 0.0 0 10.8 23 340 M M 8 1 31 340
10 60 42 51 5 14 0 0.00 0.0 0 6.1 15 270 M M 4 28 220
11 50 34 42 -4 23 0 0.00 0.0 0 7.1 13 50 M M 4 17 20
12 56 37 47 1 18 0 0.00 0.0 0 6.5 14 80 M M 3 16 80
13 65 31 48 3 17 0 0.00 0.0 0 4.9 16 310 M M 1 21 330
14 59 34 47 2 18 0 0.00 0.0 0 4.7 10 150 M M 4 14 130
15 68 38 53 9 12 0 0.00 0.0 0 6.7 17 270 M M 3 22 260
16 66 39 53 9 12 0 T 0.0 0 5.3 14 190 M M 5 18 200
17 62 47 55 11 10 0 0.50 0.0 0 11.1 21 200 M M 10 1 29 190
18 51 33 42 -1 23 0 0.00 0.0 0 5.2 17 350 M M 1 18 22 350
19 58 29 44 1 21 0 0.00 0.0 0 2.5 12 80 M M 2 1 14 70
20 49 41 45 2 20 0 0.05 0.0 0 10.9 18 70 M M 9 1 21 70
21 52 42 47 5 18 0 0.77 0.0 0 12.4 26 130 M M 10 1 34 120
22 49 33 41 -1 24 0 0.00 0.0 0 8.9 17 300 M M 7 1 22 320
23 53 31 42 0 23 0 0.00 0.0 0 5.8 16 240 M M 1 1 22 240
24 43 32 38 -3 27 0 0.00 0.0 0 12.1 20 30 M M 6 1 23 10
25 45 28 37 -4 28 0 0.00 0.0 0 7.2 17 70 M M 8 21 50
26 45 34 40 -1 25 0 0.07 0.0 0 11.4 26 280 M M 10 1 32 270
27 36 29 33 -7 32 0 0.00 0.0 0 11.0 23 290 M M 8 29 290
28 32 17 25 -15 40 0 0.00 0.0 0 10.3 24 300 M M 5 30 290
29 46 15 31 -9 34 0 0.00 0.0 0 9.0 20 220 M M 2 26 200
30 58 34 46 6 19 0 0.00 0.0 0 10.2 20 210 M M 7 8 26 220
================================================================================
SM 1688 1076 560 0 1.39 0.0 248.3 M 156
================================================================================
AV 56.3 35.9 8.3 FASTST M M 5 MAX(MPH)
MISC ----> # 26 130 34 120
================================================================================
NOTES:
# LAST OF SEVERAL OCCURRENCES
COLUMN 17 PEAK WIND IN M.P.H.
PRELIMINARY LOCAL CLIMATOLOGICAL DATA (WS FORM: F-6) , PAGE 2
STATION: CINCINNATI OH
MONTH: NOVEMBER
YEAR: 2023
LATITUDE: 39 2 N
LONGITUDE: 84 40 W
[TEMPERATURE DATA] [PRECIPITATION DATA] SYMBOLS USED IN COLUMN 16
AVERAGE MONTHLY: 46.1 TOTAL FOR MONTH: 1.39 1 = FOG OR MIST
DPTR FM NORMAL: 1.7 DPTR FM NORMAL: -1.84 2 = FOG REDUCING VISIBILITY
HIGHEST: 79 ON 8 GRTST 24HR 0.81 ON 20-21 TO 1/4 MILE OR LESS
LOWEST: 15 ON 29 3 = THUNDER
SNOW, ICE PELLETS, HAIL 4 = ICE PELLETS
TOTAL MONTH: T 5 = HAIL
GRTST 24HR 0.0 6 = FREEZING RAIN OR DRIZZLE
GRTST DEPTH: 0 7 = DUSTSTORM OR SANDSTORM:
VSBY 1/2 MILE OR LESS
8 = SMOKE OR HAZE
[NO. OF DAYS WITH] [WEATHER - DAYS WITH] 9 = BLOWING SNOW
X = TORNADO
MAX 32 OR BELOW: 1 0.01 INCH OR MORE: 4
MAX 90 OR ABOVE: 0 0.10 INCH OR MORE: 2
MIN 32 OR BELOW: 10 0.50 INCH OR MORE: 2
MIN 0 OR BELOW: 0 1.00 INCH OR MORE: 0
[HDD (BASE 65) ]
TOTAL THIS MO. 560 CLEAR (SCALE 0-3) 7
DPTR FM NORMAL -57 PTCLDY (SCALE 4-7) 18
TOTAL FM JUL 1 836 CLOUDY (SCALE 8-10) 5
DPTR FM NORMAL -134
[CDD (BASE 65) ]
TOTAL THIS MO. 0
DPTR FM NORMAL -1 [PRESSURE DATA]
TOTAL FM JAN 1 1099 HIGHEST SLP M ON M
DPTR FM NORMAL -62 LOWEST SLP 29.70 ON 8
[REMARKS]
#FINAL-11-23#