000
CDUS43 KBIS 210726
CLIBIS


CLIMATE REPORT
NATIONAL WEATHER SERVICE BISMARCK ND
225 AM CDT SAT OCT 21 2017


...................................

...THE BISMARCK ND CLIMATE SUMMARY FOR OCTOBER 20 2017...

CLIMATE NORMAL PERIOD 1981 TO 2010
CLIMATE RECORD PERIOD 1875 TO 2017


WEATHER ITEM   OBSERVED TIME   RECORD YEAR NORMAL DEPARTURE LAST
                VALUE   (LST)  VALUE       VALUE  FROM      YEAR
                                                  NORMAL
..................................................................
TEMPERATURE (F)
 YESTERDAY
  MAXIMUM         77    312 PM  82    1901  56     21       54
                                      1875
  MINIMUM         42   1209 AM  13    1916  31     11       34
                                      1896
  AVERAGE         60                        43     17       44

PRECIPITATION (IN)
  YESTERDAY        0.00          1.00 1883   0.04  -0.04     0.00
  MONTH TO DATE    0.01                      0.85  -0.84     0.24
  SINCE SEP 1      1.40                      2.44  -1.04     1.46
  SINCE JAN 1     13.04                     16.25  -3.21    20.00

SNOWFALL (IN)
  YESTERDAY        0.0           0.7  1936
  MONTH TO DATE    0.0
  SINCE SEP 1      0.0
  SINCE JUL 1      T

DEGREE DAYS
 HEATING
  YESTERDAY        5                        22    -17       21
  MONTH TO DATE  304                       353    -49      337
  SINCE SEP 1    485                       584    -99      510
  SINCE JUL 1    497                       639   -142      543

 COOLING
  YESTERDAY        0                         0      0        0
  MONTH TO DATE    0                         0      0        2
  SINCE SEP 1     49                        38     11       31
  SINCE JAN 1    615                       519     96      548
..................................................................


WIND (MPH)
  HIGHEST WIND SPEED    28   HIGHEST WIND DIRECTION    SE (150)
  HIGHEST GUST SPEED    34   HIGHEST GUST DIRECTION    SE (150)
  AVERAGE WIND SPEED    12.9


SKY COVER
  POSSIBLE SUNSHINE  MM
  AVERAGE SKY COVER 0.0


WEATHER CONDITIONS
 THE FOLLOWING WEATHER WAS RECORDED YESTERDAY.
  NO SIGNIFICANT WEATHER WAS OBSERVED.


RELATIVE HUMIDITY (PERCENT)
 HIGHEST    86           600 AM
 LOWEST     36           400 PM
 AVERAGE    61

..........................................................


THE BISMARCK ND CLIMATE NORMALS FOR TODAY
                         NORMAL    RECORD    YEAR
 MAXIMUM TEMPERATURE (F)   55        84      1927
 MINIMUM TEMPERATURE (F)   30        14      1930
                                             1874


SUNRISE AND SUNSET
OCTOBER 21 2017.......SUNRISE   810 AM CDT   SUNSET   645 PM CDT
OCTOBER 22 2017.......SUNRISE   811 AM CDT   SUNSET   643 PM CDT


-  INDICATES NEGATIVE NUMBERS.
R  INDICATES RECORD WAS SET OR TIED.
MM INDICATES DATA IS MISSING.
T  INDICATES TRACE AMOUNT.




$$
