000
CDUS45 KPUB 241141
CLICOS


CLIMATE REPORT
NATIONAL WEATHER SERVICE PUEBLO
441 AM MST SAT FEB 24 2018


...................................

...THE COLORADO SPRINGS CO CLIMATE SUMMARY FOR FEBRUARY 23 2018...

CLIMATE NORMAL PERIOD 1981 TO 2010
CLIMATE RECORD PERIOD 1872 TO 2018


WEATHER ITEM   OBSERVED TIME   RECORD YEAR NORMAL DEPARTURE LAST
                VALUE   (LST)  VALUE       VALUE  FROM      YEAR
                                                  NORMAL
..................................................................
TEMPERATURE (F)
 YESTERDAY
  MAXIMUM         39    236 PM  72    2002  46     -7       43
  MINIMUM         13    708 AM  -7    1913  21     -8       17
  AVERAGE         26                        34     -8       30

PRECIPITATION (IN)
  YESTERDAY        0.01          0.21 1965   0.02  -0.01     0.01
  MONTH TO DATE    0.40                      0.26   0.14     0.06
  SINCE DEC 1      0.57                      0.92  -0.35     1.06
  SINCE JAN 1      0.56                      0.58  -0.02     0.38

SNOWFALL (IN)
  YESTERDAY        0.2           2.3  1997   0.1    0.1       T
  MONTH TO DATE    9.0                       4.0    5.0      0.6
  SINCE DEC 1     11.6                      15.3   -3.7     13.3
  SINCE JUL 1     13.2                      23.1   -9.9     13.3
  SNOW DEPTH       T

DEGREE DAYS
 HEATING
  YESTERDAY       39                        31      8       35
  MONTH TO DATE  773                       765      8      514
  SINCE DEC 1   2667                      2927   -260     2665
  SINCE JUL 1   3835                      4408   -573     3568

 COOLING
  YESTERDAY        0                         0      0        0
  MONTH TO DATE    0                         0      0        0
  SINCE DEC 1      0                         0      0        0
  SINCE JAN 1      0                         0      0        0
..................................................................


WIND (MPH)
  HIGHEST WIND SPEED    23   HIGHEST WIND DIRECTION     S (160)
  HIGHEST GUST SPEED    26   HIGHEST GUST DIRECTION    SE (150)
  AVERAGE WIND SPEED     7.0


SKY COVER
  POSSIBLE SUNSHINE  MM
  AVERAGE SKY COVER 0.4


WEATHER CONDITIONS
 THE FOLLOWING WEATHER WAS RECORDED YESTERDAY.
  LIGHT SNOW
  FOG
  HAZE


RELATIVE HUMIDITY (PERCENT)
 HIGHEST    92           800 PM
 LOWEST     37           400 PM
 AVERAGE    65

..........................................................


THE COLORADO SPRINGS CO CLIMATE NORMALS FOR TODAY
                         NORMAL    RECORD    YEAR
 MAXIMUM TEMPERATURE (F)   47        71      1986
 MINIMUM TEMPERATURE (F)   21        -5      1955


SUNRISE AND SUNSET
FEBRUARY 24 2018......SUNRISE   638 AM MST   SUNSET   546 PM MST
FEBRUARY 25 2018......SUNRISE   637 AM MST   SUNSET   548 PM MST


-  INDICATES NEGATIVE NUMBERS.
R  INDICATES RECORD WAS SET OR TIED.
MM INDICATES DATA IS MISSING.
T  INDICATES TRACE AMOUNT.




$$
