000
CXUS53 KMKX 190900
CF6MKE
PRELIMINARY LOCAL CLIMATOLOGICAL DATA (WS FORM: F-6)

                                          STATION:   MILWAUKEE  WI
                                          MONTH:     JANUARY
                                          YEAR:      2018
                                          LATITUDE:   42 57 N
                                          LONGITUDE:  87 54 W

  TEMPERATURE IN F:       :PCPN:    SNOW:  WIND      :SUNSHINE: SKY     :PK WND
================================================================================
1   2   3   4   5  6A  6B    7    8   9   10  11  12  13   14  15   16   17  18
                                     12Z  AVG MX 2MIN
DY MAX MIN AVG DEP HDD CDD  WTR  SNW DPTH SPD SPD DIR MIN PSBL S-S WX    SPD DR
================================================================================

 1   6  -7   0 -23  65   0 0.00  0.0    1 11.8 21 300   M    M   1        29 300
 2  13  -3   5 -18  60   0    T    T    1 13.9 24 220   M    M   4        34 240
 3  17   6  12 -11  53   0    T  0.1    1 12.9 20 240   M    M   7 8      29 300
 4  12   0   6 -17  59   0 0.00  0.0    1  9.2 17 340   M    M   1        25 330
 5  12   0   6 -16  59   0 0.00  0.0    1  9.2 20 340   M    M   1        28 350
 6  14  -1   7 -15  58   0 0.00  0.0    T  6.8 14 200   M    M   3        21 290
 7  33  11  22   0  43   0    T    T    T 14.7 22 230   M    M   9 146    31 230
 8  45  30  38  16  27   0    T    T    T 11.5 21 240   M    M   5 18     30 230
 9  40  26  33  11  32   0 0.00  0.0    T  5.4 14 160   M    M   7 128    18 150
10  54  31  43  21  22   0    T  0.0    T 13.5 23 220   M    M  10 1      33 210
11  59  23  41  19  24   0 0.07    T    0 15.2 25 210   M    M  10 1      37 230
12  25  11  18  -4  47   0    T    T    0 16.0 28 360   M    M   6 16     38  20
13  15   4  10 -12  55   0 0.00  0.0    0  9.3 18 340   M    M   1        25 340
14  20   1  11 -11  54   0 0.01  0.3    0  8.7 20 170   M    M   6 1      27 170
15  28  19  24   2  41   0 0.22  5.3    1  7.9 16  30   M    M  10 1      21  40
16  25  14  20  -2  45   0 0.05  2.4    6 10.0 16 350   M    M   6 18     22 340
17  25   5  15  -7  50   0 0.00  0.0    5 13.5 28 250   M    M   3 89     41 240
18  34  19  27   5  38   0 0.00  0.0    4 14.0 21 250   M    M   3        31 240
================================================================================
SM  477  189       832   0  0.35     8.1 203.5          M       93
================================================================================
AV 26.5 10.5                              11.3 FASTST   M    M   5    MAX(MPH)
                                 MISC ---->  # 28 360               # 41  240
================================================================================
NOTES:
# LAST OF SEVERAL OCCURRENCES

COLUMN 17 PEAK WIND IN M.P.H.

PRELIMINARY LOCAL CLIMATOLOGICAL DATA (WS FORM: F-6) , PAGE 2

                                          STATION:  MILWAUKEE  WI
                                          MONTH:    JANUARY
                                          YEAR:     2018
                                          LATITUDE:   42 57 N
                                          LONGITUDE:  87 54 W

[TEMPERATURE DATA]      [PRECIPITATION DATA]       SYMBOLS USED IN COLUMN 16

AVERAGE MONTHLY: 18.5   TOTAL FOR MONTH:   0.35    1 = FOG OR MIST
DPTR FM NORMAL:  -3.7   DPTR FM NORMAL:   -0.72    2 = FOG REDUCING VISIBILITY
HIGHEST:    59 ON 11    GRTST 24HR  0.22 ON 15-15      TO 1/4 MILE OR LESS
LOWEST:     -7 ON  1                               3 = THUNDER
                        SNOW, ICE PELLETS, HAIL    4 = ICE PELLETS
                        TOTAL MONTH:   8.1 INCHES  5 = HAIL
                        GRTST 24HR   5.3 ON 15-15  6 = FREEZING RAIN OR DRIZZLE
                        GRTST DEPTH:   6 ON 16     7 = DUSTSTORM OR SANDSTORM:
                                                       VSBY 1/2 MILE OR LESS
                                                   8 = SMOKE OR HAZE
[NO. OF DAYS WITH]      [WEATHER - DAYS WITH]      9 = BLOWING SNOW
                                                   X = TORNADO
MAX 32 OR BELOW:  12    0.01 INCH OR MORE:   4
MAX 90 OR ABOVE:   0    0.10 INCH OR MORE:   1
MIN 32 OR BELOW:  18    0.50 INCH OR MORE:   0
MIN  0 OR BELOW:   5    1.00 INCH OR MORE:   0

[HDD (BASE 65) ]
TOTAL THIS MO.   832    CLEAR  (SCALE 0-3)   6
DPTR FM NORMAL    63    PTCLDY (SCALE 4-7)   8
TOTAL FM JUL 1  3143    CLOUDY (SCALE 8-10)  4
DPTR FM NORMAL  -186

[CDD (BASE 65) ]
TOTAL THIS MO.     0
DPTR FM NORMAL     0    [PRESSURE DATA]
TOTAL FM JAN 1     0    HIGHEST SLP M ON M
DPTR FM NORMAL     0    LOWEST  SLP 29.60 ON 11

[REMARKS]
