470
CDUS43 KMKX 220650
CLIMKE


CLIMATE REPORT
NATIONAL WEATHER SERVICE IN MILWAUKEE
149 AM CDT SUN OCT 22 2017


...................................

...THE MILWAUKEE WI CLIMATE SUMMARY FOR OCTOBER 21 2017...

CLIMATE NORMAL PERIOD 1981 TO 2010
CLIMATE RECORD PERIOD 1871 TO 2017


WEATHER ITEM   OBSERVED TIME   RECORD YEAR NORMAL DEPARTURE LAST
                VALUE   (LST)  VALUE       VALUE  FROM      YEAR
                                                  NORMAL
..................................................................
TEMPERATURE (F)
 YESTERDAY
  MAXIMUM         76    139 PM  84    1947  58     18       52
  MINIMUM         61    604 AM  21    1960  42     19       38
  AVERAGE         69                        50     19       45

PRECIPITATION (IN)
  YESTERDAY        T             1.91 1933   0.08  -0.08     0.00
  MONTH TO DATE    3.06                      1.79   1.27     1.75
  SINCE SEP 1      3.91                      4.97  -1.06     6.05
  SINCE JAN 1     31.23                     29.15   2.08    23.71

SNOWFALL (IN)
  YESTERDAY        0.0           1.0  1913   0.0    0.0      0.0
  MONTH TO DATE    0.0                       0.1   -0.1      0.0
  SINCE SEP 1      0.0                       0.1   -0.1      0.0
  SINCE JUL 1      0.0                       0.1   -0.1      0.0
  SNOW DEPTH       0

DEGREE DAYS
 HEATING
  YESTERDAY        0                        16    -16       20
  MONTH TO DATE   75                       259   -184      134
  SINCE SEP 1    138                       385   -247      159
  SINCE JUL 1    147                       411   -264      161

 COOLING
  YESTERDAY        4                         0      4        0
  MONTH TO DATE   27                         3     24       11
  SINCE SEP 1    162                        72     90      152
  SINCE JAN 1    772                       637    135      988
..................................................................


WIND (MPH)
  HIGHEST WIND SPEED    22   HIGHEST WIND DIRECTION     S (160)
  HIGHEST GUST SPEED    26   HIGHEST GUST DIRECTION     S (190)
  AVERAGE WIND SPEED    11.8


SKY COVER
  POSSIBLE SUNSHINE  MM
  AVERAGE SKY COVER 0.5


WEATHER CONDITIONS
 THE FOLLOWING WEATHER WAS RECORDED YESTERDAY.
  LIGHT RAIN


RELATIVE HUMIDITY (PERCENT)
 HIGHEST    73           800 PM
 LOWEST     50           100 PM
 AVERAGE    62

..........................................................


THE MILWAUKEE WI CLIMATE NORMALS FOR TODAY
                         NORMAL    RECORD    YEAR
 MAXIMUM TEMPERATURE (F)   57        83      1953
 MINIMUM TEMPERATURE (F)   41        24      1887


SUNRISE AND SUNSET
OCTOBER 22 2017.......SUNRISE   714 AM CDT   SUNSET   558 PM CDT
OCTOBER 23 2017.......SUNRISE   715 AM CDT   SUNSET   556 PM CDT


-  INDICATES NEGATIVE NUMBERS.
R  INDICATES RECORD WAS SET OR TIED.
MM INDICATES DATA IS MISSING.
T  INDICATES TRACE AMOUNT.




$$
