000
CDUS43 KOAX 202230
CLIOAX


CLIMATE REPORT
NATIONAL WEATHER SERVICE OMAHA NEBRASKA
429 PM CST TUE FEB 20 2018


...................................

...THE VALLEY  NWS, NEBRASKA CLIMATE SUMMARY FOR FEBRUARY 20 2018...
VALID TODAY AS OF 0400 PM LOCAL TIME.

CLIMATE NORMAL PERIOD 1981 TO 2010
CLIMATE RECORD PERIOD 1997 TO 2018


WEATHER ITEM   OBSERVED TIME   NORMAL DEPARTURE LAST
                VALUE   (LST)  VALUE  FROM      YEAR
                                      NORMAL
......................................................
TEMPERATURE (F)
 TODAY
  MAXIMUM         21   1200 AM  38    -17       61
  MINIMUM         14    856 AM  19     -5       40
  AVERAGE         18            28    -10       51

PRECIPITATION (IN)
  TODAY            0.05          0.03   0.02     0.01
  MONTH TO DATE    0.54          0.64  -0.10     0.30
  SINCE DEC 1      2.22          2.54  -0.32     2.56
  SINCE JAN 1      1.84          1.43   0.41     1.25

SNOWFALL (IN)
  TODAY            T                             0.0
  MONTH TO DATE    6.9                           4.0
  SINCE JUL 1     17.4                           9.0
  SNOW DEPTH       T

DEGREE DAYS
 HEATING
  TODAY           47            36     11       14
  MONTH TO DATE  881           777    104      553
  SINCE DEC 1   3322          3281     41     2887
  SINCE JUL 1   4397          4551   -154     3676

 COOLING
  TODAY            0             0      0        0
  MONTH TO DATE    0             0      0        0
  SINCE DEC 1      0             0      0        0
  SINCE JAN 1      0             0      0        0
......................................................


WIND (MPH)
  HIGHEST WIND SPEED    MM   HIGHEST WIND DIRECTION    MM
  HIGHEST GUST SPEED    29   HIGHEST GUST DIRECTION    MM



WEATHER CONDITIONS
 THE FOLLOWING WEATHER WAS RECORDED TODAY.
  LT FREEZING RAIN
  LIGHT SNOW
  FOG


..........................................................


THE VALLEY  NWS, NEBRASKA CLIMATE NORMALS FOR TOMORROW
                         NORMAL
 MAXIMUM TEMPERATURE (F)   38
 MINIMUM TEMPERATURE (F)   19


SUNRISE AND SUNSET
FEBRUARY 20 2018......SUNRISE   713 AM CST   SUNSET   606 PM CST
FEBRUARY 21 2018......SUNRISE   712 AM CST   SUNSET   607 PM CST


-  INDICATES NEGATIVE NUMBERS.
R  INDICATES RECORD WAS SET OR TIED.
MM INDICATES DATA IS MISSING.
T  INDICATES TRACE AMOUNT.




$$
