000
CDUS43 KOAX 130633
CLIOFK


CLIMATE REPORT
NATIONAL WEATHER SERVICE OMAHA NEBRASKA
1231 AM CST WED DEC 13 2017


...................................

...THE NORFOLK, NEBRASKA CLIMATE SUMMARY FOR DECEMBER 12 2017...

CLIMATE NORMAL PERIOD 1981 TO 2010
CLIMATE RECORD PERIOD 1888 TO 2017


WEATHER ITEM   OBSERVED TIME   RECORD YEAR NORMAL DEPARTURE LAST
                VALUE   (LST)  VALUE       VALUE  FROM      YEAR
                                                  NORMAL
..................................................................
TEMPERATURE (F)
 YESTERDAY
  MAXIMUM         48    358 PM  65    1921  34     14       45
  MINIMUM         14    644 AM -25    1932  15     -1        0
  AVERAGE         31                        25      6       23

PRECIPITATION (IN)
  YESTERDAY        0.00          0.69 1991   0.02  -0.02     0.00
  MONTH TO DATE    T                         0.34  -0.34     0.11
  SINCE DEC 1      T                         0.34  -0.34     0.11
  SINCE JAN 1     27.47                     27.00   0.47    30.70

SNOWFALL (IN)
  YESTERDAY        0.0                       0.2   -0.2      0.0
  MONTH TO DATE    T                         2.5   -2.5      1.0
  SINCE JUL 1      T                         7.4   -7.4      3.5
  SNOW DEPTH       0

DEGREE DAYS
 HEATING
  YESTERDAY       34                        40     -6       42
  MONTH TO DATE  370                       465    -95      499
  SINCE DEC 1    370                       465    -95      499
  SINCE JUL 1   1676                      1910   -234     1544

 COOLING
  YESTERDAY        0                         0      0        0
  MONTH TO DATE    0                         0      0        0
  SINCE DEC 1      0                         0      0        0
  SINCE JAN 1    879                       915    -36      963
..................................................................


WIND (MPH)
  HIGHEST WIND SPEED    22   HIGHEST WIND DIRECTION    SW (210)
  HIGHEST GUST SPEED    27   HIGHEST GUST DIRECTION    SW (210)
  AVERAGE WIND SPEED     7.8


SKY COVER
  POSSIBLE SUNSHINE  MM
  AVERAGE SKY COVER 0.2


WEATHER CONDITIONS
 THE FOLLOWING WEATHER WAS RECORDED YESTERDAY.
  NO SIGNIFICANT WEATHER WAS OBSERVED.


RELATIVE HUMIDITY (PERCENT)
 HIGHEST   100           600 AM
 LOWEST     39           400 PM
 AVERAGE    70

..........................................................


THE NORFOLK, NEBRASKA CLIMATE NORMALS FOR TODAY
                         NORMAL    RECORD    YEAR
 MAXIMUM TEMPERATURE (F)   34        70      1921
 MINIMUM TEMPERATURE (F)   15       -23      1917


SUNRISE AND SUNSET
DECEMBER 13 2017......SUNRISE   749 AM CST   SUNSET   459 PM CST
DECEMBER 14 2017......SUNRISE   750 AM CST   SUNSET   459 PM CST


-  INDICATES NEGATIVE NUMBERS.
R  INDICATES RECORD WAS SET OR TIED.
MM INDICATES DATA IS MISSING.
T  INDICATES TRACE AMOUNT.




$$
