654
CXUS53 KOAX 221000
CF6OMA
PRELIMINARY LOCAL CLIMATOLOGICAL DATA (WS FORM: F-6)

                                          STATION:   OMAHA NE
                                          MONTH:     OCTOBER
                                          YEAR:      2017
                                          LATITUDE:   41 17 N
                                          LONGITUDE:  95 54 W

  TEMPERATURE IN F:       :PCPN:    SNOW:  WIND      :SUNSHINE: SKY     :PK WND
================================================================================
1   2   3   4   5  6A  6B    7    8   9   10  11  12  13   14  15   16   17  18
                                     12Z  AVG MX 2MIN
DY MAX MIN AVG DEP HDD CDD  WTR  SNW DPTH SPD SPD DIR MIN PSBL S-S WX    SPD DR
================================================================================

 1  81  58  70  11   0   5 0.08  0.0    0 18.8 30 150   M    M   8 3      39 140
 2  84  62  73  14   0   8 0.73  0.0    0 16.2 28 170   M    M   8 13     37 160
 3  77  57  67   9   0   2 0.09  0.0    0 10.0 23 170   M    M   9 13     31 150
 4  71  52  62   4   3   0 0.00  0.0    0  7.3 13  40   M    M   6        16  50
 5  67  57  62   4   3   0 0.68  0.0    0  5.6 13 150   M    M  10 1      14 150
 6  72  57  65   8   0   0 1.15  0.0    0  6.5 20 360   M    M  10 13     25 360
 7  73  55  64   7   1   0 0.29  0.0    0  9.4 21 320   M    M   5 1      26 320
 8  78  52  65   9   0   0 0.00  0.0    0  9.2 15 360   M    M   1        20 360
 9  62  42  52  -4  13   0 0.14  0.0    0 17.7 30  10   M    M   6 3      38  10
10  48  40  44 -12  21   0 0.54  0.0    0 11.9 21 350   M    M   8 13     26 330
11  63  36  50  -5  15   0 0.00  0.0    0  5.1 14 160   M    M   3 1      17 150
12  68  48  58   3   7   0 0.00  0.0    0 12.0 22 150   M    M   3 18     27 150
13  59  54  57   3   8   0    T  0.0    0  8.0 17  10   M    M  10        20  10
14  60  49  55   1  10   0 0.28  0.0    0 11.0 30 320   M    M  10 13     40 310
15  62  41  52  -2  13   0 0.00  0.0    0  9.7 29 320   M    M   3        36 320
16  74  39  57   4   8   0 0.00  0.0    0 10.1 21 190   M    M   1        27 200
17  72  46  59   6   6   0 0.00  0.0    0  8.9 13 170   M    M   1        16 170
18  78  47  63  11   2   0 0.00  0.0    0  9.3 16 170   M    M   2        21 170
19  78  42  60   8   5   0 0.00  0.0    0  8.7 16 170   M    M   1 1      20 160
20  78  56  67  15   0   2    T  0.0    0 19.6 33 170   M    M   6        42 170
21  76  51  64  13   1   0 0.08  0.0    0 16.4 29 320   M    M   9 3      36 170
================================================================================
SM 1481 1041       116  17  4.06     0.0 231.4          M      120
================================================================================
AV 70.5 49.6                              11.0 FASTST   M    M   6    MAX(MPH)
                                 MISC ---->  # 33 170               # 42  170
================================================================================
NOTES:
# LAST OF SEVERAL OCCURRENCES

COLUMN 17 PEAK WIND IN M.P.H.

PRELIMINARY LOCAL CLIMATOLOGICAL DATA (WS FORM: F-6) , PAGE 2

                                          STATION:  OMAHA NE
                                          MONTH:    OCTOBER
                                          YEAR:     2017
                                          LATITUDE:   41 17 N
                                          LONGITUDE:  95 54 W

[TEMPERATURE DATA]      [PRECIPITATION DATA]       SYMBOLS USED IN COLUMN 16

AVERAGE MONTHLY: 60.1   TOTAL FOR MONTH:   4.06    1 = FOG OR MIST
DPTR FM NORMAL:   4.9   DPTR FM NORMAL:    2.54    2 = FOG REDUCING VISIBILITY
HIGHEST:    84 ON  2    GRTST 24HR  1.15 ON  6- 6      TO 1/4 MILE OR LESS
LOWEST:     36 ON 11                               3 = THUNDER
                        SNOW, ICE PELLETS, HAIL    4 = ICE PELLETS
                        TOTAL MONTH:   0.0 INCH    5 = HAIL
                        GRTST 24HR     0.0         6 = FREEZING RAIN OR DRIZZLE
                        GRTST DEPTH:   0           7 = DUSTSTORM OR SANDSTORM:
                                                       VSBY 1/2 MILE OR LESS
                                                   8 = SMOKE OR HAZE
[NO. OF DAYS WITH]      [WEATHER - DAYS WITH]      9 = BLOWING SNOW
                                                   X = TORNADO
MAX 32 OR BELOW:   0    0.01 INCH OR MORE:  10
MAX 90 OR ABOVE:   0    0.10 INCH OR MORE:   7
MIN 32 OR BELOW:   0    0.50 INCH OR MORE:   4
MIN  0 OR BELOW:   0    1.00 INCH OR MORE:   1

[HDD (BASE 65) ]
TOTAL THIS MO.   116    CLEAR  (SCALE 0-3)   6
DPTR FM NORMAL  -105    PTCLDY (SCALE 4-7)   7
TOTAL FM JUL 1   143    CLOUDY (SCALE 8-10)  8
DPTR FM NORMAL  -181

[CDD (BASE 65) ]
TOTAL THIS MO.    17
DPTR FM NORMAL     5    [PRESSURE DATA]
TOTAL FM JAN 1  1349    HIGHEST SLP M ON M
DPTR FM NORMAL   240    LOWEST  SLP 29.44 ON  7

[REMARKS]
