000
CDUS45 KPUB 231037
CLIPUB


CLIMATE REPORT
NATIONAL WEATHER SERVICE PUEBLO
437 AM MDT MON OCT 23 2017


...................................

...THE PUEBLO CO CLIMATE SUMMARY FOR OCTOBER 22 2017...

CLIMATE NORMAL PERIOD 1981 TO 2010
CLIMATE RECORD PERIOD 1888 TO 2017


WEATHER ITEM   OBSERVED TIME   RECORD YEAR NORMAL DEPARTURE LAST
                VALUE   (LST)  VALUE       VALUE  FROM      YEAR
                                                  NORMAL
..................................................................
TEMPERATURE (F)
 YESTERDAY
  MAXIMUM         77    157 PM  88    2016  67     10       88
  MINIMUM         26    626 AM  10    1996  32     -6       32
  AVERAGE         52                        50      2       60

PRECIPITATION (IN)
  YESTERDAY        0.00          0.35 1935   0.02  -0.02     0.00
  MONTH TO DATE    0.20                      0.53  -0.33      T
  SINCE SEP 1      1.40                      1.30   0.10     0.05
  SINCE JAN 1     15.66                     11.53   4.13    10.37

SNOWFALL (IN)
  YESTERDAY        0.0           2.6  1908   0.1   -0.1      0.0
                                      2001
  MONTH TO DATE    0.0                       0.7   -0.7      0.0
  SINCE SEP 1      0.0                       1.0   -1.0      0.0
  SINCE JUL 1      0.0                       1.0   -1.0       T
  SNOW DEPTH       0

DEGREE DAYS
 HEATING
  YESTERDAY       13                        15     -2        5
  MONTH TO DATE  203                       256    -53      153
  SINCE SEP 1    290                       349    -59      173
  SINCE JUL 1    290                       354    -64      173

 COOLING
  YESTERDAY        0                         0      0        0
  MONTH TO DATE    0                         0      0       18
  SINCE SEP 1    146                        83     63      190
  SINCE JAN 1   1027                       894    133     1355
..................................................................


WIND (MPH)
  HIGHEST WIND SPEED    17   HIGHEST WIND DIRECTION    NW (300)
  HIGHEST GUST SPEED    22   HIGHEST GUST DIRECTION     W (290)
  AVERAGE WIND SPEED     5.7


SKY COVER
  POSSIBLE SUNSHINE  MM
  AVERAGE SKY COVER 0.0


WEATHER CONDITIONS
 THE FOLLOWING WEATHER WAS RECORDED YESTERDAY.
  NO SIGNIFICANT WEATHER WAS OBSERVED.


RELATIVE HUMIDITY (PERCENT)
 HIGHEST    68           500 AM
 LOWEST     14           200 PM
 AVERAGE    41

..........................................................


THE PUEBLO CO CLIMATE NORMALS FOR TODAY
                         NORMAL    RECORD    YEAR
 MAXIMUM TEMPERATURE (F)   67        92      2003
 MINIMUM TEMPERATURE (F)   32        16      1906


SUNRISE AND SUNSET
OCTOBER 23 2017.......SUNRISE   715 AM MDT   SUNSET   609 PM MDT
OCTOBER 24 2017.......SUNRISE   716 AM MDT   SUNSET   608 PM MDT


-  INDICATES NEGATIVE NUMBERS.
R  INDICATES RECORD WAS SET OR TIED.
MM INDICATES DATA IS MISSING.
T  INDICATES TRACE AMOUNT.




$$
