000
CDUS43 KUNR 240831
CLIRAP


CLIMATE REPORT
NATIONAL WEATHER SERVICE RAPID CITY SD
231 AM MDT TUE OCT 24 2017


...................................

...THE RAPID CITY AIRPORT SD CLIMATE SUMMARY FOR OCTOBER 23 2017...

CLIMATE NORMAL PERIOD 1981 TO 2010
CLIMATE RECORD PERIOD 1942 TO 2017


WEATHER ITEM   OBSERVED TIME   RECORD YEAR NORMAL DEPARTURE LAST
                VALUE   (LST)  VALUE       VALUE  FROM      YEAR
                                                  NORMAL
..................................................................
TEMPERATURE (F)
 YESTERDAY
  MAXIMUM         59    212 PM  80    1963  59      0       62
  MINIMUM         44   1159 PM  12    1981  32     12       35
  AVERAGE         52                        45      7       49

PRECIPITATION (IN)
  YESTERDAY        0.00          0.45 1975   0.04  -0.04     0.00
  MONTH TO DATE    0.58                      1.14  -0.56     0.42
  SINCE SEP 1      1.72                      2.43  -0.71     1.26
  SINCE JAN 1     10.88                     15.06  -4.18    12.23

SNOWFALL (IN)
  YESTERDAY        0.0           2.9  1975   0.1   -0.1      0.0
  MONTH TO DATE    0.0                       0.8   -0.8       T
  SINCE SEP 1      0.0                       1.0   -1.0       T
  SINCE JUL 1      0.0                       1.0   -1.0       T
  SNOW DEPTH       0

DEGREE DAYS
 HEATING
  YESTERDAY       13                        20     -7       16
  MONTH TO DATE  350                       364    -14      316
  SINCE SEP 1    545                       551     -6      445
  SINCE JUL 1    552                       588    -36      477

 COOLING
  YESTERDAY        0                         0      0        0
  MONTH TO DATE    0                         0      0        0
  SINCE SEP 1     85                        61     24       30
  SINCE JAN 1    709                       633     76      646
..................................................................


WIND (MPH)
  HIGHEST WIND SPEED    44   HIGHEST WIND DIRECTION    NW (330)
  HIGHEST GUST SPEED    52   HIGHEST GUST DIRECTION    NW (310)
  AVERAGE WIND SPEED    28.2


SKY COVER
  AVERAGE SKY COVER 0.1


WEATHER CONDITIONS
 THE FOLLOWING WEATHER WAS RECORDED YESTERDAY.
  NO SIGNIFICANT WEATHER WAS OBSERVED.


RELATIVE HUMIDITY (PERCENT)
 HIGHEST    40          1100 PM
 LOWEST     20           300 PM
 AVERAGE    30

..........................................................


THE RAPID CITY AIRPORT SD CLIMATE NORMALS FOR TODAY
                         NORMAL    RECORD    YEAR
 MAXIMUM TEMPERATURE (F)   58        84      1978
 MINIMUM TEMPERATURE (F)   31        15      1942


SUNRISE AND SUNSET
OCTOBER 24 2017.......SUNRISE   719 AM MDT   SUNSET   553 PM MDT
OCTOBER 25 2017.......SUNRISE   720 AM MDT   SUNSET   552 PM MDT


-  INDICATES NEGATIVE NUMBERS.
R  INDICATES RECORD WAS SET OR TIED.
MM INDICATES DATA IS MISSING.
T  INDICATES TRACE AMOUNT.




$$
