000
CXUS53 KTOP 200800
CF6TOP
PRELIMINARY LOCAL CLIMATOLOGICAL DATA (WS FORM: F-6)

                                          STATION:   Topeka KS
                                          MONTH:     OCTOBER
                                          YEAR:      2017
                                          LATITUDE:   39  4 N
                                          LONGITUDE:  95 38 W

  TEMPERATURE IN F:       :PCPN:    SNOW:  WIND      :SUNSHINE: SKY     :PK WND
================================================================================
1   2   3   4   5  6A  6B    7    8   9   10  11  12  13   14  15   16   17  18
                                     12Z  AVG MX 2MIN
DY MAX MIN AVG DEP HDD CDD  WTR  SNW DPTH SPD SPD DIR MIN PSBL S-S WX    SPD DR
================================================================================

 1  81  62  72  10   0   7 0.00  0.0    0 12.3 23 160   M    M   5        30 190
 2  88  65  77  16   0  12 0.00  0.0    0 13.8 28 160   M    M   1        34 150
 3  85  64  75  14   0  10 0.00  0.0    0 10.6 24 160   M    M   7        33 160
 4  64  60  62   1   3   0 0.22  0.0    0  7.5 17  50   M    M  10 1      22  50
 5  78  61  70  10   0   5 0.03  0.0    0  6.3 15 160   M    M   8 1      18 160
 6  81  68  75  15   0  10 0.63  0.0    0 11.7 25 160   M    M   7 13     34 180
 7  77  54  66   6   0   1 0.10  0.0    0  8.2 24 260   M    M   4 1      35 250
 8  82  49  66   7   0   1 0.00  0.0    0  4.1 15 160   M    M   0        20 150
 9  73  50  62   3   3   0    T  0.0    0 10.7 22 360   M    M   4        33  10
10  52  45  49  -9  16   0    T  0.0    0 11.6 23 340   M    M  10 3      29 340
11  67  44  56  -2   9   0 0.00  0.0    0  3.6 10 100   M    M   4        14 130
12  75  44  60   2   5   0 0.00  0.0    0  9.3 21 140   M    M   3 1      26 130
13  85  57  71  13   0   6 0.00  0.0    0  5.9 13  20   M    M   2        19 180
14  79  52  66   9   0   1 0.91  0.0    0  8.5 26 320   M    M   4 13     36 320
15  63  42  53  -4  12   0 0.00  0.0    0  8.1 24 320   M    M   1        36 320
16  72  37  55  -2  10   0 0.00  0.0    0  4.3 15 220   M    M   0 1      21 210
17  75  47  61   5   4   0 0.00  0.0    0  8.6 21 190   M    M   0        29 200
18  78  51  65   9   0   0 0.00  0.0    0  8.0 18 200   M    M   0        24 190
19  82  47  65   9   0   0 0.00  0.0    0  5.0 15 180   M    M   0 1      18 170
================================================================================
SM 1437  999        62  53  1.89     0.0 158.1          M       70
================================================================================
AV 75.6 52.6                               8.3 FASTST   M    M   4    MAX(MPH)
                                 MISC ---->  # 28 160               # 36  320
================================================================================
NOTES:
# LAST OF SEVERAL OCCURRENCES

COLUMN 17 PEAK WIND IN M.P.H.

PRELIMINARY LOCAL CLIMATOLOGICAL DATA (WS FORM: F-6) , PAGE 2

                                          STATION:  Topeka KS
                                          MONTH:    OCTOBER
                                          YEAR:     2017
                                          LATITUDE:   39  4 N
                                          LONGITUDE:  95 38 W

[TEMPERATURE DATA]      [PRECIPITATION DATA]       SYMBOLS USED IN COLUMN 16

AVERAGE MONTHLY: 64.1   TOTAL FOR MONTH:   1.89    1 = FOG OR MIST
DPTR FM NORMAL:   5.5   DPTR FM NORMAL:   -0.08    2 = FOG REDUCING VISIBILITY
HIGHEST:    88 ON  2    GRTST 24HR  0.91 ON 14-14      TO 1/4 MILE OR LESS
LOWEST:     37 ON 16                               3 = THUNDER
                        SNOW, ICE PELLETS, HAIL    4 = ICE PELLETS
                        TOTAL MONTH:   0.0 INCH    5 = HAIL
                        GRTST 24HR     0.0         6 = FREEZING RAIN OR DRIZZLE
                        GRTST DEPTH:   0           7 = DUSTSTORM OR SANDSTORM:
                                                       VSBY 1/2 MILE OR LESS
                                                   8 = SMOKE OR HAZE
[NO. OF DAYS WITH]      [WEATHER - DAYS WITH]      9 = BLOWING SNOW
                                                   X = TORNADO
MAX 32 OR BELOW:   0    0.01 INCH OR MORE:   5
MAX 90 OR ABOVE:   0    0.10 INCH OR MORE:   4
MIN 32 OR BELOW:   0    0.50 INCH OR MORE:   2
MIN  0 OR BELOW:   0    1.00 INCH OR MORE:   0

[HDD (BASE 65) ]
TOTAL THIS MO.    62    CLEAR  (SCALE 0-3)   9
DPTR FM NORMAL   -83    PTCLDY (SCALE 4-7)   7
TOTAL FM JUL 1    75    CLOUDY (SCALE 8-10)  3
DPTR FM NORMAL  -137

[CDD (BASE 65) ]
TOTAL THIS MO.    53
DPTR FM NORMAL    28    [PRESSURE DATA]
TOTAL FM JAN 1  1471    HIGHEST SLP M ON M
DPTR FM NORMAL    53    LOWEST  SLP 29.42 ON  7

[REMARKS]
