000
CDUS43 KUNR 180036
CLIUNR


CLIMATE REPORT
NATIONAL WEATHER SERVICE RAPID CITY SD
635 PM MDT TUE OCT 17 2017


...................................

...THE EAST RAPID CITY SD CLIMATE SUMMARY FOR OCTOBER 17 2017...
VALID TODAY AS OF 0500 PM LOCAL TIME.

CLIMATE NORMAL PERIOD 1981 TO 2010
CLIMATE RECORD PERIOD 1888 TO 2017


WEATHER ITEM   OBSERVED RECORD YEAR NORMAL DEPARTURE LAST
                VALUE   VALUE       VALUE  FROM      YEAR
                                           NORMAL
...........................................................
TEMPERATURE (F)
 TODAY
  MAXIMUM         76     88    1927  59     17       60
  MINIMUM         53     16    1922  37     16       43
  AVERAGE         65                 48     17       52

PRECIPITATION (IN)
  TODAY            0.00   0.85 1998   0.06  -0.06     0.07
  MONTH TO DATE    0.74               0.93  -0.19     0.34
  SINCE SEP 1      2.36               2.47  -0.11     1.21
  SINCE JAN 1     12.33              18.15  -5.82    12.51

SNOWFALL (IN)
  TODAY            0.0    0.1  1996   0.0    0.0      0.0
  MONTH TO DATE    0.0                0.6   -0.6       T
  SINCE SEP 1      0.0                0.7   -0.7       T
  SINCE JUL 1      0.0                0.7   -0.7       T
  SNOW DEPTH       0

DEGREE DAYS
 HEATING
  TODAY            0                 17    -17       13
  MONTH TO DATE  242                246     -4      196
  SINCE SEP 1    424                425     -1      295
  SINCE JUL 1    429                455    -26      320

 COOLING
  TODAY            0                  0      0        0
  MONTH TO DATE    0                  0      0        2
  SINCE SEP 1    113                 66     47       49
  SINCE JAN 1    850                661    189      809
...........................................................





WEATHER CONDITIONS
 THE FOLLOWING WEATHER WAS RECORDED TODAY.
  NO SIGNIFICANT WEATHER WAS OBSERVED.


..........................................................


THE EAST RAPID CITY SD CLIMATE NORMALS FOR TOMORROW
                         NORMAL    RECORD    YEAR
 MAXIMUM TEMPERATURE (F)   58        85      2015
                                             2000
 MINIMUM TEMPERATURE (F)   37        16      1925


SUNRISE AND SUNSET
OCTOBER 17 2017.......SUNRISE   710 AM MDT   SUNSET   605 PM MDT
OCTOBER 18 2017.......SUNRISE   712 AM MDT   SUNSET   604 PM MDT


-  INDICATES NEGATIVE NUMBERS.
R  INDICATES RECORD WAS SET OR TIED.
MM INDICATES DATA IS MISSING.
T  INDICATES TRACE AMOUNT.




$$
