000
CXUS54 KLCH 011030
CLMARA
CLIMATE REPORT
NATIONAL WEATHER SERVICE LAKE CHARLES, LA
430 AM CST FRI DEC 01 2023
...................................
...THE NEW IBERIA CLIMATE SUMMARY FOR THE MONTH OF NOVEMBER 2023...
CLIMATE NORMAL PERIOD: 1991 TO 2020
CLIMATE RECORD PERIOD: 1948 TO 2023
WEATHER OBSERVED NORMAL DEPART LAST YEAR`S
VALUE DATE(S) VALUE FROM VALUE DATE(S)
NORMAL
................................................................
TEMPERATURE (F)
RECORD
HIGH 104 11/13/2020
LOW 23 11/30/1976
HIGHEST 85 11/07 MM MM 88 11/08
11/09
LOWEST 35 11/02 MM MM 33 11/18
AVG. MAXIMUM 71.2 72.0 -0.8 71.8
AVG. MINIMUM 50.7 49.6 1.1 49.8
MEAN 60.9 60.8 0.1 60.8
DAYS MAX >= 90 0 0.0 0.0 0
DAYS MAX <= 32 0 0.0 0.0 0
DAYS MIN <= 32 0 0.7 -0.7 0
DAYS MIN <= 0 0 0.0 0.0 0
PRECIPITATION (INCHES)
RECORD
MAXIMUM 13.46 2000
MINIMUM 0.14 1967
TOTALS 2.10 4.50 -2.40 9.19
DAILY AVG. 0.07 0.15 -0.08 0.32
DAYS >= .01 7 9.4 -2.4 9
DAYS >= .10 4 4.8 -0.8 8
DAYS >= .50 2 2.4 -0.4 5
DAYS >= 1.00 0 1.3 -1.3 3
GREATEST
24 HR. TOTAL 0.83 11/20 TO 11/20
SNOWFALL (INCHES)
RECORDS
TOTAL MM 5
TOTALS MM MM MM 0.0
SINCE 7/1 MM MM MM MM
SNOWDEPTH AVG. MM MM
DAYS >= 1.0 MM MM MM 0
GREATEST
SNOW DEPTH MM MM MM
24 HR TOTAL MM
DEGREE DAYS
HEATING TOTAL 151 174 -23 196
SINCE 7/1 185 205 -20 MM
COOLING TOTAL 37 48 -11 78
SINCE 1/1 3700 2906 794 MM
................................................................
WIND (MPH)
AVERAGE WIND SPEED 7.3
HIGHEST WIND SPEED/DIRECTION 28/150 DATE 11/30
HIGHEST GUST SPEED/DIRECTION 37/240 DATE 11/20
37/150 11/30
SKY COVER
POSSIBLE SUNSHINE (PERCENT) MM
AVERAGE SKY COVER 0.43
NUMBER OF DAYS FAIR 14
NUMBER OF DAYS PC 10
NUMBER OF DAYS CLOUDY 6
AVERAGE RH (PERCENT) 74
WEATHER CONDITIONS. NUMBER OF DAYS WITH
THUNDERSTORM 1 MIXED PRECIP 1
HEAVY RAIN 2 RAIN 11
LIGHT RAIN 10 FREEZING RAIN 0
LT FREEZING RAIN 0 HAIL 0
HEAVY SNOW 0 SNOW 0
LIGHT SNOW 0 SLEET 0
FOG 24 FOG W/VIS <= 1/4 MILE 6
HAZE 7
- INDICATES NEGATIVE NUMBERS.
R INDICATES RECORD WAS SET OR TIED.
MM INDICATES DATA IS MISSING.
T INDICATES TRACE AMOUNT.
$$