000
CXUS52 KTAE 230800
CF6AAF
PRELIMINARY LOCAL CLIMATOLOGICAL DATA (WS FORM: F-6)
STATION: APALACHICOLA
MONTH: APRIL
YEAR: 2024
LATITUDE: 29 43 N
LONGITUDE: 85 2 W
TEMPERATURE IN F: :PCPN: SNOW: WIND :SUNSHINE: SKY :PK WND
================================================================================
1 2 3 4 5 6A 6B 7 8 9 10 11 12 13 14 15 16 17 18
12Z AVG MX 2MIN
DY MAX MIN AVG DEP HDD CDD WTR SNW DPTH SPD SPD DIR MIN PSBL S-S WX SPD DR
================================================================================
1 76 62 69 5 0 4 0.00 0.0 M 7.6 16 180 M M 3 1 23 190
2 77 69 73 9 0 8 0.00 0.0 M 11.3 21 180 M M 9 1 27 180
3 73 62 68 3 0 3 1.61 0.0 M 11.5 36 220 M M 6 13 52 220
4 70 47 59 -6 6 0 0.00 0.0 0 9.3 23 270 M M 1 36 270
5 75 50 63 -2 2 0 0.00 0.0 0 7.4 20 290 M M 0 27 250
6 69 49 59 -6 6 0 0.00 0.0 M 6.9 17 210 M M 0 24 200
7 72 49 61 -4 4 0 0.00 0.0 M 5.2 14 140 M M 0 20 150
8 74 54 64 -2 1 0 0.00 0.0 0 7.9 18 140 M M 0 24 140
9 75 60 68 2 0 3 0.00 0.0 0 9.6 17 130 M M 2 27 130
10 76 69 73 7 0 8 0.73 0.0 M 15.6 45 170 M M 6 13 64 160
11 76 59 68 2 0 3 2.33 0.0 M 18.4 45 160 M M 6 13 57 160
12 77 54 66 0 0 1 0.00 0.0 M 8.3 23 300 M M 0 33 300
13 77 53 65 -2 0 0 0.00 0.0 M 6.6 15 50 M M 0 20 60
14 79 51 65 -2 0 0 0.00 0.0 M 3.5 14 220 M M 0 17 210
15 76 53 65 -2 0 0 0.00 0.0 0 3.8 12 200 M M 2 12 19 150
16 78 56 67 0 0 2 0.00 0.0 M 4.7 14 170 M M 0 23 150
17 78 59 69 1 0 4 0.00 0.0 0 6.2 15 170 M M 1 20 170
18 77 64 71 3 0 6 0.00 0.0 0 4.9 15 170 M M 3 12 19 160
19 83 62 73 5 0 8 0.00 0.0 0 6.6 16 250 M M 3 12 22 240
20 80 63 72 4 0 7 0.00 0.0 0 6.8 15 220 M M 1 1 22 220
21 79 59 69 1 0 4 T 0.0 M 10.2 21 310 M M 6 3 27 310
22 75 53 64 -5 1 0 0.00 0.0 M 8.5 16 360 M M 0 27 40
================================================================================
SM 1672 1257 20 61 4.67 0.0 180.8 M 49
================================================================================
AV 76.0 57.1 8.2 FASTST M M 2 MAX(MPH)
MISC ----> # 45 170 64 160
================================================================================
NOTES:
# LAST OF SEVERAL OCCURRENCES
COLUMN 17 PEAK WIND IN M.P.H.
PRELIMINARY LOCAL CLIMATOLOGICAL DATA (WS FORM: F-6) , PAGE 2
STATION: APALACHICOLA
MONTH: APRIL
YEAR: 2024
LATITUDE: 29 43 N
LONGITUDE: 85 2 W
[TEMPERATURE DATA] [PRECIPITATION DATA] SYMBOLS USED IN COLUMN 16
AVERAGE MONTHLY: 66.6 TOTAL FOR MONTH: 4.67 1 = FOG OR MIST
DPTR FM NORMAL: 0.2 DPTR FM NORMAL: 2.39 2 = FOG REDUCING VISIBILITY
HIGHEST: 83 ON 19 GRTST 24HR 3.06 ON 10-11 TO 1/4 MILE OR LESS
LOWEST: 47 ON 4 3 = THUNDER
SNOW, ICE PELLETS, HAIL 4 = ICE PELLETS
TOTAL MONTH: 0.0 INCH 5 = HAIL
GRTST 24HR 0.0 6 = FREEZING RAIN OR DRIZZLE
GRTST DEPTH: 0 7 = DUSTSTORM OR SANDSTORM:
VSBY 1/2 MILE OR LESS
8 = SMOKE OR HAZE
[NO. OF DAYS WITH] [WEATHER - DAYS WITH] 9 = BLOWING SNOW
X = TORNADO
MAX 32 OR BELOW: 0 0.01 INCH OR MORE: 3
MAX 90 OR ABOVE: 0 0.10 INCH OR MORE: 3
MIN 32 OR BELOW: 0 0.50 INCH OR MORE: 3
MIN 0 OR BELOW: 0 1.00 INCH OR MORE: 2
[HDD (BASE 65) ]
TOTAL THIS MO. 20 CLEAR (SCALE 0-3) 15
DPTR FM NORMAL -19 PTCLDY (SCALE 4-7) 6
TOTAL FM JUL 1 1076 CLOUDY (SCALE 8-10) 1
DPTR FM NORMAL -144
[CDD (BASE 65) ]
TOTAL THIS MO. 61
DPTR FM NORMAL -6 [PRESSURE DATA]
TOTAL FM JAN 1 133 HIGHEST SLP M ON M
DPTR FM NORMAL 2 LOWEST SLP 29.59 ON 3
[REMARKS]