000
CXUS54 KLZK 281230
CF6BPK
PRELIMINARY LOCAL CLIMATOLOGICAL DATA (WS FORM: F-6)
STATION: MOUNTAIN HOME AIRPORT
MONTH: MARCH
YEAR: 2024
LATITUDE: 36 22 N
LONGITUDE: 92 28 W
TEMPERATURE IN F: :PCPN: SNOW: WIND :SUNSHINE: SKY :PK WND
================================================================================
1 2 3 4 5 6A 6B 7 8 9 10 11 12 13 14 15 16 17 18
12Z AVG MX 2MIN
DY MAX MIN AVG DEP HDD CDD WTR SNW DPTH SPD SPD DIR MIN PSBL S-S WX SPD DR
================================================================================
1 51 35 43 -2 22 0 0.02 M M 4.5 8 150 M M 7 14 170
2 69 32 51 6 14 0 0.00 M M 7.2 18 190 M M 1 12 27 190
3 77 50 64 18 1 0 0.00 M M 10.8 22 220 M M 0 32 190
4 75 59 67 21 0 2 0.00 M M 10.0 23 220 M M 3 34 250
5 76 49 63 17 2 0 0.00 M M 6.5 16 210 M M 4 3 26 230
6 64 48 56 10 9 0 0.00 M M 3.7 8 210 M M 6 13 60
7 57 50 54 7 11 0 0.25 M M 6.9 13 160 M M 6 1 20 160
8 64 46 55 8 10 0 0.31 M M 3.9 12 10 M M 9 12 19 10
9 55 37 46 -1 19 0 0.34 M M 5.7 13 340 M M 5 1 24 310
10 60 31 46 -2 19 0 0.00 M M 2.8 8 270 M M 0 15 260
11 68 37 53 5 12 0 0.00 M M 5.3 16 220 M M 0 26 230
12 74 44 59 11 6 0 0.00 M M 7.6 16 220 M M 0 23 210
13 81 50 66 17 0 1 0.00 M M 6.8 22 230 M M 1 34 220
14 82 57 70 21 0 5 1.26 M M 10.4 23 180 M M 4 13 37 310
15 62 50 56 7 9 0 T M M 4.4 13 140 M M 5 3 20 10
16 69 39 54 4 11 0 0.00 M M 2.8 10 320 M M 1 20 300
17 60 38 49 -1 16 0 0.00 M M 7.1 15 310 M M 3 29 310
18 46 28 37 -13 28 0 0.00 M M 4.6 15 310 M M 0 25 310
19 72 26 49 -2 16 0 0.00 M M 6.4 15 240 M M 0 26 270
20 77 46 62 11 3 0 0.11 M M 3.2 14 70 M M 1 13 25 70
21 64 42 53 1 12 0 T M M 7.3 12 150 M M 2 18 110
22 68 43 56 4 9 0 0.00 M M 4.7 14 20 M M 8 25 360
23 57 37 47 -5 18 0 0.00 M M 6.8 14 140 M M 4 21 10
24 66 40 53 1 12 0 T M M 10.5 23 190 M M 1 36 200
25 60 49 55 2 10 0 2.79 M M 7.4 20 180 M M 9 13 36 170
26 50 34 42 -11 23 0 0.00 M M 6.8 14 300 M M 8 28 260
27 57 29 43 -11 22 0 0.00 M M 2.3 9 230 M M 0 12 230
================================================================================
SM 1761 1126 314 8 5.08 M 166.4 M 88
================================================================================
AV 65.2 41.7 6.2 FASTST M M 3 MAX(MPH)
MISC ----> # 23 190 37 310
================================================================================
NOTES:
# LAST OF SEVERAL OCCURRENCES
COLUMN 17 PEAK WIND IN M.P.H.
PRELIMINARY LOCAL CLIMATOLOGICAL DATA (WS FORM: F-6) , PAGE 2
STATION: MOUNTAIN HOME AIRPORT
MONTH: MARCH
YEAR: 2024
LATITUDE: 36 22 N
LONGITUDE: 92 28 W
[TEMPERATURE DATA] [PRECIPITATION DATA] SYMBOLS USED IN COLUMN 16
AVERAGE MONTHLY: 53.5 TOTAL FOR MONTH: 5.08 1 = FOG OR MIST
DPTR FM NORMAL: 4.4 DPTR FM NORMAL: 1.97 2 = FOG REDUCING VISIBILITY
HIGHEST: 82 ON 14 GRTST 24HR 2.79 ON 24-25 TO 1/4 MILE OR LESS
LOWEST: 26 ON 19 3 = THUNDER
SNOW, ICE PELLETS, HAIL 4 = ICE PELLETS
TOTAL MONTH: M 5 = HAIL
GRTST 24HR M ON M 6 = FREEZING RAIN OR DRIZZLE
GRTST DEPTH: M ON M 7 = DUSTSTORM OR SANDSTORM:
VSBY 1/2 MILE OR LESS
8 = SMOKE OR HAZE
[NO. OF DAYS WITH] [WEATHER - DAYS WITH] 9 = BLOWING SNOW
X = TORNADO
MAX 32 OR BELOW: 0 0.01 INCH OR MORE: 7
MAX 90 OR ABOVE: 0 0.10 INCH OR MORE: 6
MIN 32 OR BELOW: 5 0.50 INCH OR MORE: 2
MIN 0 OR BELOW: 0 1.00 INCH OR MORE: 2
[HDD (BASE 65) ]
TOTAL THIS MO. 314 CLEAR (SCALE 0-3) 14
DPTR FM NORMAL -120 PTCLDY (SCALE 4-7) 10
TOTAL FM JUL 1 3010 CLOUDY (SCALE 8-10) 3
DPTR FM NORMAL -479
[CDD (BASE 65) ]
TOTAL THIS MO. 8
DPTR FM NORMAL 8 [PRESSURE DATA]
TOTAL FM JAN 1 17 HIGHEST SLP M ON M
DPTR FM NORMAL 15 LOWEST SLP 29.40 ON 25
[REMARKS]