000
CXUS56 KSLC 290810
CF6CDC
PRELIMINARY LOCAL CLIMATOLOGICAL DATA (WS FORM: F-6)
STATION: CEDAR CITY UT
MONTH: MARCH
YEAR: 2024
LATITUDE: 37 42 N
LONGITUDE: 113 6 W
TEMPERATURE IN F: :PCPN: SNOW: WIND :SUNSHINE: SKY :PK WND
================================================================================
1 2 3 4 5 6A 6B 7 8 9 10 11 12 13 14 15 16 17 18
12Z AVG MX 2MIN
DY MAX MIN AVG DEP HDD CDD WTR SNW DPTH SPD SPD DIR MIN PSBL S-S WX SPD DR
================================================================================
1 59 39 49 11 16 0 0.00 M M 23.0 43 210 M M 0 60 210
2 51 28 40 2 25 0 0.19 M M 27.5 48 190 M M 6 65 210
3 47 25 36 -2 29 0 0.08 M M 17.0 31 220 M M 4 43 220
4 52 23 38 -1 27 0 0.00 M M 8.2 25 250 M M 2 39 250
5 54 27 41 2 24 0 0.00 M M 6.1 20 210 M M 1 25 220
6 56 29 43 4 22 0 0.00 M M 8.8 23 210 M M 2 31 210
7 50 30 40 0 25 0 T M M 6.7 21 40 M M 8 28 40
8 43 19 31 -9 34 0 T M M 11.9 21 340 M M 1 32 320
9 54 14 34 -6 31 0 0.00 M M 4.3 16 230 M M 0 22 240
10 59 25 42 2 23 0 0.00 M M 9.5 26 230 M M 0 35 220
11 58 36 47 6 18 0 0.00 M M 11.8 26 210 M M 1 38 190
12 48 33 41 0 24 0 0.14 M M 6.9 18 210 M M 6 1 26 220
13 43 29 36 -5 29 0 0.08 M M 9.2 24 10 M M 9 12 32 20
14 42 24 33 -8 32 0 0.00 M M 12.0 20 10 M M 7 29 30
15 39 28 34 -8 31 0 0.06 M M 8.6 23 50 M M 9 1 30 30
16 47 33 40 -2 25 0 0.03 M M 4.7 17 220 M M 8 1 22 220
17 53 33 43 1 22 0 0.04 M M 4.8 18 60 M M 8 1 24 70
18 61 30 46 4 19 0 0.00 M M 7.1 17 110 M M 2 23 140
19 63 28 46 4 19 0 0.00 M M 4.1 15 90 M M 1 17 90
20 66 29 48 5 17 0 0.00 M M 4.3 13 360 M M 0 19 30
21 66 33 50 7 15 0 0.00 M M 9.3 24 300 M M 2 3 35 290
22 64 31 48 5 17 0 0.00 M M 9.4 25 220 M M 0 35 240
23 61 35 48 5 17 0 0.03 M M 17.4 40 200 M M 3 1 56 200
24 42 26 34 -9 31 0 0.03 M M 3.9 18 40 M M 7 13 25 40
25 47 29 38 -6 27 0 T M M 4.5 15 120 M M 9 18 19 10
26 49 26 38 -6 27 0 0.01 M M 4.3 22 330 M M 6 8 28 330
27 55 22 39 -5 26 0 0.00 M M 7.0 20 220 M M 0 1 26 240
28 61 41 51 7 14 0 T M M 17.4 35 210 M M 2 52 200
================================================================================
SM 1490 805 666 0 0.69 M 269.7 M 104
================================================================================
AV 53.2 28.8 9.6 FASTST M M 4 MAX(MPH)
MISC ----> 48 190 65 210
================================================================================
NOTES:
# LAST OF SEVERAL OCCURRENCES
COLUMN 17 PEAK WIND IN M.P.H.
PRELIMINARY LOCAL CLIMATOLOGICAL DATA (WS FORM: F-6) , PAGE 2
STATION: CEDAR CITY UT
MONTH: MARCH
YEAR: 2024
LATITUDE: 37 42 N
LONGITUDE: 113 6 W
[TEMPERATURE DATA] [PRECIPITATION DATA] SYMBOLS USED IN COLUMN 16
AVERAGE MONTHLY: 41.0 TOTAL FOR MONTH: 0.69 1 = FOG OR MIST
DPTR FM NORMAL: -0.3 DPTR FM NORMAL: -0.43 2 = FOG REDUCING VISIBILITY
HIGHEST: 66 ON 21,20 GRTST 24HR 0.27 ON 2- 3 TO 1/4 MILE OR LESS
LOWEST: 14 ON 9 3 = THUNDER
SNOW, ICE PELLETS, HAIL 4 = ICE PELLETS
TOTAL MONTH: M 5 = HAIL
GRTST 24HR M ON M 6 = FREEZING RAIN OR DRIZZLE
GRTST DEPTH: M ON M 7 = DUSTSTORM OR SANDSTORM:
VSBY 1/2 MILE OR LESS
8 = SMOKE OR HAZE
[NO. OF DAYS WITH] [WEATHER - DAYS WITH] 9 = BLOWING SNOW
X = TORNADO
MAX 32 OR BELOW: 0 0.01 INCH OR MORE: 10
MAX 90 OR ABOVE: 0 0.10 INCH OR MORE: 2
MIN 32 OR BELOW: 20 0.50 INCH OR MORE: 0
MIN 0 OR BELOW: 0 1.00 INCH OR MORE: 0
[HDD (BASE 65) ]
TOTAL THIS MO. 666 CLEAR (SCALE 0-3) 15
DPTR FM NORMAL -1 PTCLDY (SCALE 4-7) 10
TOTAL FM JUL 1 4598 CLOUDY (SCALE 8-10) 3
DPTR FM NORMAL -468
[CDD (BASE 65) ]
TOTAL THIS MO. 0
DPTR FM NORMAL 0 [PRESSURE DATA]
TOTAL FM JAN 1 0 HIGHEST SLP M ON M
DPTR FM NORMAL 0 LOWEST SLP 29.42 ON 24
[REMARKS]