000
CXUS56 KMTR 230900
CF6HWD
PRELIMINARY LOCAL CLIMATOLOGICAL DATA (WS FORM: F-6)
STATION: HAYWARD AIRPORT
MONTH: APRIL
YEAR: 2024
LATITUDE: 37 39 N
LONGITUDE: 122 7 W
TEMPERATURE IN F: :PCPN: SNOW: WIND :SUNSHINE: SKY :PK WND
================================================================================
1 2 3 4 5 6A 6B 7 8 9 10 11 12 13 14 15 16 17 18
12Z AVG MX 2MIN
DY MAX MIN AVG DEP HDD CDD WTR SNW DPTH SPD SPD DIR MIN PSBL S-S WX SPD DR
================================================================================
1 71 47 59 2 6 0 0.00 M M 5.8 16 290 M M 0 21 290
2 73 49 61 4 4 0 0.00 M M 6.3 17 290 M M 0 21 300
3 62 52 57 0 8 0 0.00 M M 11.1 26 270 M M 8 34 260
4 56 43 50 -7 15 0 0.95 M M 8.5 24 280 M M 9 1 36 250
5 59 42 51 -6 14 0 0.00 M M 8.1 24 290 M M 4 36 260
6 61 42 52 -5 13 0 0.00 M M 8.1 18 290 M M 1 25 290
7 62 43 53 -5 12 0 0.00 M M 6.9 18 280 M M 1 24 290
8 68 44 56 -2 9 0 0.00 M M 5.1 15 280 M M 0 19 280
9 75 49 62 4 3 0 0.00 M M 6.1 14 280 M M 0 17 290
10 79 50 65 7 0 0 0.00 M M 4.2 13 280 M M 0 16 270
11 76 53 65 7 0 0 0.00 M M 4.7 17 290 M M 0 1 21 290
12 65 51 58 0 7 0 0.00 M M 11.4 21 260 M M 5 28 250
13 59 49 54 -4 11 0 0.56 M M 10.4 22 150 M M 9 1 29 150
14 64 48 56 -2 9 0 0.03 M M 10.2 20 290 M M 7 25 50
15 66 52 59 1 6 0 0.00 M M 5.4 16 290 M M 5 19 290
16 73 51 62 4 3 0 0.00 M M 6.0 16 290 M M 0 19 290
17 78 54 66 8 0 1 0.00 M M 5.0 15 290 M M 0 19 290
18 75 54 65 7 0 0 0.00 M M 6.1 17 290 M M 0 22 280
19 69 53 61 3 4 0 0.00 M M 6.0 18 290 M M 3 22 290
20 69 52 61 3 4 0 0.00 M M 6.1 14 290 M M 3 20 270
21 77 54 66 7 0 1 0.00 M M 5.7 15 280 M M 1 18 280
22 76 56 66 7 0 1 0.00 M M 6.6 18 290 M M 1 24 290
================================================================================
SM 1513 1088 128 3 1.54 M 153.8 M 57
================================================================================
AV 68.8 49.5 7.0 FASTST M M 3 MAX(MPH)
MISC ----> 26 270 # 36 250
================================================================================
NOTES:
# LAST OF SEVERAL OCCURRENCES
COLUMN 17 PEAK WIND IN M.P.H.
PRELIMINARY LOCAL CLIMATOLOGICAL DATA (WS FORM: F-6) , PAGE 2
STATION: HAYWARD AIRPORT
MONTH: APRIL
YEAR: 2024
LATITUDE: 37 39 N
LONGITUDE: 122 7 W
[TEMPERATURE DATA] [PRECIPITATION DATA] SYMBOLS USED IN COLUMN 16
AVERAGE MONTHLY: 59.1 TOTAL FOR MONTH: 1.54 1 = FOG OR MIST
DPTR FM NORMAL: 1.3 DPTR FM NORMAL: 0.51 2 = FOG REDUCING VISIBILITY
HIGHEST: 79 ON 10 GRTST 24HR 0.95 ON 4- 4 TO 1/4 MILE OR LESS
LOWEST: 42 ON 6, 5 3 = THUNDER
SNOW, ICE PELLETS, HAIL 4 = ICE PELLETS
TOTAL MONTH: M 5 = HAIL
GRTST 24HR M ON M 6 = FREEZING RAIN OR DRIZZLE
GRTST DEPTH: M ON M 7 = DUSTSTORM OR SANDSTORM:
VSBY 1/2 MILE OR LESS
8 = SMOKE OR HAZE
[NO. OF DAYS WITH] [WEATHER - DAYS WITH] 9 = BLOWING SNOW
X = TORNADO
MAX 32 OR BELOW: 0 0.01 INCH OR MORE: 3
MAX 90 OR ABOVE: 0 0.10 INCH OR MORE: 2
MIN 32 OR BELOW: 0 0.50 INCH OR MORE: 2
MIN 0 OR BELOW: 0 1.00 INCH OR MORE: 0
[HDD (BASE 65) ]
TOTAL THIS MO. 128 CLEAR (SCALE 0-3) 13
DPTR FM NORMAL -36 PTCLDY (SCALE 4-7) 6
TOTAL FM JUL 1 1541 CLOUDY (SCALE 8-10) 3
DPTR FM NORMAL -511
[CDD (BASE 65) ]
TOTAL THIS MO. 3
DPTR FM NORMAL 3 [PRESSURE DATA]
TOTAL FM JAN 1 3 HIGHEST SLP M ON M
DPTR FM NORMAL 1 LOWEST SLP 29.73 ON 4
[REMARKS]