000
CXUS53 KIND 240600
CF6IND
PRELIMINARY LOCAL CLIMATOLOGICAL DATA (WS FORM: F-6)
STATION: INDIANAPOLIS IN
MONTH: APRIL
YEAR: 2024
LATITUDE: 39 43 N
LONGITUDE: 86 17 W
TEMPERATURE IN F: :PCPN: SNOW: WIND :SUNSHINE: SKY :PK WND
================================================================================
1 2 3 4 5 6A 6B 7 8 9 10 11 12 13 14 15 16 17 18
12Z AVG MX 2MIN
DY MAX MIN AVG DEP HDD CDD WTR SNW DPTH SPD SPD DIR MIN PSBL S-S WX SPD DR
================================================================================
1 67 48 58 10 7 0 0.98 0.0 0 7.9 21 20 M M 10 13 28 20
2 70 38 54 5 11 0 1.41 0.0 0 15.6 35 270 M M 9 13 42 270
3 45 34 40 -9 25 0 0.06 T 0 18.4 32 250 M M 9 1 43 250
4 41 34 38 -12 27 0 0.13 T 0 14.7 23 280 M M 9 1 31 290
5 47 33 40 -10 25 0 0.01 0.0 0 11.5 23 360 M M 8 1 29 350
6 58 30 44 -6 21 0 0.00 0.0 0 4.9 10 100 M M 1 14 100
7 64 38 51 0 14 0 0.03 0.0 0 13.6 26 120 M M 5 38 37 110
8 76 46 61 10 4 0 T 0.0 0 6.0 14 250 M M 5 17 250
9 72 56 64 13 1 0 0.08 0.0 0 10.7 22 220 M M 8 13 29 220
10 60 53 57 5 8 0 1.52 0.0 0 7.9 15 70 M M 10 1 20 70
11 60 49 55 3 10 0 1.70 0.0 0 12.5 28 320 M M 10 1 40 310
12 62 44 53 1 12 0 0.10 0.0 0 17.4 37 280 M M 8 3 53 290
13 69 41 55 2 10 0 0.00 0.0 0 10.0 20 270 M M 1 27 280
14 80 55 68 15 0 3 0.00 0.0 0 14.6 25 240 M M 2 33 230
15 82 59 71 17 0 6 0.00 0.0 0 7.5 16 230 M M 2 22 230
16 81 61 71 17 0 6 0.09 0.0 0 11.8 25 250 M M 8 3 35 270
17 75 54 65 11 0 0 0.02 0.0 0 18.1 37 250 M M 7 47 260
18 75 49 62 7 3 0 0.37 0.0 0 7.0 37 230 M M 5 13 52 230
19 61 48 55 0 10 0 T 0.0 0 12.7 24 240 M M 9 1 32 240
20 52 40 46 -9 19 0 0.00 0.0 0 12.9 24 300 M M 5 31 280
21 54 34 44 -12 21 0 0.00 0.0 0 8.5 17 330 M M 4 24 320
22 64 35 50 -6 15 0 0.00 0.0 0 8.1 17 230 M M 3 30 230
23 64 48 56 0 9 0 0.16 0.0 0 12.2 23 230 M M 9 1 30 230
================================================================================
SM 1479 1027 252 15 6.66 T 264.5 M 147
================================================================================
AV 64.3 44.7 11.5 FASTST M M 6 MAX(MPH)
MISC ----> # 37 280 53 290
================================================================================
NOTES:
# LAST OF SEVERAL OCCURRENCES
COLUMN 17 PEAK WIND IN M.P.H.
PRELIMINARY LOCAL CLIMATOLOGICAL DATA (WS FORM: F-6) , PAGE 2
STATION: INDIANAPOLIS IN
MONTH: APRIL
YEAR: 2024
LATITUDE: 39 43 N
LONGITUDE: 86 17 W
[TEMPERATURE DATA] [PRECIPITATION DATA] SYMBOLS USED IN COLUMN 16
AVERAGE MONTHLY: 54.5 TOTAL FOR MONTH: 6.66 1 = FOG OR MIST
DPTR FM NORMAL: 2.0 DPTR FM NORMAL: 3.39 2 = FOG REDUCING VISIBILITY
HIGHEST: 82 ON 15 GRTST 24HR 3.09 ON 10-11 TO 1/4 MILE OR LESS
LOWEST: 30 ON 6 3 = THUNDER
SNOW, ICE PELLETS, HAIL 4 = ICE PELLETS
TOTAL MONTH: T 5 = HAIL
GRTST 24HR T ON 3- 3 6 = FREEZING RAIN OR DRIZZLE
GRTST DEPTH: 0 7 = DUSTSTORM OR SANDSTORM:
VSBY 1/2 MILE OR LESS
8 = SMOKE OR HAZE
[NO. OF DAYS WITH] [WEATHER - DAYS WITH] 9 = BLOWING SNOW
X = TORNADO
MAX 32 OR BELOW: 0 0.01 INCH OR MORE: 14
MAX 90 OR ABOVE: 0 0.10 INCH OR MORE: 8
MIN 32 OR BELOW: 1 0.50 INCH OR MORE: 4
MIN 0 OR BELOW: 0 1.00 INCH OR MORE: 3
[HDD (BASE 65) ]
TOTAL THIS MO. 252 CLEAR (SCALE 0-3) 4
DPTR FM NORMAL -47 PTCLDY (SCALE 4-7) 8
TOTAL FM JUL 1 4162 CLOUDY (SCALE 8-10) 11
DPTR FM NORMAL -888
[CDD (BASE 65) ]
TOTAL THIS MO. 15
DPTR FM NORMAL 15 [PRESSURE DATA]
TOTAL FM JAN 1 15 HIGHEST SLP M ON M
DPTR FM NORMAL 12 LOWEST SLP 29.29 ON 2
[REMARKS]