000
CXUS55 KPSR 271005
CF6SDL
PRELIMINARY LOCAL CLIMATOLOGICAL DATA (WS FORM: F-6)
STATION: SCOTTSDALE AZ
MONTH: MARCH
YEAR: 2024
LATITUDE: 33 37 N
LONGITUDE: 111 54 W
TEMPERATURE IN F: :PCPN: SNOW: WIND :SUNSHINE: SKY :PK WND
================================================================================
1 2 3 4 5 6A 6B 7 8 9 10 11 12 13 14 15 16 17 18
12Z AVG MX 2MIN
DY MAX MIN AVG DEP HDD CDD WTR SNW DPTH SPD SPD DIR MIN PSBL S-S WX SPD DR
================================================================================
1 75 49 62 2 3 0 0.00 M M 3.1 10 140 M M 0 15 170
2 75 51 63 3 2 0 0.00 M M 5.0 18 230 M M 0 27 240
3 69 51 60 0 5 0 0.00 M M 4.9 16 240 M M 1 24 240
4 70 50 60 -1 5 0 0.00 M M 3.3 13 260 M M 3 24 230
5 74 48 61 0 4 0 0.00 M M 1.5 9 190 M M 0 13 200
6 71 53 62 1 3 0 0.00 M M 2.3 10 140 M M 1 14 160
7 62 51 57 -5 8 0 0.11 0.0 0 5.9 20 270 M M 6 3 31 310
8 68 51 60 -2 5 0 0.01 0.0 0 3.3 24 40 M M 5 3 33 40
9 74 47 61 -1 4 0 0.00 0.0 0 3.1 12 120 M M 0 16 90
10 78 50 64 2 1 0 0.00 0.0 0 5.0 15 110 M M 0 25 110
11 79 54 67 5 0 2 0.00 0.0 M 3.5 13 250 M M 0 19 170
12 77 52 65 2 0 0 0.00 M M 2.5 12 250 M M 0 17 250
13 73 52 63 0 2 0 0.00 M M 4.3 18 250 M M 1 29 240
14 70 48 59 -4 6 0 0.01 M M 4.1 13 300 M M 4 22 300
15 60 48 54 -10 11 0 0.25 M M 5.5 18 110 M M 7 13 33 150
16 66 43 55 -9 10 0 T M M 3.0 12 240 M M 3 16 220
17 68 49 59 -5 6 0 0.11 M M 5.4 20 10 M M 5 13 29 10
18 75 47 61 -3 4 0 0.00 M M 5.2 22 40 M M 1 3 29 50
19 76 50 63 -1 2 0 0.00 M M 3.7 20 10 M M 0 3 30 10
20 77 49 63 -2 2 0 0.02 M M 2.7 22 20 M M 1 3 31 10
21 80 51 66 1 0 1 0.00 M M 2.8 13 260 M M 0 19 290
22 82 54 68 3 0 3 0.00 M M 2.4 9 190 M M 0 15 240
23 78 58 68 2 0 3 T M M 5.9 17 250 M M 2 25 230
24 66 51 59 -7 6 0 0.31 M M 8.9 18 230 M M 8 28 270
25 70 47 59 -7 6 0 T M M 6.7 18 250 M M 2 26 240
26 70 52 61 -5 4 0 0.01 M M 6.3 24 30 M M 6 33 50
================================================================================
SM 1883 1306 99 9 0.83 0.0 110.3 M 56
================================================================================
AV 72.4 50.2 4.2 FASTST M M 2 MAX(MPH)
MISC ----> # 24 40 # 33 40
================================================================================
NOTES:
# LAST OF SEVERAL OCCURRENCES
COLUMN 17 PEAK WIND IN M.P.H.
PRELIMINARY LOCAL CLIMATOLOGICAL DATA (WS FORM: F-6) , PAGE 2
STATION: SCOTTSDALE AZ
MONTH: MARCH
YEAR: 2024
LATITUDE: 33 37 N
LONGITUDE: 111 54 W
[TEMPERATURE DATA] [PRECIPITATION DATA] SYMBOLS USED IN COLUMN 16
AVERAGE MONTHLY: 61.3 TOTAL FOR MONTH: 0.83 1 = FOG OR MIST
DPTR FM NORMAL: -1.8 DPTR FM NORMAL: -0.18 2 = FOG REDUCING VISIBILITY
HIGHEST: 82 ON 22 GRTST 24HR 0.31 ON 23-24 TO 1/4 MILE OR LESS
LOWEST: 43 ON 16 3 = THUNDER
SNOW, ICE PELLETS, HAIL 4 = ICE PELLETS
TOTAL MONTH: 0.0 INCH 5 = HAIL
GRTST 24HR 0.0 6 = FREEZING RAIN OR DRIZZLE
GRTST DEPTH: 0 7 = DUSTSTORM OR SANDSTORM:
VSBY 1/2 MILE OR LESS
8 = SMOKE OR HAZE
[NO. OF DAYS WITH] [WEATHER - DAYS WITH] 9 = BLOWING SNOW
X = TORNADO
MAX 32 OR BELOW: 0 0.01 INCH OR MORE: 8
MAX 90 OR ABOVE: 0 0.10 INCH OR MORE: 4
MIN 32 OR BELOW: 0 0.50 INCH OR MORE: 0
MIN 0 OR BELOW: 0 1.00 INCH OR MORE: 0
[HDD (BASE 65) ]
TOTAL THIS MO. 99 CLEAR (SCALE 0-3) 18
DPTR FM NORMAL 4 PTCLDY (SCALE 4-7) 8
TOTAL FM JUL 1 959 CLOUDY (SCALE 8-10) 0
DPTR FM NORMAL -155
[CDD (BASE 65) ]
TOTAL THIS MO. 9
DPTR FM NORMAL -37 [PRESSURE DATA]
TOTAL FM JAN 1 13 HIGHEST SLP M ON M
DPTR FM NORMAL -40 LOWEST SLP 29.49 ON 24
[REMARKS]