000
CXUS55 KPAH 010634
CLMCGI
CLIMATE REPORT
NATIONAL WEATHER SERVICE PADUCAH KY
134 AM CDT MON APR 01 2024
...................................
...THE CAPE GIRARDEAU MO CLIMATE SUMMARY FOR THE MONTH OF MARCH 2024...
CLIMATE NORMAL PERIOD 1991 TO 2020
CLIMATE RECORD PERIOD 1960 TO 2024
WEATHER OBSERVED NORMAL DEPART LAST YEAR`S
VALUE DATE(S) VALUE FROM VALUE
NORMAL
..............................................................
TEMPERATURE (F)
RECORD
HIGH 94 03/17/1982
LOW -8 03/06/2015
HIGHEST 79 03/04 77
LOWEST 22 03/19 22
AVG. MAXIMUM 64.9 58.1 6.8 57.3
AVG. MINIMUM 39.8 37.3 2.5 37.8
MEAN 52.3 47.7 4.6 47.5
DAYS MAX >= 90 0 0.0 0.0 0
DAYS MAX <= 32 0 0.4 -0.4 0
DAYS MIN <= 32 6 11.1 -5.1 7
DAYS MIN <= 0 0 0.0 0.0 0
PRECIPITATION (INCHES)
RECORD
MAXIMUM 17.84 2008
MINIMUM 0.72 1966
TOTALS 2.38 4.69 -2.31 7.65
DAILY AVG. 0.08 0.15 -0.07 0.25
DAYS >= .01 7 11.6 -4.6 10
DAYS >= .10 4 7.2 -3.2 9
DAYS >= .50 2 3.1 -1.1 5
DAYS >= 1.00 1 1.1 -0.1 2
GREATEST
24 HR. TOTAL 1.43 03/25 TO 03/25
DEGREE DAYS
HEATING TOTAL 396 541 -145 534
SINCE 7/1 3225 3873 -648 MM
COOLING TOTAL 10 4 6 1
SINCE 1/1 16 4 12 MM
..............................................................
WIND (MPH)
AVERAGE WIND SPEED 9.6
HIGHEST WIND SPEED/DIRECTION 51/280 DATE 03/14
HIGHEST GUST SPEED/DIRECTION 66/280 DATE 03/14
SKY COVER
POSSIBLE SUNSHINE (PERCENT) MM
AVERAGE SKY COVER 0.33
NUMBER OF DAYS FAIR 18
NUMBER OF DAYS PC 9
NUMBER OF DAYS CLOUDY 4
AVERAGE RH (PERCENT) 67
WEATHER CONDITIONS. NUMBER OF DAYS WITH
THUNDERSTORM 3 MIXED PRECIP 0
HEAVY RAIN 4 RAIN 5
LIGHT RAIN 8 FREEZING RAIN 0
LT FREEZING RAIN 0 HAIL 0
HEAVY SNOW 0 SNOW 0
LIGHT SNOW 0 SLEET 0
FOG 13 FOG W/VIS <= 1/4 MILE 2
HAZE 2
- INDICATES NEGATIVE NUMBERS.
R INDICATES RECORD WAS SET OR TIED.
MM INDICATES DATA IS MISSING.
T INDICATES TRACE AMOUNT.
$$