000
CXUS55 KBYZ 011312
CLMLVM
CLIMATE REPORT
NATIONAL WEATHER SERVICE BILLINGS MT
610 AM MST FRI MAR 01 2024
...................................
...THE LIVINGSTON MT CLIMATE SUMMARY FOR THE MONTH OF FEBRUARY 2024...
CLIMATE NORMAL PERIOD 1991 TO 2020
CLIMATE RECORD PERIOD 1948 TO 2024
WEATHER OBSERVED NORMAL DEPART
VALUE DATE(S) VALUE FROM
NORMAL
................................................
TEMPERATURE (F)
HIGHEST 63 02/01
LOWEST -4 02/17
AVG. MAXIMUM 42.1 38.9 3.2
AVG. MINIMUM 23.9 18.9 5.0
MEAN 33.0 28.9 4.1
DAYS MAX >= 90 0
DAYS MAX <= 32 4
DAYS MIN <= 32 22
DAYS MIN <= 0 2
PRECIPITATION (INCHES)
TOTALS 0.55 0.47 0.08
DAYS >= .01 7
DAYS >= .10 1
DAYS >= .50 0
DAYS >= 1.00 0
GREATEST
24 HR. TOTAL 0.34 02/03 TO 02/04
DEGREE DAYS
HEATING TOTAL 920 1011 -91
SINCE 7/1 4588 5235 -647
COOLING TOTAL 0 0 0
SINCE 1/1 0 0 0
................................................
WIND (MPH)
AVERAGE WIND SPEED 17.6
HIGHEST WIND SPEED/DIRECTION 61/220 DATE 02/28
HIGHEST GUST SPEED/DIRECTION 92/210 DATE 02/28
AVERAGE RH (PERCENT) 59
WEATHER CONDITIONS. NUMBER OF DAYS WITH
THUNDERSTORM 0 MIXED PRECIP 0
HEAVY RAIN 0 RAIN 0
LIGHT RAIN 2 FREEZING RAIN 0
LT FREEZING RAIN 0 HAIL 0
HEAVY SNOW 1 SNOW 2
LIGHT SNOW 13 SLEET 0
FOG 10 FOG W/VIS <= 1/4 MILE 1
HAZE 1
- INDICATES NEGATIVE NUMBERS.
R INDICATES RECORD WAS SET OR TIED.
MM INDICATES DATA IS MISSING.
T INDICATES TRACE AMOUNT.
&&
THIS IS AN AUTOMATED...UNATTENDED WEATHER STATION AND MAY
UNDERESTIMATE WINTER PRECIPITATION.
...FEBRUARY 2024 MONTH IN REVIEW FOR LIVINGSTON...
BELOW IS A SUMMARY OF THE TEMPERATURE AND PRECIPITATION
STATISTICS FOR LIVINGSTON FOR FEBRUARY 2024. ALL TEMPERATURES ARE IN
DEGREES FAHRENHEIT AND ALL PRECIPITATION AMOUNTS ARE IN INCHES. NORMALS
ARE 30 YEAR AVERAGES CALCULATED FROM 1991 TO 2020. MONTHLY RANKINGS
FOR PRECIPITATION AND TEMPERATURES USE A PERIOD
OF RECORD THAT STARTED IN JULY 1948 AT OR NEAR THE LIVINGSTON AIRPORT.
NUMBERS DENOTED WITH AN * IS MISSING DATA IN THE CALCULATION.
... MONTHLY PRECIPITATION...
MONTH 2024 VALUES NORMALS DEPARTURE RANKING
FEBRUARY 0.55 0.47 +0.08 TIED FOR THE 22ND WETTEST OUT OF 76 YEARS
(RECORD WETTEST WAS 1.76 IN 1986)
(WETTEST SINCE 0.91 IN 2017)
... FEBRUARY 2024 BROKEN OR TIED DAILY PRECIPITATION RECORDS...
0.29 ON FEBRUARY 3 (OLD RECORD 0.27 IN 1986)
NOTE: SINCE THE LATE 1990S...LIVINGSTON BECAME AN AUTOMATED AND UNATTENDED
WEATHER STATION. PRECIPITATION AMOUNTS IN THE WINTER MAY BE UNDERESTIMATED.
... AVERAGE TEMPERATURES...
MONTH 2024 VALUES NORMALS DEPARTURE RANKING
FEBRUARY 33.0 28.9 +4.1 21ST WARMEST OUT OF 76 YEARS
(RECORD WARMEST WAS 40.9 IN 1991)
(WARMEST SINCE 39.8 IN 2016)
... AVERAGE HIGH TEMPERATURES...
MONTH 2024 VALUES NORMALS DEPARTURE RANKING
FEBRUARY 42.1 38.9 +3.2 22ND WARMEST OUT OF 76 YEARS
(RECORD WARMEST WAS 51.2 IN 1991)
(WARMEST SINCE 50.5 IN 2016)
... FEBRUARY 2024 BROKEN OR TIED WARMEST DAILY HIGH TEMPERATURE RECORDS...
63 ON FEBRUARY 1 (OLD RECORD 60 IN 1992)
... FEBRUARY 2024 BROKEN OR TIED COLDEST DAILY HIGH TEMPERATURE RECORDS...
NONE
... AVERAGE LOW TEMPERATURES...
MONTH 2024 VALUES NORMALS DEPARTURE RANKING
FEBRUARY 23.9 18.9 +5.0 TIED FOR THE 18TH WARMEST OUT OF 76 YEARS
(RECORD WARMEST WAS 30.6 IN 1991)
(WARMEST SINCE 29.1 IN 2016)
... FEBRUARY 2024 BROKEN OR TIED WARMEST DAILY LOW TEMPERATURE RECORDS...
NONE
... FEBRUARY 2024 BROKEN OR TIED COLDEST DAILY LOW TEMPERATURE RECORDS...
NONE
$$