000
CXUS54 KFWD 010730
CF60F2
PRELIMINARY LOCAL CLIMATOLOGICAL DATA (WS FORM: F-6)
STATION: BOWIE
MONTH: OCTOBER
YEAR: 2021
LATITUDE: 33 36 N
LONGITUDE: 97 47 W
TEMPERATURE IN F: :PCPN: SNOW: WIND :SUNSHINE: SKY :PK WND
================================================================================
1 2 3 4 5 6A 6B 7 8 9 10 11 12 13 14 15 16 17 18
12Z AVG MX 2MIN
DY MAX MIN AVG DEP HDD CDD WTR SNW DPTH SPD SPD DIR MIN PSBL S-S WX SPD DR
================================================================================
1 80 63 72 4 0 7 0.00 M M M M M M M 3 1 M M
2 81 61 71 3 0 6 0.00 M M M M M M M 4 12 M M
3 82 59 71 3 0 6 0.00 M M M M M M M 1 8 M M
4 86 56 71 4 0 6 0.00 M M M M M M M 0 8 M M
5 84 54 69 2 0 4 0.00 M M M M M M M 0 M M
6 85 52 69 2 0 4 0.00 M M 0.5 5 100 M M 0 M M
7 90 55 73 7 0 8 0.00 M M 5.2 12 180 M M 0 18 180
8 91 64 78 12 0 13 0.00 M M 8.7 15 190 M M 0 23 170
9 91 66 79 13 0 14 0.00 M M 10.9 17 180 M M 0 24 180
10 89 62 76 11 0 11 0.30 M M 13.8 18 280 M M 5 32 160
11 79 55 67 2 0 2 0.00 M M 4.2 16 280 M M 1 21 280
12 82 56 69 4 0 4 0.00 M M 9.0 17 160 M M 7 25 160
13 78 57 68 4 0 3 1.13 M M 7.2 21 320 M M 8 30 180
14 80 63 72 8 0 7 0.00 M M 4.7 14 190 M M 6 1 18 190
15 71 50 61 -3 4 0 0.01 M M 9.7 22 360 M M 4 12 30 360
16 71 42 57 -7 8 0 0.00 M M 3.2 10 330 M M 0 M M
17 72 42 57 -6 8 0 0.00 M M 2.1 8 170 M M 0 M M
18 74 40 57 -6 8 0 0.00 M M 6.8 15 160 M M 0 22 180
19 78 57 68 5 0 3 0.00 M M 11.7 18 160 M M 0 26 170
20 82 62 72 10 0 7 0.00 M M 6.8 14 200 M M 3 18 160
21 80 56 68 6 0 3 0.00 M M 3.5 7 10 M M 2 M M
22 82 55 69 7 0 4 0.00 M M 4.6 10 160 M M 1 M M
23 85 61 73 11 0 8 0.00 M M 9.6 16 180 M M 0 25 180
24 91 57 74 13 0 9 0.00 M M 11.7 17 330 M M 2 26 190
25 82 50 66 5 0 1 0.00 M M 4.4 10 110 M M 0 20 130
26 82 65 74 14 0 9 0.00 M M 12.7 20 150 M M 4 30 150
27 76 56 66 6 0 1 0.55 M M 11.6 20 310 M M 8 29 300
28 70 53 62 2 3 0 0.00 M M 18.2 32 320 M M 0 51 320
29 69 46 58 -2 7 0 0.00 M M 14.0 24 330 M M 0 39 330
30 74 38 56 -3 9 0 0.00 M M 3.5 7 170 M M 0 M M
31 76 48 62 3 3 0 0.00 M M 4.1 12 100 M M 0 17 110
================================================================================
SM 2493 1701 50 140 1.99 M 202.2 M 59
================================================================================
AV 80.4 54.9 7.8 FASTST M M 2 MAX(MPH)
MISC ----> 32 320 51 320
================================================================================
NOTES:
# LAST OF SEVERAL OCCURRENCES
COLUMN 17 PEAK WIND IN M.P.H.
PRELIMINARY LOCAL CLIMATOLOGICAL DATA (WS FORM: F-6) , PAGE 2
STATION: BOWIE
MONTH: OCTOBER
YEAR: 2021
LATITUDE: 33 36 N
LONGITUDE: 97 47 W
[TEMPERATURE DATA] [PRECIPITATION DATA] SYMBOLS USED IN COLUMN 16
AVERAGE MONTHLY: 67.6 TOTAL FOR MONTH: 1.99 1 = FOG OR MIST
DPTR FM NORMAL: 4.0 DPTR FM NORMAL: -2.03 2 = FOG REDUCING VISIBILITY
HIGHEST: 91 ON 24, 9 GRTST 24HR 1.13 ON 13-13 TO 1/4 MILE OR LESS
LOWEST: 38 ON 30 3 = THUNDER
SNOW, ICE PELLETS, HAIL 4 = ICE PELLETS
TOTAL MONTH: M 5 = HAIL
GRTST 24HR M ON M 6 = FREEZING RAIN OR DRIZZLE
GRTST DEPTH: M ON M 7 = DUSTSTORM OR SANDSTORM:
VSBY 1/2 MILE OR LESS
8 = SMOKE OR HAZE
[NO. OF DAYS WITH] [WEATHER - DAYS WITH] 9 = BLOWING SNOW
X = TORNADO
MAX 32 OR BELOW: 0 0.01 INCH OR MORE: 4
MAX 90 OR ABOVE: 4 0.10 INCH OR MORE: 3
MIN 32 OR BELOW: 0 0.50 INCH OR MORE: 2
MIN 0 OR BELOW: 0 1.00 INCH OR MORE: 1
[HDD (BASE 65) ]
TOTAL THIS MO. 50 CLEAR (SCALE 0-3) 23
DPTR FM NORMAL -74 PTCLDY (SCALE 4-7) 8
TOTAL FM JUL 1 51 CLOUDY (SCALE 8-10) 0
DPTR FM NORMAL -88
[CDD (BASE 65) ]
TOTAL THIS MO. 140
DPTR FM NORMAL 61 [PRESSURE DATA]
TOTAL FM JAN 1 2117 HIGHEST SLP M ON M
DPTR FM NORMAL 55 LOWEST SLP M ON M
[REMARKS]
#FINAL-10-21#