000
CXUS54 KFWD 010730
CF60F2
PRELIMINARY LOCAL CLIMATOLOGICAL DATA (WS FORM: F-6)
STATION: BOWIE
MONTH: MARCH
YEAR: 2020
LATITUDE: 33 36 N
LONGITUDE: 97 47 W
TEMPERATURE IN F: :PCPN: SNOW: WIND :SUNSHINE: SKY :PK WND
================================================================================
1 2 3 4 5 6A 6B 7 8 9 10 11 12 13 14 15 16 17 18
12Z AVG MX 2MIN
DY MAX MIN AVG DEP HDD CDD WTR SNW DPTH SPD SPD DIR MIN PSBL S-S WX SPD DR
================================================================================
1 83 56 70 21 0 5 0.00 0.0 0 13.2 20 180 M M 0 27 180
2 69 50 60 11 5 0 0.00 0.0 0 4.5 14 330 M M 0 17 330
3 65 50 58 9 7 0 M 0.0 0 2.4 7 120 M M 4 M M
4 58 49 54 4 11 0 1.19 0.0 0 5.8 14 80 M M 9 23 80
5 72 40 56 6 9 0 0.00 0.0 0 6.0 12 10 M M 0 1 17 330
6 69 37 53 3 12 0 0.00 0.0 0 2.3 6 360 M M 0 M M
7 68 42 55 5 10 0 0.00 0.0 0 9.4 20 180 M M 0 29 160
8 67 47 57 6 8 0 0.00 0.0 0 11.7 16 170 M M 6 24 170
9 82 56 69 18 0 4 0.10 0.0 0 12.8 17 250 M M 5 28 220
10 80 47 64 13 1 0 0.00 0.0 0 4.8 13 170 M M 0 17 170
11 85 62 74 22 0 9 0.00 0.0 0 7.1 13 280 M M 0 18 280
12 87 64 76 24 0 11 M 0.0 0 6.2 18 210 M M 3 24 230
13 73 54 64 12 1 0 0.67 0.0 0 7.4 17 340 M M 10 1 21 80
14 59 52 56 4 9 0 0.15 0.0 0 6.7 12 350 M M 10 1 20 350
15 56 49 53 0 12 0 0.11 0.0 0 4.8 10 30 M M 10 1 M M
16 69 54 62 9 3 0 0.04 0.0 0 3.8 15 130 M M 9 1 35 130
17 63 58 61 8 4 0 0.46 0.0 0 5.5 13 300 M M 10 1 17 120
18 81 62 72 18 0 7 1.34 0.0 0 9.3 15 170 M M 9 23 170
19 80 64 72 18 0 7 0.86 0.0 0 9.9 20 190 M M 5 30 190
20 65 40 53 -1 12 0 0.00 0.0 0 10.6 18 340 M M 6 28 340
21 63 39 51 -3 14 0 0.18 0.0 0 4.9 9 70 M M 3 M M
22 60 52 56 1 9 0 0.11 0.0 0 2.5 9 170 M M 10 1 M M
23 73 59 66 11 0 1 0.01 0.0 0 5.6 10 140 M M 10 12 20 130
24 81 62 72 17 0 7 0.00 0.0 0 8.5 14 280 M M 2 1 39 290
25 93 55 74 18 0 9 0.00 0.0 0 6.7 14 190 M M 0 22 260
26 92 67 80 24 0 15 0.00 0.0 0 9.7 15 160 M M 0 22 160
27 78 70 74 18 0 9 0.00 0.0 0 9.1 17 180 M M 1 24 180
28 75 52 64 8 1 0 0.00 0.0 0 9.4 16 300 M M 1 24 310
29 75 46 61 4 4 0 0.00 0.0 0 3.6 8 130 M M 2 M M
30 67 54 61 4 4 0 0.34 0.0 0 6.6 14 130 M M 10 1 30 140
31 69 51 60 3 5 0 0.00 0.0 0 6.1 14 20 M M 6 1 21 20
================================================================================
SM 2257 1640 141 84 5.56 0.0 216.9 M 141
================================================================================
AV 72.8 52.9 7.0 FASTST M M 5 MAX(MPH)
MISC ----> # 20 180 # 39 290
================================================================================
NOTES:
# LAST OF SEVERAL OCCURRENCES
COLUMN 17 PEAK WIND IN M.P.H.
PRELIMINARY LOCAL CLIMATOLOGICAL DATA (WS FORM: F-6) , PAGE 2
STATION: BOWIE
MONTH: MARCH
YEAR: 2020
LATITUDE: 33 36 N
LONGITUDE: 97 47 W
[TEMPERATURE DATA] [PRECIPITATION DATA] SYMBOLS USED IN COLUMN 16
AVERAGE MONTHLY: 62.9 TOTAL FOR MONTH: 5.56 1 = FOG OR MIST
DPTR FM NORMAL: 9.9 DPTR FM NORMAL: 2.48 2 = FOG REDUCING VISIBILITY
HIGHEST: 93 ON 25 GRTST 24HR 1.34 ON 18-18 TO 1/4 MILE OR LESS
LOWEST: 37 ON 6 3 = THUNDER
SNOW, ICE PELLETS, HAIL 4 = ICE PELLETS
TOTAL MONTH: 0.0 INCH 5 = HAIL
GRTST 24HR 0.0 6 = FREEZING RAIN OR DRIZZLE
GRTST DEPTH: 0 7 = DUSTSTORM OR SANDSTORM:
VSBY 1/2 MILE OR LESS
8 = SMOKE OR HAZE
[NO. OF DAYS WITH] [WEATHER - DAYS WITH] 9 = BLOWING SNOW
X = TORNADO
MAX 32 OR BELOW: 0 0.01 INCH OR MORE: 13
MAX 90 OR ABOVE: 2 0.10 INCH OR MORE: 11
MIN 32 OR BELOW: 0 0.50 INCH OR MORE: 4
MIN 0 OR BELOW: 0 1.00 INCH OR MORE: 2
[HDD (BASE 65) ]
TOTAL THIS MO. 141 CLEAR (SCALE 0-3) 15
DPTR FM NORMAL -243 PTCLDY (SCALE 4-7) 6
TOTAL FM JUL 1 2070 CLOUDY (SCALE 8-10) 10
DPTR FM NORMAL -822
[CDD (BASE 65) ]
TOTAL THIS MO. 84
DPTR FM NORMAL 71 [PRESSURE DATA]
TOTAL FM JAN 1 88 HIGHEST SLP M ON M
DPTR FM NORMAL 73 LOWEST SLP M ON M
[REMARKS]
#FINAL-03-20#