000
CXUS51 KBTV 010801
CF61V4
PRELIMINARY LOCAL CLIMATOLOGICAL DATA (WS FORM: F-6)
STATION: SAINT JOHNSBURY VT ASOS
MONTH: NOVEMBER
YEAR: 2021
LATITUDE: 44 25 N
LONGITUDE: 72 1 W
TEMPERATURE IN F: :PCPN: SNOW: WIND :SUNSHINE: SKY :PK WND
================================================================================
1 2 3 4 5 6A 6B 7 8 9 10 11 12 13 14 15 16 17 18
12Z AVG MX 2MIN
DY MAX MIN AVG DEP HDD CDD WTR SNW DPTH SPD SPD DIR MIN PSBL S-S WX SPD DR
================================================================================
1 53 37 45 4 20 0 0.03 M M M M M M M 0 M M
2 50 30 40 0 25 0 0.00 M M M M M M M 0 M M
3 37 29 33 -7 32 0 0.01 M M M M M M M 0 M M
4 41 26 34 -6 31 0 0.00 M M M M M M M 0 M M
5 46 25 36 -3 29 0 0.00 M M M M M M M 0 M M
6 49 24 37 -2 28 0 0.00 M M M M M M M 0 M M
7 53 22 38 -1 27 0 0.00 M M M M M M M 0 M M
8 54 27 41 3 24 0 0.00 M M M M M M M 0 M M
9 60 31 46 8 19 0 0.00 M M M M M M M 0 M M
10 55 30 43 5 22 0 0.28 M M M M M M M 0 M M
11 50 26 38 1 27 0 0.00 M M M M M M M 0 M M
12 50 37 44 7 21 0 0.90 M M M M M M M 0 M M
13 52 33 43 7 22 0 0.19 M M M M M M M 0 M M
14 45 31 38 2 27 0 0.01 M M M M M M M 0 M M
15 42 34 38 2 27 0 0.15 M M M M M M M 0 M M
16 38 25 32 -3 33 0 0.03 M M M M M M M 0 M M
17 40 20 30 -5 35 0 0.04 M M M M M M M 0 M M
18 59 39 49 15 16 0 0.30 M M M M M M M 0 M M
19 41 30 36 2 29 0 0.05 M M M M M M M 0 M M
20 41 26 34 0 31 0 0.00 M M M M M M M 0 M M
21 46 32 39 6 26 0 0.01 M M M M M M M 0 M M
22 49 25 37 4 28 0 0.00 M M M M M M M 0 M M
23 30 23 27 -5 38 0 0.00 M M M M M M M 0 M M
24 37 17 27 -5 38 0 0.00 M M M M M M M 0 M M
25 35 19 27 -5 38 0 0.00 M M M M M M M 0 M M
26 34 30 32 1 33 0 0.27 M M M M M M M 0 M M
27 32 23 28 -3 37 0 0.04 M M M M M M M 0 M M
28 29 14 22 -8 43 0 0.00 M M M M M M M 0 M M
29 33 15 24 -6 41 0 0.00 M M M M M M M 0 M M
30 31 16 24 -6 41 0 0.02 M M M M M M M 0 M M
================================================================================
SM 1312 796 888 0 2.33 M M M 0
================================================================================
AV 43.7 26.5 M FASTST M M 0 MAX(MPH)
MISC ----> M M M M
================================================================================
NOTES:
# LAST OF SEVERAL OCCURRENCES
COLUMN 17 PEAK WIND IN M.P.H.
PRELIMINARY LOCAL CLIMATOLOGICAL DATA (WS FORM: F-6) , PAGE 2
STATION: SAINT JOHNSBURY VT ASOS
MONTH: NOVEMBER
YEAR: 2021
LATITUDE: 44 25 N
LONGITUDE: 72 1 W
[TEMPERATURE DATA] [PRECIPITATION DATA] SYMBOLS USED IN COLUMN 16
AVERAGE MONTHLY: 35.1 TOTAL FOR MONTH: 2.33 1 = FOG OR MIST
DPTR FM NORMAL: -0.2 DPTR FM NORMAL: -0.72 2 = FOG REDUCING VISIBILITY
HIGHEST: 60 ON 9 GRTST 24HR 0.90 ON 12-12 TO 1/4 MILE OR LESS
LOWEST: 14 ON 28 3 = THUNDER
SNOW, ICE PELLETS, HAIL 4 = ICE PELLETS
TOTAL MONTH: M 5 = HAIL
GRTST 24HR M ON M 6 = FREEZING RAIN OR DRIZZLE
GRTST DEPTH: M ON M 7 = DUSTSTORM OR SANDSTORM:
VSBY 1/2 MILE OR LESS
8 = SMOKE OR HAZE
[NO. OF DAYS WITH] [WEATHER - DAYS WITH] 9 = BLOWING SNOW
X = TORNADO
MAX 32 OR BELOW: 4 0.01 INCH OR MORE: 15
MAX 90 OR ABOVE: 0 0.10 INCH OR MORE: 6
MIN 32 OR BELOW: 25 0.50 INCH OR MORE: 1
MIN 0 OR BELOW: 0 1.00 INCH OR MORE: 0
[HDD (BASE 65) ]
TOTAL THIS MO. 888 CLEAR (SCALE 0-3) 30
DPTR FM NORMAL -2 PTCLDY (SCALE 4-7) 0
TOTAL FM JUL 1 1462 CLOUDY (SCALE 8-10) 0
DPTR FM NORMAL -277
[CDD (BASE 65) ]
TOTAL THIS MO. 0
DPTR FM NORMAL 0 [PRESSURE DATA]
TOTAL FM JAN 1 470 HIGHEST SLP M ON M
DPTR FM NORMAL 140 LOWEST SLP M ON M
[REMARKS]
#FINAL-11-21#