000
CXUS55 KBOU 011000
CF620V
PRELIMINARY LOCAL CLIMATOLOGICAL DATA (WS FORM: F-6)
STATION: KREMMLING
MONTH: FEBRUARY
YEAR: 2023
LATITUDE: 40 3 N
LONGITUDE: 106 22 W
TEMPERATURE IN F: :PCPN: SNOW: WIND :SUNSHINE: SKY :PK WND
================================================================================
1 2 3 4 5 6A 6B 7 8 9 10 11 12 13 14 15 16 17 18
12Z AVG MX 2MIN
DY MAX MIN AVG DEP HDD CDD WTR SNW DPTH SPD SPD DIR MIN PSBL S-S WX SPD DR
================================================================================
1 9 -22 -6 M 71 0 M M M 0.3 4 90 M M 6 M M
2 9 -18 -4 M 69 0 M M M 0.1 3 110 M M 1 8 M M
3 3 -22 -9 M 74 0 M M M 0.0 M M M M 0 1 M M
4 10 -18 -4 M 69 0 M M M 0.2 5 70 M M 0 M M
5 34 -6 14 M 51 0 M M M 1.3 14 260 M M 2 18 0
6 30 0 15 M 50 0 M M M 2.6 12 330 M M 8 23 330
7 16 -9 4 M 61 0 M M M 0.4 4 120 M M 1 M M
8 21 -9 6 M 59 0 M M M 1.7 16 320 M M 9 21 320
9 27 -9 9 M 56 0 M M M 1.4 6 330 M M 5 M M
10 9 -22 -6 M 71 0 M M M 0.3 3 80 M M 0 1 M M
11 10 -18 -4 M 69 0 M M M 0.0 M M M M 0 M M
12 19 -8 6 M 59 0 M M M 0.4 3 140 M M 1 M M
13 12 -15 -1 M 66 0 M M M 0.3 3 90 M M 5 1 M M
14 30 10 20 M 45 0 M M M 2.9 9 360 M M 9 12 18 340
15 19 9 14 M 51 0 M M M 9.5 21 340 M M 9 27 340
16 12 -13 0 M 65 0 M M M 0.9 8 130 M M 2 8 M M
17 10 -22 -6 M 71 0 M M M 0.8 3 120 M M 0 M M
18 30 -15 8 M 57 0 M M M 3.0 21 250 M M 0 28 250
19 36 25 31 M 34 0 M M M 11.7 22 250 M M 9 8 29 230
20 37 30 34 M 31 0 M M M 10.3 22 260 M M 8 41 250
21 45 30 38 M 27 0 M M M 9.0 23 230 M M 7 37 230
22 34 10 22 M 43 0 M M M 9.3 32 250 M M 9 8 46 260
23 27 0 14 M 51 0 M M M 6.1 16 230 M M 8 24 230
24 30 14 22 M 43 0 M M M 6.6 22 240 M M 6 8 30 240
25 45 10 28 M 37 0 M M M 5.3 16 230 M M 2 23 240
26 34 3 19 M 46 0 M M M 3.4 13 250 M M 4 16 250
27 34 23 29 M 36 0 M M M 12.4 21 240 M M 3 32 240
28 32 5 19 M 46 0 M M M 8.2 31 250 M M 7 40 250
================================================================================
SM 664 -57 1508 0 M M 108.3 M 121
================================================================================
AV 23.7 -2.0 3.9 FASTST M M 4 MAX(MPH)
MISC ----> 32 250 46 260
================================================================================
NOTES:
# LAST OF SEVERAL OCCURRENCES
COLUMN 17 PEAK WIND IN M.P.H.
PRELIMINARY LOCAL CLIMATOLOGICAL DATA (WS FORM: F-6) , PAGE 2
STATION: KREMMLING
MONTH: FEBRUARY
YEAR: 2023
LATITUDE: 40 3 N
LONGITUDE: 106 22 W
[TEMPERATURE DATA] [PRECIPITATION DATA] SYMBOLS USED IN COLUMN 16
AVERAGE MONTHLY: 10.8 TOTAL FOR MONTH: M 1 = FOG OR MIST
DPTR FM NORMAL: 0.0 DPTR FM NORMAL: M 2 = FOG REDUCING VISIBILITY
HIGHEST: 45 ON 21,25 GRTST 24HR M ON M TO 1/4 MILE OR LESS
LOWEST: -22 ON 3, 1 3 = THUNDER
SNOW, ICE PELLETS, HAIL 4 = ICE PELLETS
TOTAL MONTH: M 5 = HAIL
GRTST 24HR M ON M 6 = FREEZING RAIN OR DRIZZLE
GRTST DEPTH: M ON M 7 = DUSTSTORM OR SANDSTORM:
VSBY 1/2 MILE OR LESS
8 = SMOKE OR HAZE
[NO. OF DAYS WITH] [WEATHER - DAYS WITH] 9 = BLOWING SNOW
X = TORNADO
MAX 32 OR BELOW: 20 0.01 INCH OR MORE: 0
MAX 90 OR ABOVE: 0 0.10 INCH OR MORE: 0
MIN 32 OR BELOW: 28 0.50 INCH OR MORE: 0
MIN 0 OR BELOW: 17 1.00 INCH OR MORE: 0
[HDD (BASE 65) ]
TOTAL THIS MO. 1508 CLEAR (SCALE 0-3) 13
DPTR FM NORMAL M PTCLDY (SCALE 4-7) 10
TOTAL FM JUL 1 6742 CLOUDY (SCALE 8-10) 5
DPTR FM NORMAL M
[CDD (BASE 65) ]
TOTAL THIS MO. 0
DPTR FM NORMAL M [PRESSURE DATA]
TOTAL FM JAN 1 0 HIGHEST SLP M ON M
DPTR FM NORMAL M LOWEST SLP M ON M
[REMARKS]
#FINAL-02-23#