000
CXUS55 KBOU 010900
CF620V
PRELIMINARY LOCAL CLIMATOLOGICAL DATA (WS FORM: F-6)
STATION: KREMMLING
MONTH: MARCH
YEAR: 2022
LATITUDE: 40 3 N
LONGITUDE: 106 22 W
TEMPERATURE IN F: :PCPN: SNOW: WIND :SUNSHINE: SKY :PK WND
================================================================================
1 2 3 4 5 6A 6B 7 8 9 10 11 12 13 14 15 16 17 18
12Z AVG MX 2MIN
DY MAX MIN AVG DEP HDD CDD WTR SNW DPTH SPD SPD DIR MIN PSBL S-S WX SPD DR
================================================================================
1 23 -11 6 M 59 0 M M M 0.3 3 90 M M 1 M M
2 27 -6 11 M 54 0 M M M 0.0 M M M M 0 M M
3 25 -4 11 M 54 0 M M M 0.0 M M M M 4 12 M M
4 34 1 18 M 47 0 M M M 2.0 17 240 M M 6 12 29 240
5 37 12 25 M 40 0 M M M 3.8 10 40 M M 6 18 240
6 32 10 21 M 44 0 M M M 5.3 17 340 M M 8 1 22 330
7 23 -6 9 M 56 0 M M M 2.7 10 340 M M 7 18 330
8 18 -15 2 M 63 0 M M M 0.6 4 150 M M 5 M M
9 32 9 21 M 44 0 M M M 6.6 17 240 M M 8 25 260
10 19 -15 2 M 63 0 M M M 5.1 21 350 M M 6 28 350
11 10 -26 -8 M 73 0 M M M 0.0 M M M M 6 M M
12 37 9 23 M 42 0 M M M 3.5 17 260 M M 5 23 260
13 37 0 19 M 46 0 M M M 2.6 15 310 M M 4 22 310
14 37 18 28 M 37 0 M M M 2.7 8 110 M M 3 M M
15 32 3 18 M 47 0 M M M 0.4 3 350 M M 1 M M
16 36 9 23 M 42 0 M M M 1.7 14 330 M M 5 20 330
17 36 12 24 M 41 0 M M M 5.8 13 340 M M 4 20 340
18 32 1 17 M 48 0 M M M 0.1 4 130 M M 1 M M
19 32 5 19 M 46 0 M M M 0.3 3 350 M M 1 M M
20 37 12 25 M 40 0 M M M 1.0 5 80 M M 2 M M
21 36 18 27 M 38 0 M M M 8.3 16 330 M M 6 22 330
22 34 9 22 M 43 0 M M M 4.0 15 310 M M 5 23 350
23 37 7 22 M 43 0 M M M 2.0 6 70 M M 1 M M
24 39 12 26 M 39 0 M M M 0.4 4 360 M M 2 M M
25 54 14 34 M 31 0 M M M 1.9 6 70 M M 1 M M
26 54 30 42 M 23 0 M M M 2.8 9 110 M M 4 M M
27 52 21 37 M 28 0 M M M 0.3 5 100 M M 0 M M
28 59 19 39 M 26 0 M M M 2.0 10 210 M M 1 18 210
29 41 34 38 M 27 0 M M M 5.3 13 350 M M 8 20 340
30 36 21 29 M 36 0 M M M 7.0 18 320 M M 6 26 320
31 48 16 32 M 33 0 M M M 2.5 10 220 M M 3 18 280
================================================================================
SM 1086 219 1353 0 M M 81.3 M 120
================================================================================
AV 35.0 7.1 2.6 FASTST M M 4 MAX(MPH)
MISC ----> 21 350 29 240
================================================================================
NOTES:
# LAST OF SEVERAL OCCURRENCES
COLUMN 17 PEAK WIND IN M.P.H.
PRELIMINARY LOCAL CLIMATOLOGICAL DATA (WS FORM: F-6) , PAGE 2
STATION: KREMMLING
MONTH: MARCH
YEAR: 2022
LATITUDE: 40 3 N
LONGITUDE: 106 22 W
[TEMPERATURE DATA] [PRECIPITATION DATA] SYMBOLS USED IN COLUMN 16
AVERAGE MONTHLY: 21.0 TOTAL FOR MONTH: M 1 = FOG OR MIST
DPTR FM NORMAL: 0.0 DPTR FM NORMAL: M 2 = FOG REDUCING VISIBILITY
HIGHEST: 59 ON 28 GRTST 24HR M ON M TO 1/4 MILE OR LESS
LOWEST: -26 ON 11 3 = THUNDER
SNOW, ICE PELLETS, HAIL 4 = ICE PELLETS
TOTAL MONTH: M 5 = HAIL
GRTST 24HR M ON M 6 = FREEZING RAIN OR DRIZZLE
GRTST DEPTH: M ON M 7 = DUSTSTORM OR SANDSTORM:
VSBY 1/2 MILE OR LESS
8 = SMOKE OR HAZE
[NO. OF DAYS WITH] [WEATHER - DAYS WITH] 9 = BLOWING SNOW
X = TORNADO
MAX 32 OR BELOW: 12 0.01 INCH OR MORE: 0
MAX 90 OR ABOVE: 0 0.10 INCH OR MORE: 0
MIN 32 OR BELOW: 30 0.50 INCH OR MORE: 0
MIN 0 OR BELOW: 8 1.00 INCH OR MORE: 0
[HDD (BASE 65) ]
TOTAL THIS MO. 1353 CLEAR (SCALE 0-3) 13
DPTR FM NORMAL M PTCLDY (SCALE 4-7) 16
TOTAL FM JUL 1 8058 CLOUDY (SCALE 8-10) 2
DPTR FM NORMAL M
[CDD (BASE 65) ]
TOTAL THIS MO. 0
DPTR FM NORMAL M [PRESSURE DATA]
TOTAL FM JAN 1 0 HIGHEST SLP M ON M
DPTR FM NORMAL M LOWEST SLP M ON M
[REMARKS]
#FINAL-03-22#