000
CXUS54 KEWX 011010
CF63T5
PRELIMINARY LOCAL CLIMATOLOGICAL DATA (WS FORM: F-6)
STATION: LA GRANGE
MONTH: JUNE
YEAR: 2023
LATITUDE: 29 54 N
LONGITUDE: 96 57 W
TEMPERATURE IN F: :PCPN: SNOW: WIND :SUNSHINE: SKY :PK WND
================================================================================
1 2 3 4 5 6A 6B 7 8 9 10 11 12 13 14 15 16 17 18
12Z AVG MX 2MIN
DY MAX MIN AVG DEP HDD CDD WTR SNW DPTH SPD SPD DIR MIN PSBL S-S WX SPD DR
================================================================================
1 87 69 78 M 0 13 0.00 M M 6.0 9 150 M M 2 17 130
2 89 68 79 M 0 14 T M M 5.0 10 150 M M 1 1 17 170
3 90 67 79 M 0 14 0.08 M M 5.3 15 320 M M 5 1 33 M
4 85 66 76 M 0 11 0.01 M M 4.6 14 40 M M 5 24 40
5 87 69 78 M 0 13 0.01 M M 3.5 9 130 M M 6 1 18 99
6 85 65 75 M 0 10 0.00 M M 2.3 8 60 M M 2 1 M M
7 89 68 79 M 0 14 0.00 M M 1.0 5 240 M M 1 1 M M
8 88 71 80 M 0 15 T M M 3.7 8 160 M M 2 1 M M
9 93 69 81 M 0 16 0.00 M M 4.3 10 160 M M 2 1 M M
10 93 74 84 M 0 19 T M M 9.1 16 90 M M 4 28 90
11 93 69 81 M 0 16 0.00 M M 6.6 15 210 M M 2 28 130
12 95 74 85 M 0 20 0.00 M M 8.3 14 200 M M 2 1 M M
13 93 75 84 M 0 19 T M M 8.6 14 150 M M 4 1 M M
14 94 78 86 M 0 21 0.00 M M 8.4 13 180 M M 5 17 180
15 97 80 89 M 0 24 0.00 M M 9.3 14 180 M M 5 1 21 160
16 98 81 90 M 0 25 0.00 M M 9.5 15 190 M M 4 22 190
17 95 79 87 M 0 22 0.00 M M 5.9 13 130 M M 5 18 210
18 101 80 91 M 0 26 0.00 M M 10.6 16 180 M M 4 25 190
19 100 79 90 M 0 25 0.00 M M 8.6 15 170 M M 3 22 180
20 102 80 91 M 0 26 0.00 M M 8.7 13 180 M M 4 1 17 190
21 100 75 88 M 0 23 T M M 7.6 12 350 M M 4 3 36 M
22 93 74 84 M 0 19 T M M 4.7 12 280 M M 4 M M
23 98 79 89 M 0 24 0.00 M M 7.6 12 140 M M 3 20 160
24 98 78 88 M 0 23 0.00 M M 9.5 15 170 M M 4 21 190
25 100 80 90 M 0 25 0.00 M M 10.1 16 190 M M 4 23 190
26 99 78 89 M 0 24 0.00 M M 10.5 16 160 M M 3 20 150
27 101 78 90 M 0 25 0.00 M M 9.3 13 190 M M 3 21 200
28 98 79 89 M 0 24 0.00 M M 9.8 14 190 M M 2 23 190
29 98 78 88 M 0 23 0.00 M M 8.0 15 120 M M 2 20 120
30 99 76 88 M 0 23 0.02 M M 7.6 12 190 M M 2 18 140
================================================================================
SM 2838 2236 0 596 0.12 M 214.1 M 99
================================================================================
AV 94.6 74.5 7.1 FASTST M M 3 MAX(MPH)
MISC ----> # 16 180 36 9999
================================================================================
NOTES:
# LAST OF SEVERAL OCCURRENCES
COLUMN 17 PEAK WIND IN M.P.H.
PRELIMINARY LOCAL CLIMATOLOGICAL DATA (WS FORM: F-6) , PAGE 2
STATION: LA GRANGE
MONTH: JUNE
YEAR: 2023
LATITUDE: 29 54 N
LONGITUDE: 96 57 W
[TEMPERATURE DATA] [PRECIPITATION DATA] SYMBOLS USED IN COLUMN 16
AVERAGE MONTHLY: 84.6 TOTAL FOR MONTH: 0.12 1 = FOG OR MIST
DPTR FM NORMAL: 0.0 DPTR FM NORMAL: M 2 = FOG REDUCING VISIBILITY
HIGHEST: 102 ON 20 GRTST 24HR 0.08 ON 3- 3 TO 1/4 MILE OR LESS
LOWEST: 65 ON 6 3 = THUNDER
SNOW, ICE PELLETS, HAIL 4 = ICE PELLETS
TOTAL MONTH: M 5 = HAIL
GRTST 24HR M ON M 6 = FREEZING RAIN OR DRIZZLE
GRTST DEPTH: M ON M 7 = DUSTSTORM OR SANDSTORM:
VSBY 1/2 MILE OR LESS
8 = SMOKE OR HAZE
[NO. OF DAYS WITH] [WEATHER - DAYS WITH] 9 = BLOWING SNOW
X = TORNADO
MAX 32 OR BELOW: 0 0.01 INCH OR MORE: 4
MAX 90 OR ABOVE: 23 0.10 INCH OR MORE: 0
MIN 32 OR BELOW: 0 0.50 INCH OR MORE: 0
MIN 0 OR BELOW: 0 1.00 INCH OR MORE: 0
[HDD (BASE 65) ]
TOTAL THIS MO. 0 CLEAR (SCALE 0-3) 14
DPTR FM NORMAL M PTCLDY (SCALE 4-7) 16
TOTAL FM JUL 1 1080 CLOUDY (SCALE 8-10) 0
DPTR FM NORMAL M
[CDD (BASE 65) ]
TOTAL THIS MO. 596
DPTR FM NORMAL M [PRESSURE DATA]
TOTAL FM JAN 1 1240 HIGHEST SLP M ON M
DPTR FM NORMAL M LOWEST SLP M ON M
[REMARKS]
#FINAL-06-23#