000
CXUS53 KABR 011100
CF68D3
PRELIMINARY LOCAL CLIMATOLOGICAL DATA (WS FORM: F-6)
STATION: SISSETON SD
MONTH: JULY
YEAR: 2023
LATITUDE: 45 40 N
LONGITUDE: 96 59 W
TEMPERATURE IN F: :PCPN: SNOW: WIND :SUNSHINE: SKY :PK WND
================================================================================
1 2 3 4 5 6A 6B 7 8 9 10 11 12 13 14 15 16 17 18
12Z AVG MX 2MIN
DY MAX MIN AVG DEP HDD CDD WTR SNW DPTH SPD SPD DIR MIN PSBL S-S WX SPD DR
================================================================================
1 85 60 73 3 0 8 0.00 0.0 0 3.2 10 260 M M 0 14 260
2 90 65 78 7 0 13 0.00 0.0 0 8.5 18 220 M M 0 28 210
3 85 65 75 4 0 10 0.04 0.0 0 10.0 18 360 M M 0 27 360
4 76 61 69 -2 0 4 0.39 0.0 0 8.8 23 310 M M 0 32 300
5 69 49 59 -12 6 0 0.00 0.0 0 8.6 17 340 M M 0 25 360
6 77 44 61 -10 4 0 0.00 0.0 0 5.7 14 220 M M 0 22 240
7 76 51 64 -7 1 0 0.28 0.0 0 7.1 23 310 M M 0 34 310
8 76 50 63 -8 2 0 0.00 0.0 0 5.6 14 230 M M 0 20 230
9 86 64 75 3 0 10 0.00 0.0 0 18.5 25 250 M M 0 37 220
10 79 52 66 -6 0 1 0.00 0.0 0 10.4 21 240 M M 0 31 240
11 67 46 57 -15 8 0 0.04 0.0 0 4.8 12 60 M M 0 16 60
12 77 53 65 -7 0 0 0.15 0.0 0 2.8 13 140 M M 0 17 140
13 87 53 70 -2 0 5 0.00 0.0 0 6.9 22 280 M M 0 33 290
14 82 58 70 -2 0 5 0.01 0.0 0 7.6 21 320 M M 0 29 310
15 75 56 66 -6 0 1 0.00 0.0 0 10.4 22 330 M M 0 32 330
16 76 51 64 -8 1 0 0.00 0.0 0 10.9 22 340 M M 0 32 350
17 75 48 62 -10 3 0 0.00 0.0 0 6.5 16 330 M M 0 24 350
18 82 52 67 -5 0 2 0.27 0.0 0 6.5 16 70 M M 0 25 140
19 87 64 76 4 0 11 0.00 0.0 0 11.6 23 290 M M 0 35 310
20 80 56 68 -4 0 3 0.00 0.0 0 9.4 18 340 M M 0 26 340
21 85 53 69 -3 0 4 0.00 0.0 0 3.8 16 20 M M 0 23 20
22 86 56 71 -1 0 6 0.00 0.0 0 8.9 18 340 M M 0 26 340
23 85 51 68 -4 0 3 0.00 0.0 0 4.0 10 130 M M 0 14 140
24 94 59 77 5 0 12 0.00 0.0 0 3.8 9 110 M M 0 16 70
25 92 59 76 4 0 11 0.00 0.0 0 8.3 20 160 M M 0 30 170
26 101 68 85 13 0 20 0.02 0.0 0 7.0 25 310 M M 0 36 300
27 92 66 79 7 0 14 0.08 0.0 0 6.8 15 360 M M 0 22 350
28 82 62 72 1 0 7 0.01 0.0 0 7.5 24 320 M M 0 34 320
29 77 54 66 -5 0 1 0.00 0.0 0 8.3 16 360 M M 0 26 10
30 81 50 66 -5 0 1 0.00 0.0 0 5.0 12 80 M M 0 16 80
31 87 56 72 1 0 7 0.00 0.0 0 6.6 14 120 M M 0 20 110
================================================================================
SM 2549 1732 25 159 1.29 0.0 233.8 M 0
================================================================================
AV 82.2 55.9 7.5 FASTST M M 0 MAX(MPH)
MISC ----> # 25 250 37 220
================================================================================
NOTES:
# LAST OF SEVERAL OCCURRENCES
COLUMN 17 PEAK WIND IN M.P.H.
PRELIMINARY LOCAL CLIMATOLOGICAL DATA (WS FORM: F-6) , PAGE 2
STATION: SISSETON SD
MONTH: JULY
YEAR: 2023
LATITUDE: 45 40 N
LONGITUDE: 96 59 W
[TEMPERATURE DATA] [PRECIPITATION DATA] SYMBOLS USED IN COLUMN 16
AVERAGE MONTHLY: 69.0 TOTAL FOR MONTH: 1.29 1 = FOG OR MIST
DPTR FM NORMAL: -2.4 DPTR FM NORMAL: -2.20 2 = FOG REDUCING VISIBILITY
HIGHEST: 101 ON 26 GRTST 24HR 0.39 ON 4- 4 TO 1/4 MILE OR LESS
LOWEST: 44 ON 6 3 = THUNDER
SNOW, ICE PELLETS, HAIL 4 = ICE PELLETS
TOTAL MONTH: 0.0 INCH 5 = HAIL
GRTST 24HR 0.0 6 = FREEZING RAIN OR DRIZZLE
GRTST DEPTH: 0 7 = DUSTSTORM OR SANDSTORM:
VSBY 1/2 MILE OR LESS
8 = SMOKE OR HAZE
[NO. OF DAYS WITH] [WEATHER - DAYS WITH] 9 = BLOWING SNOW
X = TORNADO
MAX 32 OR BELOW: 0 0.01 INCH OR MORE: 10
MAX 90 OR ABOVE: 5 0.10 INCH OR MORE: 4
MIN 32 OR BELOW: 0 0.50 INCH OR MORE: 0
MIN 0 OR BELOW: 0 1.00 INCH OR MORE: 0
[HDD (BASE 65) ]
TOTAL THIS MO. 25 CLEAR (SCALE 0-3) 31
DPTR FM NORMAL 14 PTCLDY (SCALE 4-7) 0
TOTAL FM JUL 1 25 CLOUDY (SCALE 8-10) 0
DPTR FM NORMAL 25
[CDD (BASE 65) ]
TOTAL THIS MO. 159
DPTR FM NORMAL -52 [PRESSURE DATA]
TOTAL FM JAN 1 509 HIGHEST SLP 30.21 ON 29
DPTR FM NORMAL 149 LOWEST SLP 29.62 ON 13
[REMARKS]
#FINAL-07-23#