000
CXUS53 KABR 011410
CLM8D3
CLIMATE REPORT
NATIONAL WEATHER SERVICE ABERDEEN SD
910 AM CDT SAT JUL 01 2023
...................................
...THE SISSETON SD CLIMATE SUMMARY FOR THE MONTH OF JUNE 2023...
CLIMATE NORMAL PERIOD 1991 TO 2020
CLIMATE RECORD PERIOD 1900 TO 2023
WEATHER OBSERVED NORMAL DEPART LAST YEAR`S
VALUE DATE(S) VALUE FROM VALUE DATE(S)
NORMAL
................................................................
TEMPERATURE (F)
RECORD
HIGH 105 06/02/1934
LOW 31 06/07/1901
HIGHEST 95 06/19 78 17 103 06/19
06/20
06/29
LOWEST 49 06/12 MM MM 44 06/03
AVG. MAXIMUM 84.6 78.4 6.2 85.8
AVG. MINIMUM 60.3 56.0 4.3 61.3
MEAN 72.4 67.2 5.3 73.6
DAYS MAX >= 90 9 2.0 7.0 8
DAYS MAX <= 32 0 0.0 0.0 0
DAYS MIN <= 32 0 0.0 0.0 0
DAYS MIN <= 0 0 0.0 0.0 0
PRECIPITATION (INCHES)
RECORD
MAXIMUM 9.08 1939
MINIMUM 0.55 1974
TOTALS 4.23 3.50 0.73 0.74
DAYS >= .01 9 12.1 -3.1 4
DAYS >= .10 4 7.0 -3.0 3
DAYS >= .50 2 1.8 0.2 0
DAYS >= 1.00 2 0.7 1.3 0
SNOWFALL (INCHES)
RECORDS
TOTAL MM 0
SNOW DEPTH MM MM
TOTALS 0.0 0.0 0.0 0.0
SINCE 7/1 81.8 36.3 45.5 MM
SNOWDEPTH AVG. 0 0
DAYS >= TRACE 0 0.0 0.0 0
DAYS >= 1.0 0 0.0 0.0 0
GREATEST
SNOW DEPTH 0 0 MM
DEGREE DAYS
HEATING TOTAL 2 52 -50 10
SINCE 7/1 8172 8182 -10 MM
COOLING TOTAL 233 118 115 275
SINCE 1/1 350 149 201 MM
FREEZE DATES
RECORD
EARLIEST MM
LATEST MM
EARLIEST 09/28 09/28
LATEST 04/26 04/28
................................................................
WIND (MPH)
AVERAGE WIND SPEED 8.0
RESULTANT WIND SPEED/DIRECTION 2/140
HIGHEST WIND SPEED/DIRECTION 44/320 DATE 06/07
HIGHEST GUST SPEED/DIRECTION 61/310 DATE 06/07
SKY COVER
POSSIBLE SUNSHINE (PERCENT) MM
AVERAGE SKY COVER 0.00
NUMBER OF DAYS FAIR 30
NUMBER OF DAYS PC 0
NUMBER OF DAYS CLOUDY 0
AVERAGE RH (PERCENT) 65
WEATHER CONDITIONS. NUMBER OF DAYS WITH
THUNDERSTORM 0 MIXED PRECIP 0
HEAVY RAIN 0 RAIN 0
LIGHT RAIN 0 FREEZING RAIN 0
LT FREEZING RAIN 0 HAIL 0
HEAVY SNOW 0 SNOW 0
LIGHT SNOW 0 SLEET 0
FOG 0 FOG W/VIS <= 1/4 MILE 0
HAZE 0
- INDICATES NEGATIVE NUMBERS.
R INDICATES RECORD WAS SET OR TIED.
MM INDICATES DATA IS MISSING.
T INDICATES TRACE AMOUNT.
$$