000
CXUS52 KTAE 010800
CF6AAF
PRELIMINARY LOCAL CLIMATOLOGICAL DATA (WS FORM: F-6)
STATION: APALACHICOLA
MONTH: APRIL
YEAR: 2021
LATITUDE: 29 43 N
LONGITUDE: 85 2 W
TEMPERATURE IN F: :PCPN: SNOW: WIND :SUNSHINE: SKY :PK WND
================================================================================
1 2 3 4 5 6A 6B 7 8 9 10 11 12 13 14 15 16 17 18
12Z AVG MX 2MIN
DY MAX MIN AVG DEP HDD CDD WTR SNW DPTH SPD SPD DIR MIN PSBL S-S WX SPD DR
================================================================================
1 68 51 60 -3 5 0 0.00 0.0 0 15.3 28 20 M M 3 40 20
2 66 42 54 -9 11 0 0.00 0.0 0 10.3 20 50 M M 0 26 40
3 64 42 53 -11 12 0 0.00 0.0 0 6.2 16 120 M M 0 23 130
4 70 44 57 -7 8 0 0.00 0.0 M 6.7 14 150 M M 1 20 140
5 72 49 61 -3 4 0 0.00 0.0 M 4.5 14 160 M M 0 17 140
6 73 48 61 -3 4 0 0.00 M M 5.5 15 190 M M 0 21 180
7 75 52 64 0 1 0 0.00 M M 5.9 14 190 M M 0 18 160
8 74 67 71 6 0 6 0.03 0.0 M 10.2 26 170 M M 4 31 170
9 72 65 69 4 0 4 0.39 M M 7.0 21 150 M M 8 13 26 150
10 74 60 67 2 0 2 0.35 0.0 M 8.1 32 290 M M 4 13 45 300
11 74 62 68 3 0 3 2.03 0.0 0 5.7 20 310 M M 7 13 27 310
12 80 57 69 3 0 4 0.00 0.0 0 5.6 16 20 M M 2 12 21 30
13 83 51 67 1 0 2 0.00 0.0 0 4.8 12 240 M M 0 14 240
14 80 63 72 6 0 7 T 0.0 0 7.5 17 210 M M 2 23 210
15 75 64 70 4 0 5 0.55 0.0 0 5.5 25 220 M M 4 13 32 220
16 68 62 65 -1 0 0 0.72 0.0 0 5.6 18 360 M M 10 13 27 350
17 75 62 69 2 0 4 0.75 0.0 0 5.5 13 30 M M 9 13 16 10
18 71 63 67 0 0 2 0.24 M M 2.5 14 20 M M 10 13 17 10
19 77 58 68 1 0 3 0.00 M M 6.4 16 20 M M 2 23 20
20 78 58 68 1 0 3 T 0.0 M 4.9 13 140 M M 4 3 15 150
21 83 57 70 2 0 5 0.00 0.0 M 9.9 23 310 M M 0 27 310
22 67 49 58 -10 7 0 0.00 0.0 0 8.4 23 10 M M 0 29 20
23 72 51 62 -6 3 0 0.00 0.0 0 9.3 18 100 M M 2 27 100
24 80 70 75 7 0 10 T 0.0 0 15.1 22 200 M M 9 1 31 210
25 83 61 72 3 0 7 0.00 0.0 0 8.4 18 290 M M 2 1 25 270
26 79 57 68 -1 0 3 0.00 0.0 0 5.5 13 160 M M 0 18 130
27 79 63 71 2 0 6 0.00 0.0 0 7.2 18 150 M M 0 23 140
28 80 62 71 1 0 6 0.00 0.0 0 6.8 16 140 M M 0 21 150
29 84 62 73 3 0 8 0.00 0.0 0 7.2 14 170 M M 1 12 18 170
30 86 72 79 9 0 14 0.00 0.0 M 7.9 16 260 M M 6 20 240
================================================================================
SM 2262 1724 55 104 5.06 0.0 219.4 M 90
================================================================================
AV 75.4 57.5 7.3 FASTST M M 3 MAX(MPH)
MISC ----> 32 290 45 300
================================================================================
NOTES:
# LAST OF SEVERAL OCCURRENCES
COLUMN 17 PEAK WIND IN M.P.H.
PRELIMINARY LOCAL CLIMATOLOGICAL DATA (WS FORM: F-6) , PAGE 2
STATION: APALACHICOLA
MONTH: APRIL
YEAR: 2021
LATITUDE: 29 43 N
LONGITUDE: 85 2 W
[TEMPERATURE DATA] [PRECIPITATION DATA] SYMBOLS USED IN COLUMN 16
AVERAGE MONTHLY: 66.4 TOTAL FOR MONTH: 5.06 1 = FOG OR MIST
DPTR FM NORMAL: -0.1 DPTR FM NORMAL: 1.99 2 = FOG REDUCING VISIBILITY
HIGHEST: 86 ON 30 GRTST 24HR 2.34 ON 10-11 TO 1/4 MILE OR LESS
LOWEST: 42 ON 3, 2 3 = THUNDER
SNOW, ICE PELLETS, HAIL 4 = ICE PELLETS
TOTAL MONTH: 0.0 INCH 5 = HAIL
GRTST 24HR 0.0 6 = FREEZING RAIN OR DRIZZLE
GRTST DEPTH: 0 7 = DUSTSTORM OR SANDSTORM:
VSBY 1/2 MILE OR LESS
8 = SMOKE OR HAZE
[NO. OF DAYS WITH] [WEATHER - DAYS WITH] 9 = BLOWING SNOW
X = TORNADO
MAX 32 OR BELOW: 0 0.01 INCH OR MORE: 8
MAX 90 OR ABOVE: 0 0.10 INCH OR MORE: 7
MIN 32 OR BELOW: 0 0.50 INCH OR MORE: 4
MIN 0 OR BELOW: 0 1.00 INCH OR MORE: 1
[HDD (BASE 65) ]
TOTAL THIS MO. 55 CLEAR (SCALE 0-3) 19
DPTR FM NORMAL 5 PTCLDY (SCALE 4-7) 6
TOTAL FM JUL 1 1098 CLOUDY (SCALE 8-10) 5
DPTR FM NORMAL -291
[CDD (BASE 65) ]
TOTAL THIS MO. 104
DPTR FM NORMAL 10 [PRESSURE DATA]
TOTAL FM JAN 1 216 HIGHEST SLP 30.45 ON 3
DPTR FM NORMAL 86 LOWEST SLP 29.68 ON 11
[REMARKS]
#FINAL-04-21#