000
CXUS54 KSJT 011000
CF6ABI
PRELIMINARY LOCAL CLIMATOLOGICAL DATA (WS FORM: F-6)
STATION: ABILENE
MONTH: OCTOBER
YEAR: 2021
LATITUDE: 32 25 N
LONGITUDE: 99 41 W
TEMPERATURE IN F: :PCPN: SNOW: WIND :SUNSHINE: SKY :PK WND
================================================================================
1 2 3 4 5 6A 6B 7 8 9 10 11 12 13 14 15 16 17 18
12Z AVG MX 2MIN
DY MAX MIN AVG DEP HDD CDD WTR SNW DPTH SPD SPD DIR MIN PSBL S-S WX SPD DR
================================================================================
1 79 65 72 0 0 7 T 0.0 0 7.0 14 120 M M 6 19 120
2 82 63 73 1 0 8 0.04 0.0 0 2.9 13 340 M M 4 1 17 320
3 85 61 73 1 0 8 0.00 0.0 0 4.7 14 10 M M 0 20 340
4 88 60 74 3 0 9 0.00 0.0 0 3.6 9 140 M M 0 15 40
5 87 61 74 3 0 9 0.00 0.0 0 8.1 16 90 M M 2 24 90
6 88 58 73 2 0 8 0.00 0.0 0 4.7 13 110 M M 1 17 110
7 93 64 79 9 0 14 0.00 0.0 0 11.3 18 200 M M 0 28 200
8 93 70 82 12 0 17 0.00 0.0 0 13.4 26 190 M M 0 36 190
9 93 69 81 11 0 16 0.00 0.0 0 14.5 23 200 M M 0 31 170
10 93 62 78 9 0 13 T 0.0 0 18.5 37 260 M M 1 38 60 240
11 84 52 68 -1 0 3 0.00 0.0 0 7.9 17 140 M M 0 24 290
12 90 66 78 9 0 13 0.00 0.0 0 20.3 29 170 M M 3 8 41 190
13 79 58 69 1 0 4 0.77 0.0 0 10.5 24 170 M M 5 138 37 190
14 83 59 71 3 0 6 0.00 0.0 0 9.1 16 190 M M 5 1 22 210
15 72 50 61 -7 4 0 0.00 0.0 0 13.3 26 340 M M 1 36 330
16 72 42 57 -10 8 0 0.00 0.0 0 4.4 13 10 M M 0 17 10
17 73 45 59 -8 6 0 0.00 0.0 0 7.2 15 140 M M 0 21 140
18 77 50 64 -2 1 0 T 0.0 0 12.3 22 160 M M 0 29 160
19 83 60 72 6 0 7 0.00 0.0 0 15.7 24 190 M M 0 33 180
20 82 61 72 6 0 7 0.00 0.0 0 7.5 20 200 M M 2 29 210
21 83 59 71 6 0 6 0.00 0.0 0 4.5 10 80 M M 4 14 170
22 85 63 74 9 0 9 0.00 0.0 0 9.3 17 190 M M 1 24 170
23 87 67 77 13 0 12 0.00 0.0 0 15.9 23 210 M M 0 33 190
24 91 60 76 12 0 11 0.00 0.0 0 11.9 25 210 M M 1 36 220
25 92 52 72 8 0 7 0.00 0.0 0 7.2 17 170 M M 0 26 150
26 89 61 75 12 0 10 0.60 0.0 0 16.9 43 260 M M 1 13 60 270
27 71 55 63 0 2 0 0.07 0.0 0 16.5 38 320 M M 2 1 51 320
28 74 53 64 2 1 0 0.00 0.0 0 19.7 37 330 M M 0 51 340
29 72 47 60 -2 5 0 0.00 0.0 0 14.7 28 350 M M 0 37 340
30 82 42 62 0 3 0 0.00 0.0 0 9.0 18 200 M M 0 25 220
31 77 50 64 3 1 0 0.00 M M 5.8 13 320 M M 0 8 16 300
================================================================================
SM 2579 1785 31 204 1.48 0.0 328.3 M 39
================================================================================
AV 83.2 57.6 10.6 FASTST M M 1 MAX(MPH)
MISC ----> 43 260 # 60 240
================================================================================
NOTES:
# LAST OF SEVERAL OCCURRENCES
COLUMN 17 PEAK WIND IN M.P.H.
PRELIMINARY LOCAL CLIMATOLOGICAL DATA (WS FORM: F-6) , PAGE 2
STATION: ABILENE
MONTH: OCTOBER
YEAR: 2021
LATITUDE: 32 25 N
LONGITUDE: 99 41 W
[TEMPERATURE DATA] [PRECIPITATION DATA] SYMBOLS USED IN COLUMN 16
AVERAGE MONTHLY: 70.4 TOTAL FOR MONTH: 1.48 1 = FOG OR MIST
DPTR FM NORMAL: 3.4 DPTR FM NORMAL: -1.35 2 = FOG REDUCING VISIBILITY
HIGHEST: 93 ON 10, 9 GRTST 24HR 2.18 ON 30- 1 TO 1/4 MILE OR LESS
LOWEST: 42 ON 30,16 3 = THUNDER
SNOW, ICE PELLETS, HAIL 4 = ICE PELLETS
TOTAL MONTH: 0.0 INCH 5 = HAIL
GRTST 24HR 0.0 6 = FREEZING RAIN OR DRIZZLE
GRTST DEPTH: 0 7 = DUSTSTORM OR SANDSTORM:
VSBY 1/2 MILE OR LESS
8 = SMOKE OR HAZE
[NO. OF DAYS WITH] [WEATHER - DAYS WITH] 9 = BLOWING SNOW
X = TORNADO
MAX 32 OR BELOW: 0 0.01 INCH OR MORE: 4
MAX 90 OR ABOVE: 7 0.10 INCH OR MORE: 2
MIN 32 OR BELOW: 0 0.50 INCH OR MORE: 2
MIN 0 OR BELOW: 0 1.00 INCH OR MORE: 0
[HDD (BASE 65) ]
TOTAL THIS MO. 31 CLEAR (SCALE 0-3) 25
DPTR FM NORMAL -53 PTCLDY (SCALE 4-7) 6
TOTAL FM JUL 1 31 CLOUDY (SCALE 8-10) 0
DPTR FM NORMAL -61
[CDD (BASE 65) ]
TOTAL THIS MO. 204
DPTR FM NORMAL 58 [PRESSURE DATA]
TOTAL FM JAN 1 2564 HIGHEST SLP 30.44 ON 16
DPTR FM NORMAL -107 LOWEST SLP 29.48 ON 10
[REMARKS]
#FINAL-10-21#