000
CXUS55 KABQ 011250
CF6ABQ
PRELIMINARY LOCAL CLIMATOLOGICAL DATA (WS FORM: F-6)
STATION: ALBUQUERQUE NM
MONTH: DECEMBER
YEAR: 2023
LATITUDE: 35 2 N
LONGITUDE: 106 37 W
TEMPERATURE IN F: :PCPN: SNOW: WIND :SUNSHINE: SKY :PK WND
================================================================================
1 2 3 4 5 6A 6B 7 8 9 10 11 12 13 14 15 16 17 18
12Z AVG MX 2MIN
DY MAX MIN AVG DEP HDD CDD WTR SNW DPTH SPD SPD DIR MIN PSBL S-S WX SPD DR
================================================================================
1 48 36 42 2 23 0 T 0.0 0 8.5 22 280 M M 8 29 260
2 47 30 39 -1 26 0 0.00 0.0 0 8.6 23 320 M M 5 33 330
3 54 28 41 2 24 0 0.00 0.0 0 7.2 21 330 M M 3 26 320
4 55 31 43 4 22 0 0.00 0.0 0 4.1 16 330 M M 4 22 350
5 56 30 43 4 22 0 0.00 0.0 0 3.8 12 340 M M 0 15 340
6 57 30 44 6 21 0 0.00 0.0 0 4.5 13 10 M M 1 16 10
7 60 32 46 8 19 0 0.00 0.0 0 4.1 13 270 M M 4 18 280
8 56 34 45 7 20 0 0.00 0.0 0 11.8 31 270 M M 2 42 300
9 42 27 35 -3 30 0 0.00 0.0 0 7.2 18 330 M M 1 25 330
10 43 21 32 -5 33 0 0.00 0.0 0 4.6 9 200 M M 2 14 190
11 50 27 39 2 26 0 0.00 0.0 0 3.7 10 10 M M 9 14 10
12 50 34 42 5 23 0 0.00 0.0 0 9.8 24 90 M M 9 35 100
13 49 40 45 8 20 0 0.03 0.0 0 23.8 36 80 M M 8 43 80
14 46 33 40 3 25 0 0.50 T T 11.8 30 90 M M 8 13 38 90
15 51 35 43 6 22 0 0.00 0.0 0 6.9 13 360 M M 3 18 340
16 50 28 39 3 26 0 0.00 0.0 0 3.0 12 350 M M 3 14 340
17 54 30 42 6 23 0 0.00 0.0 0 6.4 15 10 M M 5 19 10
18 54 30 42 6 23 0 0.00 0.0 0 3.9 14 360 M M 6 18 10
19 52 30 41 5 24 0 0.00 0.0 0 2.5 8 280 M M 7 10 40
20 48 32 40 4 25 0 0.01 0.0 0 3.7 13 10 M M 7 15 10
21 52 37 45 9 20 0 0.00 0.0 0 4.4 10 200 M M 5 12 13 190
22 52 31 42 6 23 0 0.04 0.0 0 4.7 13 10 M M 7 1 14 20
23 48 38 43 7 22 0 0.43 0.0 0 8.2 28 250 M M 9 13 36 260
24 45 32 39 3 26 0 T 0.0 0 10.4 21 330 M M 5 29 340
25 40 27 34 -2 31 0 0.00 0.0 0 9.1 18 10 M M 1 25 340
26 44 25 35 -1 30 0 0.00 0.0 0 12.1 23 340 M M 1 32 360
27 46 25 36 0 29 0 0.00 0.0 0 4.3 12 10 M M 0 15 10
28 46 21 34 -2 31 0 0.00 0.0 0 4.7 10 360 M M 2 14 300
29 48 25 37 1 28 0 0.00 0.0 0 3.5 10 10 M M 0 14 20
30 48 22 35 -1 30 0 0.00 0.0 0 3.4 12 10 M M 4 15 10
31 50 25 38 2 27 0 0.00 0.0 0 4.0 9 150 M M 3 11 230
================================================================================
SM 1541 926 774 0 1.01 T 208.7 M 132
================================================================================
AV 49.7 29.9 6.7 FASTST M M 4 MAX(MPH)
MISC ----> 36 80 43 80
================================================================================
NOTES:
# LAST OF SEVERAL OCCURRENCES
COLUMN 17 PEAK WIND IN M.P.H.
PRELIMINARY LOCAL CLIMATOLOGICAL DATA (WS FORM: F-6) , PAGE 2
STATION: ALBUQUERQUE NM
MONTH: DECEMBER
YEAR: 2023
LATITUDE: 35 2 N
LONGITUDE: 106 37 W
[TEMPERATURE DATA] [PRECIPITATION DATA] SYMBOLS USED IN COLUMN 16
AVERAGE MONTHLY: 39.8 TOTAL FOR MONTH: 1.01 1 = FOG OR MIST
DPTR FM NORMAL: 2.9 DPTR FM NORMAL: 0.48 2 = FOG REDUCING VISIBILITY
HIGHEST: 60 ON 7 GRTST 24HR 0.53 ON 13-14 TO 1/4 MILE OR LESS
LOWEST: 21 ON 28,10 3 = THUNDER
SNOW, ICE PELLETS, HAIL 4 = ICE PELLETS
TOTAL MONTH: T 5 = HAIL
GRTST 24HR T ON 14-14 6 = FREEZING RAIN OR DRIZZLE
GRTST DEPTH: T 7 = DUSTSTORM OR SANDSTORM:
VSBY 1/2 MILE OR LESS
8 = SMOKE OR HAZE
[NO. OF DAYS WITH] [WEATHER - DAYS WITH] 9 = BLOWING SNOW
X = TORNADO
MAX 32 OR BELOW: 0 0.01 INCH OR MORE: 5
MAX 90 OR ABOVE: 0 0.10 INCH OR MORE: 2
MIN 32 OR BELOW: 23 0.50 INCH OR MORE: 1
MIN 0 OR BELOW: 0 1.00 INCH OR MORE: 0
[HDD (BASE 65) ]
TOTAL THIS MO. 774 CLEAR (SCALE 0-3) 12
DPTR FM NORMAL -96 PTCLDY (SCALE 4-7) 14
TOTAL FM JUL 1 1448 CLOUDY (SCALE 8-10) 5
DPTR FM NORMAL -240
[CDD (BASE 65) ]
TOTAL THIS MO. 0
DPTR FM NORMAL 0 [PRESSURE DATA]
TOTAL FM JAN 1 1790 HIGHEST SLP 30.54 ON 9
DPTR FM NORMAL 354 LOWEST SLP 29.73 ON 8
[REMARKS]
#FINAL-12-23#