000
CXUS55 KABQ 011301
CF6ABQ
PRELIMINARY LOCAL CLIMATOLOGICAL DATA (WS FORM: F-6)
STATION: ALBUQUERQUE NM
MONTH: MARCH
YEAR: 2020
LATITUDE: 35 2 N
LONGITUDE: 106 37 W
TEMPERATURE IN F: :PCPN: SNOW: WIND :SUNSHINE: SKY :PK WND
================================================================================
1 2 3 4 5 6A 6B 7 8 9 10 11 12 13 14 15 16 17 18
12Z AVG MX 2MIN
DY MAX MIN AVG DEP HDD CDD WTR SNW DPTH SPD SPD DIR MIN PSBL S-S WX SPD DR
================================================================================
1 60 38 49 4 16 0 T 0.0 0 6.9 20 250 M M 6 26 210
2 59 33 46 1 19 0 0.00 0.0 0 6.4 21 280 M M 2 25 280
3 59 32 46 1 19 0 0.00 0.0 0 8.9 16 360 M M 4 22 330
4 63 35 49 3 16 0 0.00 0.0 0 7.3 15 10 M M 1 19 10
5 65 35 50 4 15 0 0.00 0.0 0 8.0 23 110 M M 1 29 110
6 65 37 51 5 14 0 0.00 0.0 0 7.6 23 190 M M 5 29 190
7 68 37 53 7 12 0 0.00 0.0 0 7.4 23 170 M M 5 26 170
8 58 44 51 5 14 0 0.01 0.0 0 10.0 24 170 M M 9 29 280
9 64 34 49 2 16 0 0.00 0.0 0 6.6 15 180 M M 3 12 19 220
10 67 42 55 8 10 0 T 0.0 0 7.3 24 280 M M 8 29 250
11 65 45 55 8 10 0 0.02 0.0 0 7.2 17 20 M M 9 3 21 170
12 66 48 57 10 8 0 T 0.0 0 6.1 22 180 M M 9 27 170
13 61 45 53 5 12 0 0.23 0.0 0 12.5 32 240 M M 8 13 44 240
14 59 37 48 0 17 0 0.00 0.0 0 5.8 16 170 M M 3 21 190
15 66 41 54 6 11 0 0.00 0.0 0 7.8 21 170 M M 5 25 160
16 68 40 54 6 11 0 0.00 0.0 0 6.3 15 170 M M 4 20 200
17 68 46 57 9 8 0 0.00 0.0 0 11.7 31 170 M M 8 38 180
18 60 41 51 3 14 0 0.03 0.0 0 11.0 36 200 M M 7 42 190
19 54 36 45 -4 20 0 0.00 0.0 0 13.3 26 280 M M 6 33 280
20 60 35 48 -1 17 0 0.00 0.0 0 12.4 24 80 M M 6 30 70
21 62 38 50 1 15 0 0.02 0.0 0 6.8 37 270 M M 7 3 43 270
22 62 36 49 0 16 0 0.00 0.0 0 6.6 17 260 M M 9 23 280
23 69 43 56 6 9 0 0.00 0.0 0 10.9 32 270 M M 5 42 270
24 66 41 54 4 11 0 0.00 0.0 0 6.5 15 180 M M 1 18 180
25 77 41 59 9 6 0 0.00 0.0 0 9.3 28 280 M M 5 34 280
26 66 51 59 9 6 0 T 0.0 0 15.6 32 210 M M 8 40 210
27 62 36 49 -1 16 0 T 0.0 0 18.4 38 290 M M 6 49 270
28 54 31 43 -8 22 0 0.00 0.0 0 9.7 24 320 M M 3 29 330
29 63 34 49 -2 16 0 0.00 0.0 0 8.9 25 170 M M 6 30 170
30 62 39 51 0 14 0 0.00 0.0 0 10.3 28 300 M M 2 36 310
31 70 33 52 1 13 0 0.00 0.0 0 4.3 14 190 M M 5 17 180
================================================================================
SM 1968 1204 423 0 0.31 0.0 277.8 M 166
================================================================================
AV 63.5 38.8 9.0 FASTST M M 5 MAX(MPH)
MISC ----> # 38 290 # 49 270
================================================================================
NOTES:
# LAST OF SEVERAL OCCURRENCES
COLUMN 17 PEAK WIND IN M.P.H.
PRELIMINARY LOCAL CLIMATOLOGICAL DATA (WS FORM: F-6) , PAGE 2
STATION: ALBUQUERQUE NM
MONTH: MARCH
YEAR: 2020
LATITUDE: 35 2 N
LONGITUDE: 106 37 W
[TEMPERATURE DATA] [PRECIPITATION DATA] SYMBOLS USED IN COLUMN 16
AVERAGE MONTHLY: 51.2 TOTAL FOR MONTH: 0.31 1 = FOG OR MIST
DPTR FM NORMAL: 3.1 DPTR FM NORMAL: -0.26 2 = FOG REDUCING VISIBILITY
HIGHEST: 77 ON 25 GRTST 24HR 0.23 ON 13-13 TO 1/4 MILE OR LESS
LOWEST: 31 ON 28 3 = THUNDER
SNOW, ICE PELLETS, HAIL 4 = ICE PELLETS
TOTAL MONTH: 0.0 INCH 5 = HAIL
GRTST 24HR 0.0 6 = FREEZING RAIN OR DRIZZLE
GRTST DEPTH: 0 7 = DUSTSTORM OR SANDSTORM:
VSBY 1/2 MILE OR LESS
8 = SMOKE OR HAZE
[NO. OF DAYS WITH] [WEATHER - DAYS WITH] 9 = BLOWING SNOW
X = TORNADO
MAX 32 OR BELOW: 0 0.01 INCH OR MORE: 5
MAX 90 OR ABOVE: 0 0.10 INCH OR MORE: 1
MIN 32 OR BELOW: 2 0.50 INCH OR MORE: 0
MIN 0 OR BELOW: 0 1.00 INCH OR MORE: 0
[HDD (BASE 65) ]
TOTAL THIS MO. 423 CLEAR (SCALE 0-3) 8
DPTR FM NORMAL -101 PTCLDY (SCALE 4-7) 19
TOTAL FM JUL 1 3716 CLOUDY (SCALE 8-10) 4
DPTR FM NORMAL -111
[CDD (BASE 65) ]
TOTAL THIS MO. 0
DPTR FM NORMAL 0 [PRESSURE DATA]
TOTAL FM JAN 1 0 HIGHEST SLP 30.38 ON 6
DPTR FM NORMAL 0 LOWEST SLP 29.49 ON 27
[REMARKS]
#FINAL-03-20#