000
CXUS55 KABQ 011528
CLMABQ
CLIMATE REPORT
NATIONAL WEATHER SERVICE ALBUQUERQUE NM
928 AM MDT MON APR 01 2024
...................................
...THE ALBUQUERQUE NM CLIMATE SUMMARY FOR THE MONTH OF MARCH 2024...
CLIMATE NORMAL PERIOD 1991 TO 2020
CLIMATE RECORD PERIOD 1891 TO 2024
WEATHER OBSERVED NORMAL DEPART LAST YEAR`S
VALUE DATE(S) VALUE FROM VALUE DATE(S)
NORMAL
................................................................
TEMPERATURE (F)
RECORD
HIGH 85 03/26/1971
LOW 8 03/11/1948
HIGHEST 75 03/30 76 -1 71 03/08
LOWEST 29 03/10 21 8 25 03/03
AVG. MAXIMUM 60.4 62.8 -2.4 57.5
AVG. MINIMUM 36.4 36.2 0.2 34.5
MEAN 48.4 49.5 -1.1 46.0
DAYS MAX >= 90 0 0.0 0.0 0
DAYS MAX <= 32 0 0.0 0.0 0
DAYS MIN <= 32 6 8.2 -2.2 13
DAYS MIN <= 0 0 0.0 0.0 0
PRECIPITATION (INCHES)
RECORD
MAXIMUM 2.34 1998
MINIMUM T 2016
TOTALS 0.27 0.46 -0.19 0.53
DAILY AVG. 0.01 0.01 -0.00 0.02
DAYS >= .01 6 3.8 2.2 10
DAYS >= .10 2 1.4 0.6 2
DAYS >= .50 0 0.1 -0.1 0
DAYS >= 1.00 0 0.0 0.0 0
GREATEST
24 HR. TOTAL 0.20 03/16 TO 03/17 0.15
SNOWFALL (INCHES)
RECORDS
TOTAL 13.9 1973
TOTALS T 0.7 -0.7 1.2
SINCE 7/1 6.1 7.6 -1.5 MM
SNOWDEPTH AVG. 0 0
DAYS >= 1.0 0 0.2 -0.2 0
GREATEST
SNOW DEPTH 0 1 03/17
24 HR TOTAL MM MM
DEGREE DAYS
HEATING TOTAL 507 481 26 583
SINCE 7/1 3372 3670 -298 MM
COOLING TOTAL 0 0 0 0
SINCE 1/1 0 0 0 MM
................................................................
WIND (MPH)
AVERAGE WIND SPEED 9.9
HIGHEST WIND SPEED/DIRECTION 48/080 DATE 03/15
HIGHEST GUST SPEED/DIRECTION 61/080 DATE 03/15
SKY COVER
POSSIBLE SUNSHINE (PERCENT) MM
AVERAGE SKY COVER 0.48
NUMBER OF DAYS FAIR 11
NUMBER OF DAYS PC 13
NUMBER OF DAYS CLOUDY 7
AVERAGE RH (PERCENT) 45
WEATHER CONDITIONS. NUMBER OF DAYS WITH
THUNDERSTORM 0 MIXED PRECIP 0
HEAVY RAIN 0 RAIN 1
LIGHT RAIN 10 FREEZING RAIN 0
LT FREEZING RAIN 0 HAIL 3
HEAVY SNOW 0 SNOW 1
LIGHT SNOW 3 SLEET 0
FOG 4 FOG W/VIS <= 1/4 MILE 0
HAZE 5
- INDICATES NEGATIVE NUMBERS.
R INDICATES RECORD WAS SET OR TIED.
MM INDICATES DATA IS MISSING.
T INDICATES TRACE AMOUNT.
$$