000
CXUS55 KABR 011100
CF6ABR
PRELIMINARY LOCAL CLIMATOLOGICAL DATA (WS FORM: F-6)
STATION: ABERDEEN SD
MONTH: APRIL
YEAR: 2021
LATITUDE: 45 27 N
LONGITUDE: 98 26 W
TEMPERATURE IN F: :PCPN: SNOW: WIND :SUNSHINE: SKY :PK WND
================================================================================
1 2 3 4 5 6A 6B 7 8 9 10 11 12 13 14 15 16 17 18
12Z AVG MX 2MIN
DY MAX MIN AVG DEP HDD CDD WTR SNW DPTH SPD SPD DIR MIN PSBL S-S WX SPD DR
================================================================================
1 61 12 37 0 28 0 0.00 0.0 0 16.6 28 170 M M 0 39 160
2 77 37 57 19 8 0 0.00 0.0 0 15.4 29 170 M M 0 8 39 170
3 78 28 53 15 12 0 0.00 0.0 0 10.4 24 190 M M M 32 190
4 80 31 56 17 9 0 0.00 0.0 0 8.3 17 100 M M 0 24 60
5 79 33 56 17 9 0 0.00 0.0 0 11.1 29 10 M M 0 8 42 10
6 50 38 44 4 21 0 0.36 0.0 0 17.7 26 40 M M 6 1 36 10
7 46 40 43 3 22 0 1.41 0.0 0 20.3 29 360 M M 10 1 38 350
8 53 42 48 7 17 0 0.00 0.0 0 14.5 24 10 M M 8 30 10
9 62 38 50 9 15 0 0.00 0.0 0 15.3 29 330 M M 3 36 320
10 65 27 46 4 19 0 0.00 0.0 0 6.2 14 320 M M 0 19 320
11 63 28 46 4 19 0 0.28 0.0 0 11.4 31 300 M M 3 1 40 290
12 42 31 37 -6 28 0 0.06 T 0 18.9 29 310 M M 8 1 37 320
13 37 25 31 -12 34 0 T T 0 18.1 29 310 M M 10 8 39 300
14 45 28 37 -7 28 0 T T 0 14.4 21 10 M M 10 30 350
15 51 33 42 -2 23 0 0.00 0.0 0 9.8 17 30 M M 8 26 360
16 50 38 44 -1 21 0 0.02 0.0 0 11.2 20 360 M M 10 24 350
17 59 31 45 0 20 0 0.01 0.0 0 9.1 17 330 M M 5 1 23 360
18 64 30 47 1 18 0 0.00 0.0 0 16.6 33 360 M M 7 42 20
19 44 20 32 -14 33 0 0.00 0.0 0 15.0 25 350 M M 6 38 320
20 44 16 30 -17 35 0 0.11 1.6 0 7.3 22 290 M M 4 12 33 300
21 57 19 38 -9 27 0 0.00 0.0 1 10.1 20 280 M M 4 31 290
22 64 22 43 -5 22 0 0.14 0.0 0 13.6 31 210 M M 3 1 40 210
23 51 29 40 -8 25 0 0.00 0.0 0 11.4 24 360 M M 9 1 33 10
24 50 22 36 -12 29 0 0.00 0.0 0 7.5 14 340 M M 1 19 350
25 49 34 42 -7 23 0 0.05 0.1 0 15.0 26 100 M M 9 1 33 110
26 57 39 48 -1 17 0 0.07 0.0 0 12.1 21 10 M M 7 26 20
27 61 43 52 2 13 0 0.08 0.0 0 9.5 18 20 M M 8 8 24 20
28 73 31 52 2 13 0 T 0.0 0 4.4 13 290 M M 1 18 16 290
29 74 39 57 6 8 0 T 0.0 0 10.3 21 290 M M 4 32 310
30 75 35 55 4 10 0 0.00 0.0 0 13.2 24 170 M M 0 34 160
================================================================================
SM 1761 919 606 0 2.59 1.7 374.7 M 144
================================================================================
AV 58.7 30.6 12.5 FASTST M M 5 MAX(MPH)
MISC ----> 33 360 # 42 10
================================================================================
NOTES:
# LAST OF SEVERAL OCCURRENCES
COLUMN 17 PEAK WIND IN M.P.H.
PRELIMINARY LOCAL CLIMATOLOGICAL DATA (WS FORM: F-6) , PAGE 2
STATION: ABERDEEN SD
MONTH: APRIL
YEAR: 2021
LATITUDE: 45 27 N
LONGITUDE: 98 26 W
[TEMPERATURE DATA] [PRECIPITATION DATA] SYMBOLS USED IN COLUMN 16
AVERAGE MONTHLY: 44.7 TOTAL FOR MONTH: 2.59 1 = FOG OR MIST
DPTR FM NORMAL: 0.3 DPTR FM NORMAL: 0.74 2 = FOG REDUCING VISIBILITY
HIGHEST: 80 ON 4 GRTST 24HR 1.56 ON 6- 7 TO 1/4 MILE OR LESS
LOWEST: 12 ON 1 3 = THUNDER
SNOW, ICE PELLETS, HAIL 4 = ICE PELLETS
TOTAL MONTH: 1.7 INCHES 5 = HAIL
GRTST 24HR 1.6 ON 20-20 6 = FREEZING RAIN OR DRIZZLE
GRTST DEPTH: 1 ON 21 7 = DUSTSTORM OR SANDSTORM:
VSBY 1/2 MILE OR LESS
8 = SMOKE OR HAZE
[NO. OF DAYS WITH] [WEATHER - DAYS WITH] 9 = BLOWING SNOW
X = TORNADO
MAX 32 OR BELOW: 0 0.01 INCH OR MORE: 11
MAX 90 OR ABOVE: 0 0.10 INCH OR MORE: 5
MIN 32 OR BELOW: 17 0.50 INCH OR MORE: 1
MIN 0 OR BELOW: 0 1.00 INCH OR MORE: 1
[HDD (BASE 65) ]
TOTAL THIS MO. 606 CLEAR (SCALE 0-3) 9
DPTR FM NORMAL -14 PTCLDY (SCALE 4-7) 12
TOTAL FM JUL 1 7066 CLOUDY (SCALE 8-10) 9
DPTR FM NORMAL -1106
[CDD (BASE 65) ]
TOTAL THIS MO. 0
DPTR FM NORMAL -2 [PRESSURE DATA]
TOTAL FM JAN 1 0 HIGHEST SLP 30.54 ON 1
DPTR FM NORMAL -2 LOWEST SLP 29.54 ON 8
[REMARKS]
#FINAL-04-21#