840
CXUS54 KLZK 011230
CF6ADF
PRELIMINARY LOCAL CLIMATOLOGICAL DATA (WS FORM: F-6)
STATION: ARKADELPHIA AIRPORT
MONTH: DECEMBER
YEAR: 2020
LATITUDE: 34 9 N
LONGITUDE: 93 4 W
TEMPERATURE IN F: :PCPN: SNOW: WIND :SUNSHINE: SKY :PK WND
================================================================================
1 2 3 4 5 6A 6B 7 8 9 10 11 12 13 14 15 16 17 18
12Z AVG MX 2MIN
DY MAX MIN AVG DEP HDD CDD WTR SNW DPTH SPD SPD DIR MIN PSBL S-S WX SPD DR
================================================================================
1 56 18 37 -10 28 0 0.00 M M 1.4 9 180 M M 0 M M
2 52 25 39 -7 26 0 0.44 M M 5.1 8 10 M M 7 M M
3 45 38 42 -4 23 0 0.03 M M 2.2 9 20 M M 10 18 M M
4 54 31 43 -3 22 0 0.00 M M 4.0 10 230 M M 5 M M
5 63 26 45 -1 20 0 0.00 M M 1.8 10 220 M M 0 M M
6 59 30 45 0 20 0 T M M 2.1 8 350 M M 2 1 M M
7 60 30 45 0 20 0 0.00 M M 1.8 7 270 M M 0 M M
8 67 27 47 2 18 0 0.00 M M 1.7 10 300 M M 0 M M
9 72 28 50 6 15 0 0.00 M M 2.2 10 230 M M 0 8 M M
10 75 28 52 8 13 0 0.00 0.0 0 2.0 12 210 M M 0 1 M M
11 63 37 50 6 15 0 0.63 M M 3.0 13 180 M M 8 1 M M
12 59 35 47 3 18 0 M M M 5.1 12 250 M M 2 8 M M
13 42 30 36 -8 29 0 0.82 M M 7.7 16 10 M M 8 1 28 10
14 46 26 36 -7 29 0 M M M 3.8 9 360 M M 2 M M
15 35 26 31 -12 34 0 0.05 M M 4.6 8 20 M M 8 1 M M
16 42 28 35 -8 30 0 T M M 3.8 8 350 M M 10 18 M M
17 51 23 37 -6 28 0 0.00 M M 2.4 10 260 M M 0 M M
18 56 24 40 -3 25 0 T M M 1.5 10 160 M M 2 M M
19 47 43 45 3 20 0 0.65 M M 1.1 5 330 M M 10 18 M M
20 56 34 45 3 20 0 M M M 3.1 10 240 M M 6 18 M M
21 66 28 47 5 18 0 M M M 3.7 17 250 M M 1 18 22 250
22 66 31 49 7 16 0 M M M 1.9 8 140 M M 0 M M
23 69 38 54 12 11 0 0.02 M M 7.7 15 310 M M 8 3 38 320
24 43 22 33 -9 32 0 T M M 9.8 23 280 M M 2 8 32 290
25 48 23 36 -6 29 0 M M M 4.0 9 300 M M 0 M M
26 63 23 43 1 22 0 M M M 2.3 9 200 M M 0 M M
27 67 29 48 6 17 0 M M M 6.2 23 220 M M 4 18 35 190
28 60 38 49 7 16 0 M M M 3.9 9 30 M M 2 12 M M
29 53 42 48 7 17 0 T M M 5.4 8 20 M M 8 M M
30 62 41 52 11 13 0 0.73 M M 7.4 17 20 M M 10 1 24 20
31 41 36 39 -2 26 0 2.51 M M 10.5 16 240 M M 10 1 24 10
================================================================================
SM 1738 938 670 0 5.88 0.0 123.2 M 125
================================================================================
AV 56.1 30.3 4.0 FASTST M M 4 MAX(MPH)
MISC ----> # 23 280 38 320
================================================================================
NOTES:
# LAST OF SEVERAL OCCURRENCES
COLUMN 17 PEAK WIND IN M.P.H.
PRELIMINARY LOCAL CLIMATOLOGICAL DATA (WS FORM: F-6) , PAGE 2
STATION: ARKADELPHIA AIRPORT
MONTH: DECEMBER
YEAR: 2020
LATITUDE: 34 9 N
LONGITUDE: 93 4 W
[TEMPERATURE DATA] [PRECIPITATION DATA] SYMBOLS USED IN COLUMN 16
AVERAGE MONTHLY: 43.2 TOTAL FOR MONTH: 5.88 1 = FOG OR MIST
DPTR FM NORMAL: -0.2 DPTR FM NORMAL: 0.51 2 = FOG REDUCING VISIBILITY
HIGHEST: 75 ON 10 GRTST 24HR 2.51 ON 31-31 TO 1/4 MILE OR LESS
LOWEST: 18 ON 1 3 = THUNDER
SNOW, ICE PELLETS, HAIL 4 = ICE PELLETS
TOTAL MONTH: 0.0 INCH 5 = HAIL
GRTST 24HR 0.0 6 = FREEZING RAIN OR DRIZZLE
GRTST DEPTH: 0 7 = DUSTSTORM OR SANDSTORM:
VSBY 1/2 MILE OR LESS
8 = SMOKE OR HAZE
[NO. OF DAYS WITH] [WEATHER - DAYS WITH] 9 = BLOWING SNOW
X = TORNADO
MAX 32 OR BELOW: 0 0.01 INCH OR MORE: 9
MAX 90 OR ABOVE: 0 0.10 INCH OR MORE: 6
MIN 32 OR BELOW: 21 0.50 INCH OR MORE: 5
MIN 0 OR BELOW: 0 1.00 INCH OR MORE: 1
[HDD (BASE 65) ]
TOTAL THIS MO. 670 CLEAR (SCALE 0-3) 17
DPTR FM NORMAL -1 PTCLDY (SCALE 4-7) 6
TOTAL FM JUL 1 1176 CLOUDY (SCALE 8-10) 8
DPTR FM NORMAL -44
[CDD (BASE 65) ]
TOTAL THIS MO. 0
DPTR FM NORMAL -1 [PRESSURE DATA]
TOTAL FM JAN 1 1580 HIGHEST SLP M ON M
DPTR FM NORMAL -338 LOWEST SLP M ON M
[REMARKS]
#FINAL-12-20#