570
CXAK56 PAFC 271302
CF6ADQ
PRELIMINARY LOCAL CLIMATOLOGICAL DATA (WS FORM: F-6)
STATION: KODIAK
MONTH: MARCH
YEAR: 2020
LATITUDE: 57 45 N
LONGITUDE: 152 31 W
TEMPERATURE IN F: :PCPN: SNOW: WIND :SUNSHINE: SKY :PK WND
================================================================================
1 2 3 4 5 6A 6B 7 8 9 10 11 12 13 14 15 16 17 18
12Z AVG MX 2MIN
DY MAX MIN AVG DEP HDD CDD WTR SNW DPTH SPD SPD DIR MIN PSBL S-S WX SPD DR
================================================================================
1 41 31 36 4 29 0 0.02 M M 11.4 25 260 M M 6 8 33 260
2 34 20 27 -5 38 0 0.00 M M 13.4 26 210 M M 0 35 210
3 24 10 17 -15 48 0 T M M 14.5 32 290 M M 2 89 43 300
4 20 11 16 -16 49 0 0.00 M M 23.1 40 290 M M 4 89 55 290
5 31 19 25 -7 40 0 0.00 M M 16.7 30 290 M M 0 43 300
6 34 19 27 -5 38 0 0.00 M M 4.1 16 300 M M 6 21 300
7 38 17 28 -4 37 0 0.00 M M 4.4 15 170 M M 7 18 180
8 43 28 36 4 29 0 0.00 M M 5.9 26 260 M M 7 33 260
9 39 26 33 1 32 0 T M M 7.5 24 270 M M 7 32 280
10 29 20 25 -7 40 0 0.00 M M 20.0 39 290 M M 1 52 290
11 32 21 27 -5 38 0 0.00 M M 7.7 23 280 M M 0 31 290
12 35 20 28 -4 37 0 0.00 M M 10.1 29 290 M M 0 34 290
13 38 14 26 -6 39 0 0.00 M M 5.4 10 180 M M 0 13 180
14 41 16 29 -3 36 0 0.00 M M 5.2 9 270 M M 0 10 280
15 41 16 29 -4 36 0 0.00 M M 5.0 13 220 M M 2 17 220
16 44 28 36 3 29 0 0.00 M M 4.9 14 40 M M 5 15 40
17 47 36 42 9 23 0 0.02 M M 7.5 26 280 M M 6 32 240
18 46 35 41 8 24 0 0.00 M M 15.0 31 300 M M 0 40 270
19 44 30 37 4 28 0 0.00 M M 4.7 20 260 M M 2 22 260
20 41 29 35 2 30 0 0.00 M M 5.1 22 290 M M 0 26 280
21 41 35 38 5 27 0 T M M 14.4 40 290 M M 7 53 290
22 44 34 39 6 26 0 0.00 M M 19.0 41 280 M M 0 53 280
23 54 38 46 13 19 0 0.00 M M 12.4 29 280 M M 0 35 280
24 49 36 43 10 22 0 T M M 5.8 20 290 M M 4 23 280
25 52 36 44 10 21 0 0.00 M M 8.7 25 260 M M 4 33 250
26 50 37 44 10 21 0 0.00 M M 12.4 24 290 M M 0 29 290
27 43 34 39 5 26 0 0.03 M M 11.6 30 250 M M 6 38 280
28 44 30 37 3 28 0 T M M 12.6 24 280 M M 6 1 31 280
29 34 28 31 -3 34 0 T M M 12.9 23 290 M M 6 32 320
30 39 23 31 -3 34 0 0.00 M M 11.4 26 290 M M 1 33 300
31 39 16 28 -6 37 0 0.12 M M 7.1 17 170 M M 4 1 22 160
================================================================================
SM 1231 793 995 0 0.19 M 319.9 M 93
================================================================================
AV 39.7 25.6 10.3 FASTST M M 3 MAX(MPH)
MISC ----> 41 280 55 290
================================================================================
NOTES:
# LAST OF SEVERAL OCCURRENCES
COLUMN 17 PEAK WIND IN M.P.H.
PRELIMINARY LOCAL CLIMATOLOGICAL DATA (WS FORM: F-6) , PAGE 2
STATION: KODIAK
MONTH: MARCH
YEAR: 2020
LATITUDE: 57 45 N
LONGITUDE: 152 31 W
[TEMPERATURE DATA] [PRECIPITATION DATA] SYMBOLS USED IN COLUMN 16
AVERAGE MONTHLY: 32.6 TOTAL FOR MONTH: 0.19 1 = FOG OR MIST
DPTR FM NORMAL: -0.2 DPTR FM NORMAL: -5.34 2 = FOG REDUCING VISIBILITY
HIGHEST: 54 ON 23 GRTST 24HR 0.16 ON 29- 1 TO 1/4 MILE OR LESS
LOWEST: 10 ON 3 3 = THUNDER
SNOW, ICE PELLETS, HAIL 4 = ICE PELLETS
TOTAL MONTH: M 5 = HAIL
GRTST 24HR M ON M 6 = FREEZING RAIN OR DRIZZLE
GRTST DEPTH: M ON M 7 = DUSTSTORM OR SANDSTORM:
VSBY 1/2 MILE OR LESS
8 = SMOKE OR HAZE
[NO. OF DAYS WITH] [WEATHER - DAYS WITH] 9 = BLOWING SNOW
X = TORNADO
MAX 32 OR BELOW: 5 0.01 INCH OR MORE: 4
MAX 90 OR ABOVE: 0 0.10 INCH OR MORE: 1
MIN 32 OR BELOW: 22 0.50 INCH OR MORE: 0
MIN 0 OR BELOW: 0 1.00 INCH OR MORE: 0
[HDD (BASE 65) ]
TOTAL THIS MO. 995 CLEAR (SCALE 0-3) 16
DPTR FM NORMAL -3 PTCLDY (SCALE 4-7) 15
TOTAL FM JUL 1 6127 CLOUDY (SCALE 8-10) 0
DPTR FM NORMAL -743
[CDD (BASE 65) ]
TOTAL THIS MO. 0
DPTR FM NORMAL 0 [PRESSURE DATA]
TOTAL FM JAN 1 0 HIGHEST SLP M ON M
DPTR FM NORMAL 0 LOWEST SLP 29.21 ON 1
[REMARKS]
#FINAL-03-20#