000
CXUS52 KCAE 011500
CF6AGS
PRELIMINARY LOCAL CLIMATOLOGICAL DATA (WS FORM: F-6)
STATION: AUGUSTA BUSH FIELD GA
MONTH: NOVEMBER
YEAR: 2021
LATITUDE: 33 22 N
LONGITUDE: 81 58 W
TEMPERATURE IN F: :PCPN: SNOW: WIND :SUNSHINE: SKY :PK WND
================================================================================
1 2 3 4 5 6A 6B 7 8 9 10 11 12 13 14 15 16 17 18
12Z AVG MX 2MIN
DY MAX MIN AVG DEP HDD CDD WTR SNW DPTH SPD SPD DIR MIN PSBL S-S WX SPD DR
================================================================================
1 75 44 60 0 5 0 0.00 0.0 0 1.7 10 90 M M 0 1 15 80
2 77 44 61 1 4 0 0.00 0.0 M 1.2 10 320 M M 1 12 14 310
3 66 47 57 -2 8 0 0.00 0.0 M 7.3 15 50 M M 2 1 21 60
4 57 46 52 -7 13 0 0.00 0.0 M 8.3 15 20 M M 9 18 10
5 53 43 48 -11 17 0 0.00 0.0 0 8.9 17 50 M M 2 23 50
6 54 46 50 -8 15 0 0.01 0.0 0 12.9 20 360 M M 6 26 10
7 70 37 54 -4 11 0 0.00 0.0 0 8.1 18 340 M M 2 25 340
8 75 33 54 -4 11 0 0.00 0.0 0 1.8 12 340 M M 0 1 14 330
9 80 36 58 1 7 0 0.00 0.0 0 0.9 6 120 M M 0 1 9 230
10 79 41 60 3 5 0 0.00 0.0 0 1.8 9 180 M M 0 18 16 240
11 77 44 61 4 4 0 0.04 0.0 0 2.9 14 180 M M 6 128 18 200
12 74 42 58 2 7 0 0.12 0.0 0 4.0 17 300 M M 2 1 22 300
13 71 37 54 -2 11 0 0.00 0.0 0 4.0 16 270 M M 1 12 22 260
14 66 32 49 -7 16 0 0.00 0.0 0 3.7 13 220 M M 0 16 300
15 69 37 53 -3 12 0 0.00 0.0 0 6.5 16 300 M M 0 21 310
16 76 34 55 0 10 0 0.00 0.0 M 1.6 12 240 M M 0 128 15 280
17 79 38 59 4 6 0 0.00 0.0 0 2.1 13 230 M M 1 12 16 220
18 81 48 65 10 0 0 0.00 0.0 M 2.6 14 220 M M 4 128 20 180
19 66 37 52 -2 13 0 0.00 0.0 M 7.2 14 20 M M 0 18 320
20 64 32 48 -6 17 0 0.00 0.0 0 5.6 14 40 M M 0 23 50
21 72 39 56 2 9 0 0.00 0.0 0 2.9 8 350 M M 1 1 9 340
22 67 47 57 3 8 0 0.09 0.0 0 5.3 17 350 M M 6 1 23 320
23 57 29 43 -11 22 0 0.00 0.0 0 4.8 13 350 M M 0 18 350
24 60 23 42 -11 23 0 0.00 0.0 0 0.9 8 150 M M 0 12 150
25 70 28 49 -4 16 0 0.00 0.0 0 3.1 17 230 M M 0 23 220
26 63 36 50 -3 15 0 0.01 0.0 0 7.3 21 310 M M 3 1 26 320
27 64 27 46 -7 19 0 0.00 0.0 0 1.2 8 220 M M 0 12 260
28 63 31 47 -5 18 0 0.00 0.0 0 3.5 14 230 M M 0 16 230
29 60 30 45 -7 20 0 0.00 0.0 0 3.3 13 40 M M 0 17 40
30 68 26 47 -5 18 0 0.00 0.0 0 2.8 14 230 M M 0 19 250
================================================================================
SM 2053 1114 360 0 0.27 0.0 128.2 M 46
================================================================================
AV 68.4 37.1 4.3 FASTST M M 2 MAX(MPH)
MISC ----> 21 310 # 26 10
================================================================================
NOTES:
# LAST OF SEVERAL OCCURRENCES
COLUMN 17 PEAK WIND IN M.P.H.
PRELIMINARY LOCAL CLIMATOLOGICAL DATA (WS FORM: F-6) , PAGE 2
STATION: AUGUSTA BUSH FIELD GA
MONTH: NOVEMBER
YEAR: 2021
LATITUDE: 33 22 N
LONGITUDE: 81 58 W
[TEMPERATURE DATA] [PRECIPITATION DATA] SYMBOLS USED IN COLUMN 16
AVERAGE MONTHLY: 52.8 TOTAL FOR MONTH: 0.27 1 = FOG OR MIST
DPTR FM NORMAL: -2.8 DPTR FM NORMAL: -2.39 2 = FOG REDUCING VISIBILITY
HIGHEST: 81 ON 18 GRTST 24HR 0.16 ON 11-12 TO 1/4 MILE OR LESS
LOWEST: 23 ON 24 3 = THUNDER
SNOW, ICE PELLETS, HAIL 4 = ICE PELLETS
TOTAL MONTH: 0.0 INCH 5 = HAIL
GRTST 24HR 0.0 6 = FREEZING RAIN OR DRIZZLE
GRTST DEPTH: 0 7 = DUSTSTORM OR SANDSTORM:
VSBY 1/2 MILE OR LESS
8 = SMOKE OR HAZE
[NO. OF DAYS WITH] [WEATHER - DAYS WITH] 9 = BLOWING SNOW
X = TORNADO
MAX 32 OR BELOW: 0 0.01 INCH OR MORE: 5
MAX 90 OR ABOVE: 0 0.10 INCH OR MORE: 1
MIN 32 OR BELOW: 9 0.50 INCH OR MORE: 0
MIN 0 OR BELOW: 0 1.00 INCH OR MORE: 0
[HDD (BASE 65) ]
TOTAL THIS MO. 360 CLEAR (SCALE 0-3) 24
DPTR FM NORMAL 62 PTCLDY (SCALE 4-7) 5
TOTAL FM JUL 1 410 CLOUDY (SCALE 8-10) 1
DPTR FM NORMAL 29
[CDD (BASE 65) ]
TOTAL THIS MO. 0
DPTR FM NORMAL -18 [PRESSURE DATA]
TOTAL FM JAN 1 2285 HIGHEST SLP 30.50 ON 20
DPTR FM NORMAL -74 LOWEST SLP 29.87 ON 22
[REMARKS]
#FINAL-11-21#