000
CXUS52 KCAE 011400
CF6AGS
PRELIMINARY LOCAL CLIMATOLOGICAL DATA (WS FORM: F-6)
STATION: AUGUSTA BUSH FIELD GA
MONTH: AUGUST
YEAR: 2023
LATITUDE: 33 22 N
LONGITUDE: 81 58 W
TEMPERATURE IN F: :PCPN: SNOW: WIND :SUNSHINE: SKY :PK WND
================================================================================
1 2 3 4 5 6A 6B 7 8 9 10 11 12 13 14 15 16 17 18
12Z AVG MX 2MIN
DY MAX MIN AVG DEP HDD CDD WTR SNW DPTH SPD SPD DIR MIN PSBL S-S WX SPD DR
================================================================================
1 91 71 81 -2 0 16 0.07 0.0 0 4.3 29 60 M M 4 13 35 60
2 89 68 79 -4 0 14 0.67 0.0 0 3.7 14 150 M M 3 1 17 150
3 84 70 77 -6 0 12 0.31 0.0 0 3.9 24 340 M M 5 13 29 340
4 91 70 81 -2 0 16 T 0.0 0 3.0 10 290 M M 6 19 280
5 93 72 83 0 0 18 0.00 0.0 0 1.9 8 140 M M 1 1 11 70
6 94 72 83 0 0 18 0.14 0.0 0 4.6 31 320 M M 2 123 37 320
7 95 70 83 0 0 18 0.01 0.0 0 5.8 32 320 M M 3 13 40 340
8 93 71 82 -1 0 17 0.01 0.0 0 6.6 20 310 M M 3 3 25 320
9 91 68 80 -3 0 15 T 0.0 0 4.4 13 300 M M 0 12 16 280
10 94 70 82 0 0 17 0.00 0.0 0 7.8 22 290 M M 2 1 30 290
11 87 71 79 -3 0 14 0.32 0.0 M 2.4 37 280 M M 3 138 48 270
12 95 70 83 1 0 18 0.06 0.0 0 3.5 36 320 M M 2 123 43 320
13 96 70 83 1 0 18 0.00 0.0 0 3.1 12 250 M M 0 1 15 290
14 97 74 86 4 0 21 0.00 0.0 0 4.8 13 250 M M 1 1 16 240
15 97 73 85 3 0 20 0.02 0.0 0 6.4 25 340 M M 2 3 32 340
16 90 72 81 -1 0 16 T 0.0 0 3.6 12 240 M M 6 16 150
17 90 67 79 -3 0 14 0.00 0.0 0 5.6 20 270 M M 4 24 270
18 93 64 79 -3 0 14 0.00 0.0 0 4.1 17 280 M M 1 22 270
19 93 66 80 -2 0 15 0.00 0.0 0 1.5 7 50 M M 1 1 10 60
20 94 68 81 -1 0 16 0.00 0.0 0 1.9 10 180 M M 1 1 13 190
21 96 71 84 3 0 19 0.00 0.0 0 2.1 9 120 M M 1 1 13 120
22 97 72 85 4 0 20 0.00 0.0 0 3.8 10 340 M M 1 1 16 320
23 91 69 80 -1 0 15 0.00 0.0 0 4.1 17 50 M M 3 18 21 50
24 93 65 79 -2 0 14 0.00 0.0 0 3.0 12 180 M M 0 128 15 100
25 99 70 85 4 0 20 0.00 0.0 0 3.4 13 340 M M 1 1 16 340
26 98 72 85 4 0 20 0.02 0.0 0 3.7 16 100 M M 1 13 22 100
27 94 71 83 2 0 18 2.41 0.0 0 4.7 35 280 M M 3 13 48 280
28 93 70 82 2 0 17 0.00 0.0 0 4.1 21 160 M M 3 13 25 160
29 92 70 81 1 0 16 0.05 0.0 0 3.2 28 150 M M 3 13 35 150
30 77 72 75 -5 0 10 2.78 0.0 0 10.6 25 20 M M 7 1 35 20
31 89 67 78 -2 0 13 0.00 0.0 0 4.9 18 350 M M 1 1 23 350
================================================================================
SM 2866 2166 0 509 6.87 0.0 130.5 M 74
================================================================================
AV 92.5 69.9 4.2 FASTST M M 2 MAX(MPH)
MISC ----> 37 280 # 48 270
================================================================================
NOTES:
# LAST OF SEVERAL OCCURRENCES
COLUMN 17 PEAK WIND IN M.P.H.
PRELIMINARY LOCAL CLIMATOLOGICAL DATA (WS FORM: F-6) , PAGE 2
STATION: AUGUSTA BUSH FIELD GA
MONTH: AUGUST
YEAR: 2023
LATITUDE: 33 22 N
LONGITUDE: 81 58 W
[TEMPERATURE DATA] [PRECIPITATION DATA] SYMBOLS USED IN COLUMN 16
AVERAGE MONTHLY: 81.2 TOTAL FOR MONTH: 6.87 1 = FOG OR MIST
DPTR FM NORMAL: -0.6 DPTR FM NORMAL: 2.26 2 = FOG REDUCING VISIBILITY
HIGHEST: 99 ON 25 GRTST 24HR 2.78 ON 30-30 TO 1/4 MILE OR LESS
LOWEST: 64 ON 18 3 = THUNDER
SNOW, ICE PELLETS, HAIL 4 = ICE PELLETS
TOTAL MONTH: 0.0 INCH 5 = HAIL
GRTST 24HR 0.0 6 = FREEZING RAIN OR DRIZZLE
GRTST DEPTH: 0 7 = DUSTSTORM OR SANDSTORM:
VSBY 1/2 MILE OR LESS
8 = SMOKE OR HAZE
[NO. OF DAYS WITH] [WEATHER - DAYS WITH] 9 = BLOWING SNOW
X = TORNADO
MAX 32 OR BELOW: 0 0.01 INCH OR MORE: 13
MAX 90 OR ABOVE: 26 0.10 INCH OR MORE: 6
MIN 32 OR BELOW: 0 0.50 INCH OR MORE: 3
MIN 0 OR BELOW: 0 1.00 INCH OR MORE: 2
[HDD (BASE 65) ]
TOTAL THIS MO. 0 CLEAR (SCALE 0-3) 25
DPTR FM NORMAL 0 PTCLDY (SCALE 4-7) 6
TOTAL FM JUL 1 0 CLOUDY (SCALE 8-10) 0
DPTR FM NORMAL 0
[CDD (BASE 65) ]
TOTAL THIS MO. 509
DPTR FM NORMAL -12 [PRESSURE DATA]
TOTAL FM JAN 1 1575 HIGHEST SLP 30.17 ON 2
DPTR FM NORMAL -309 LOWEST SLP 29.48 ON 30
[REMARKS]
#FINAL-08-23#