000
CXUS52 KCAE 011222
CLMAGS
CLIMATE REPORT
NATIONAL WEATHER SERVICE COLUMBIA SC
722 AM EST MON JAN 01 2024
...................................
...THE AUGUSTA BUSH FIELD GA CLIMATE SUMMARY FOR THE MONTH OF DECEMBER 2023...
CLIMATE NORMAL PERIOD: 1991 TO 2020
CLIMATE RECORD PERIOD: 1873 TO 2023
WEATHER OBSERVED NORMAL DEPART LAST YEAR`S
VALUE DATE(S) VALUE FROM VALUE
NORMAL
..............................................................
TEMPERATURE (F)
RECORD
HIGH 84 12/18/2016
LOW 5 12/21/1981
HIGHEST 79 12/09 MM MM
LOWEST 23 12/20 MM MM
AVG. MAXIMUM 61.9 61.5 0.4
AVG. MINIMUM 37.4 37.3 0.1
MEAN 49.6 49.4 0.2
DAYS MAX >= 90 0 0.0 0.0
DAYS MAX <= 32 0 0.0 0.0
DAYS MIN <= 32 13 12.3 0.7
DAYS MIN <= 0 0 0.0 0.0
PRECIPITATION (INCHES)
RECORD
MAXIMUM 8.97 2009
MINIMUM 0.32 1955
TOTALS 4.42 3.87 0.55
DAILY AVG. 0.14 0.12 0.02
DAYS >= .01 5 9.4 -4.4
DAYS >= .10 4 6.1 -2.1
DAYS >= .50 2 2.7 -0.7
DAYS >= 1.00 2 1.0 1.0
GREATEST
24 HR. TOTAL 2.81 12/16 TO 12/17
STORM TOTAL 2.74
(MM/DD(HH))
SNOWFALL (INCHES)
RECORDS
TOTAL T 2020
TOTALS 0.0 0.1 -0.1
SINCE 7/1 0.0 0.1 -0.1
DAYS >= TRACE 0 0.1 -0.1
DAYS >= 1.0 0 0.1 -0.1
GREATEST
SNOW DEPTH 0
DEGREE DAYS
HEATING TOTAL 469 489 -20
SINCE 7/1 885 870 15
COOLING TOTAL 0 5 -5
SINCE 1/1 1911 2364 -453
FREEZE DATES
RECORD
EARLIEST MM
LATEST MM
EARLIEST 11/01
LATEST 03/21
..............................................................
WIND (MPH)
AVERAGE WIND SPEED 4.7
RESULTANT WIND SPEED/DIRECTION 1/290
HIGHEST WIND SPEED/DIRECTION 26/310 DATE 12/10
26/330 12/18
HIGHEST GUST SPEED/DIRECTION 35/300 DATE 12/10
35/310 12/18
SKY COVER
POSSIBLE SUNSHINE (PERCENT) MM
AVERAGE SKY COVER 0.30
NUMBER OF DAYS FAIR 18
NUMBER OF DAYS PC 9
NUMBER OF DAYS CLOUDY 4
AVERAGE RH (PERCENT) 70
WEATHER CONDITIONS. NUMBER OF DAYS WITH
THUNDERSTORM 1 MIXED PRECIP 0
HEAVY RAIN 2 RAIN 4
LIGHT RAIN 7 FREEZING RAIN 0
LT FREEZING RAIN 0 HAIL 0
HEAVY SNOW 0 SNOW 0
LIGHT SNOW 0 SLEET 0
FOG 20 FOG W/VIS <= 1/4 MILE 2
HAZE 5
- INDICATES NEGATIVE NUMBERS.
R INDICATES RECORD WAS SET OR TIED.
MM INDICATES DATA IS MISSING.
T INDICATES TRACE AMOUNT.
$$