000
CXUS55 KCYS 011610
CF6AIA
PRELIMINARY LOCAL CLIMATOLOGICAL DATA (WS FORM: F-6)
STATION: ALLIANCE NEBRASKA AIRPORT
MONTH: JUNE
YEAR: 2023
LATITUDE: 42 2 N
LONGITUDE: 102 48 W
TEMPERATURE IN F: :PCPN: SNOW: WIND :SUNSHINE: SKY :PK WND
================================================================================
1 2 3 4 5 6A 6B 7 8 9 10 11 12 13 14 15 16 17 18
12Z AVG MX 2MIN
DY MAX MIN AVG DEP HDD CDD WTR SNW DPTH SPD SPD DIR MIN PSBL S-S WX SPD DR
================================================================================
1 72 51 62 2 3 0 0.15 M M 7.8 28 170 M M 5 13 36 170
2 78 50 64 3 1 0 0.01 M M 10.4 25 130 M M 5 1 34 190
3 73 49 61 0 4 0 0.05 M M 7.3 15 140 M M 7 12 20 130
4 78 50 64 3 1 0 0.00 M M 7.5 20 130 M M 2 12 29 170
5 78 45 62 0 3 0 T M M 7.2 17 170 M M 2 12 26 170
6 82 49 66 4 0 1 0.00 M M 11.4 24 160 M M 1 12 37 190
7 84 51 68 6 0 3 0.00 M M 8.4 18 160 M M 1 1 26 180
8 86 48 67 4 0 2 0.00 M M 5.8 30 280 M M 1 13 38 280
9 85 49 67 4 0 2 T M M 7.5 36 270 M M 1 38 50 270
10 78 56 67 4 0 2 0.01 M M 12.4 29 340 M M 5 40 350
11 71 52 62 -2 3 0 0.09 M M 9.2 16 50 M M 8 18 22 40
12 68 49 59 -5 6 0 0.01 M M 9.8 21 170 M M 8 1 26 170
13 76 42 59 -5 6 0 0.00 M M 3.7 12 10 M M 2 128 17 10
14 82 40 61 -4 4 0 T M M 7.1 18 230 M M 0 1 29 240
15 78 54 66 1 0 1 0.63 M M 8.8 26 150 M M 3 13 33 150
16 65 49 57 -8 8 0 0.02 M M 10.5 20 20 M M 7 1 26 20
17 78 44 61 -5 4 0 T M M 6.6 16 340 M M 1 1 26 330
18 87 45 66 0 0 1 0.00 M M 8.6 20 230 M M 0 27 300
19 93 55 74 8 0 9 0.00 M M 15.3 28 140 M M 0 38 170
20 84 63 74 8 0 9 0.00 M M 11.8 20 150 M M 0 1 29 150
21 79 60 70 3 0 5 0.01 M M 10.0 21 330 M M 6 12 28 320
22 80 57 69 2 0 4 1.00 M M 11.0 25 90 M M 6 13 33 60
23 79 57 68 1 0 3 1.69 M M 10.9 35 10 M M 7 13 49 20
24 75 48 62 -6 3 0 0.00 M M 15.5 37 300 M M 1 1 50 290
25 78 45 62 -6 3 0 0.00 M M 6.2 12 310 M M 0 17 40
26 81 52 67 -1 0 2 0.00 M M 14.0 33 160 M M 3 3 45 140
27 88 63 76 8 0 11 T M M 11.9 26 150 M M 4 34 150
28 83 51 67 -2 0 2 T M M 7.5 23 120 M M 0 3 31 120
29 82 54 68 -1 0 3 1.01 M M 9.1 45 320 M M 5 13 62 330
30 73 53 63 -6 2 0 0.01 M M 6.9 35 290 M M 3 13 46 300
================================================================================
SM 2374 1531 51 60 4.69 M 280.1 M 94
================================================================================
AV 79.1 51.0 9.3 FASTST M M 3 MAX(MPH)
MISC ----> 45 320 62 330
================================================================================
NOTES:
# LAST OF SEVERAL OCCURRENCES
COLUMN 17 PEAK WIND IN M.P.H.
PRELIMINARY LOCAL CLIMATOLOGICAL DATA (WS FORM: F-6) , PAGE 2
STATION: ALLIANCE NEBRASKA AIRPORT
MONTH: JUNE
YEAR: 2023
LATITUDE: 42 2 N
LONGITUDE: 102 48 W
[TEMPERATURE DATA] [PRECIPITATION DATA] SYMBOLS USED IN COLUMN 16
AVERAGE MONTHLY: 65.1 TOTAL FOR MONTH: 4.69 1 = FOG OR MIST
DPTR FM NORMAL: 0.1 DPTR FM NORMAL: 1.79 2 = FOG REDUCING VISIBILITY
HIGHEST: 93 ON 19 GRTST 24HR 1.79 ON 22-23 TO 1/4 MILE OR LESS
LOWEST: 40 ON 14 3 = THUNDER
SNOW, ICE PELLETS, HAIL 4 = ICE PELLETS
TOTAL MONTH: M 5 = HAIL
GRTST 24HR M ON M 6 = FREEZING RAIN OR DRIZZLE
GRTST DEPTH: M ON M 7 = DUSTSTORM OR SANDSTORM:
VSBY 1/2 MILE OR LESS
8 = SMOKE OR HAZE
[NO. OF DAYS WITH] [WEATHER - DAYS WITH] 9 = BLOWING SNOW
X = TORNADO
MAX 32 OR BELOW: 0 0.01 INCH OR MORE: 13
MAX 90 OR ABOVE: 1 0.10 INCH OR MORE: 5
MIN 32 OR BELOW: 0 0.50 INCH OR MORE: 4
MIN 0 OR BELOW: 0 1.00 INCH OR MORE: 3
[HDD (BASE 65) ]
TOTAL THIS MO. 51 CLEAR (SCALE 0-3) 17
DPTR FM NORMAL -39 PTCLDY (SCALE 4-7) 12
TOTAL FM JUL 1 7336 CLOUDY (SCALE 8-10) 1
DPTR FM NORMAL -61
[CDD (BASE 65) ]
TOTAL THIS MO. 60
DPTR FM NORMAL -30 [PRESSURE DATA]
TOTAL FM JAN 1 62 HIGHEST SLP 30.12 ON 5
DPTR FM NORMAL -37 LOWEST SLP 29.55 ON 18
[REMARKS]
#FINAL-06-23#