000
CXAK58 PAKN 011310
CLMAKN
CLIMATE REPORT
NATIONAL WEATHER SERVICE ANCHORAGE, AK
410 AM AKST FRI DEC 01 2023
...................................
...THE KING SALMON CLIMATE SUMMARY FOR THE MONTH OF NOVEMBER 2023...
CLIMATE NORMAL PERIOD: 1991 TO 2020
CLIMATE RECORD PERIOD: 1917 TO 2023
WEATHER OBSERVED NORMAL DEPART LAST YEAR`S
VALUE DATE(S) VALUE FROM VALUE
NORMAL
..............................................................
TEMPERATURE (F)
RECORD
HIGH 53 11/07/2019
11/05/2019
11/03/2002
LOW -28 11/22/1988
11/28/1917
HIGHEST 52 MM MM 50
LOWEST 1 MM MM -6
AVG. MAXIMUM 35.8 31.9 3.9 34.8
AVG. MINIMUM 20.0 18.2 1.8 17.1
MEAN 27.9 25.0 2.9 26.0
DAYS MAX >= 90 0 0.0 0.0 0
DAYS MAX <= 32 12 13.0 -1.0 5
DAYS MIN <= 32 24 25.3 -1.3 13
DAYS MIN <= 0 0 4.5 -4.5 2
PRECIPITATION (INCHES)
RECORD
MAXIMUM 4.84 2015
MINIMUM T 1934
TOTALS 1.21 1.72 -0.51 0.78
DAILY AVG. 0.04 0.06 -0.02 0.08
DAYS >= .01 15 13.2 1.8 8
DAYS >= .10 5 5.4 -0.4 2
DAYS >= .50 0 0.5 -0.5 0
DAYS >= 1.00 0 0.1 -0.1 0
GREATEST
24 HR. TOTAL 0.37 11/14 TO 11/15 0.47
STORM TOTAL 0.25 0.58
(MM/DD(HH))
DEGREE DAYS
HEATING TOTAL 1105 1198 -93 580
SINCE 7/1 2971 3125 -154 MM
COOLING TOTAL 0 0 0 0
SINCE 1/1 1 3 -2 MM
FREEZE DATES
RECORD
EARLIEST MM
LATEST MM
EARLIEST 09/08
LATEST 05/13
..............................................................
WIND (MPH)
AVERAGE WIND SPEED 9.2
RESULTANT WIND SPEED/DIRECTION 1/110
HIGHEST WIND SPEED/DIRECTION 39/170 DATE 11/14
39/190 11/15
HIGHEST GUST SPEED/DIRECTION 63/180 DATE 11/15
SKY COVER
POSSIBLE SUNSHINE (PERCENT) MM
AVERAGE SKY COVER 0.62
NUMBER OF DAYS FAIR 5
NUMBER OF DAYS PC 14
NUMBER OF DAYS CLOUDY 11
AVERAGE RH (PERCENT) 83
WEATHER CONDITIONS. NUMBER OF DAYS WITH
THUNDERSTORM 0 MIXED PRECIP 0
HEAVY RAIN 0 RAIN 3
LIGHT RAIN 14 FREEZING RAIN 0
LT FREEZING RAIN 0 HAIL 0
HEAVY SNOW 0 SNOW 0
LIGHT SNOW 13 SLEET 0
FOG 20 FOG W/VIS <= 1/4 MILE 5
HAZE 4
- INDICATES NEGATIVE NUMBERS.
R INDICATES RECORD WAS SET OR TIED.
MM INDICATES DATA IS MISSING.
T INDICATES TRACE AMOUNT.
$$