000
CXUS54 KCRP 090234
CF6ALI
PRELIMINARY LOCAL CLIMATOLOGICAL DATA (WS FORM: F-6)
STATION: ALICE
MONTH: JULY
YEAR: 2022
LATITUDE: 27 44 N
LONGITUDE: 98 1 W
TEMPERATURE IN F: :PCPN: SNOW: WIND :SUNSHINE: SKY :PK WND
================================================================================
1 2 3 4 5 6A 6B 7 8 9 10 11 12 13 14 15 16 17 18
12Z AVG MX 2MIN
DY MAX MIN AVG DEP HDD CDD WTR SNW DPTH SPD SPD DIR MIN PSBL S-S WX SPD DR
================================================================================
1 103 72 88 3 0 23 0.17 0.0 0 8.4 30 190 M M 2 13 41 120
2 103 76 90 5 0 25 0.00 0.0 0 12.9 23 130 M M 2 3 32 140
3 100 74 87 2 0 22 0.00 0.0 0 11.7 24 110 M M 2 1 34 120
4 102 74 88 3 0 23 0.00 0.0 0 12.5 25 130 M M 3 36 130
5 101 75 88 3 0 23 0.00 0.0 0 11.3 24 130 M M 3 1 32 130
6 100 72 86 1 0 21 0.00 0.0 0 10.4 21 130 M M 2 1 29 130
7 101 73 87 2 0 22 0.00 0.0 0 10.4 22 140 M M 2 1 31 160
8 104 76 90 5 0 25 0.00 0.0 0 10.4 20 130 M M 2 28 140
9 104 72 88 3 0 23 0.00 0.0 0 8.3 21 130 M M 0 1 28 130
10 105 72 89 4 0 24 0.00 0.0 0 8.0 21 150 M M 1 12 29 130
11 107 73 90 5 0 25 0.00 0.0 0 9.6 20 140 M M 0 27 110
12 104 75 90 5 0 25 0.00 0.0 0 9.8 20 140 M M 0 1 27 130
13 104 73 89 4 0 24 0.00 0.0 0 8.9 24 130 M M 1 13 34 130
14 100 72 86 1 0 21 0.00 0.0 0 8.1 21 130 M M 1 30 130
15 94 75 85 0 0 20 T 0.0 0 7.7 26 150 M M 2 3 37 150
16 100 72 86 1 0 21 0.00 0.0 0 10.3 24 140 M M 1 1 33 140
17 102 69 86 1 0 21 0.00 0.0 0 10.6 22 140 M M 1 12 32 150
18 102 73 88 2 0 23 0.00 0.0 0 11.0 22 130 M M 0 1 31 130
19 104 75 90 4 0 25 0.00 0.0 0 13.2 28 140 M M 0 38 130
20 102 77 90 4 0 25 0.00 0.0 0 15.2 28 130 M M 0 37 130
21 103 79 91 5 0 26 0.00 0.0 0 15.3 28 120 M M 3 43 120
22 101 77 89 3 0 24 0.00 0.0 0 12.1 24 130 M M 2 32 130
23 98 75 87 1 0 22 0.00 0.0 0 13.0 28 140 M M 1 38 140
24 101 76 89 3 0 24 0.00 0.0 0 14.4 25 140 M M 1 37 130
25 100 75 88 2 0 23 0.00 0.0 0 11.7 24 140 M M 1 32 140
26 100 73 87 1 0 22 0.00 0.0 0 11.0 22 130 M M 1 1 35 150
27 99 75 87 1 0 22 0.00 0.0 0 12.0 26 140 M M 1 37 140
28 101 73 87 1 0 22 0.00 0.0 0 12.0 25 120 M M 1 34 130
29 100 76 88 2 0 23 0.00 0.0 M 11.9 24 130 M M 1 33 130
30 101 74 88 2 0 23 0.00 0.0 M 11.5 24 130 M M 0 32 130
31 101 75 88 2 0 23 0.00 0.0 0 9.5 22 130 M M 1 30 140
================================================================================
SM 3147 2298 0 715 0.17 0.0 343.1 M 38
================================================================================
AV101.5 74.1 11.1 FASTST M M 1 MAX(MPH)
MISC ----> 30 190 43 120
================================================================================
NOTES:
# LAST OF SEVERAL OCCURRENCES
COLUMN 17 PEAK WIND IN M.P.H.
PRELIMINARY LOCAL CLIMATOLOGICAL DATA (WS FORM: F-6) , PAGE 2
STATION: ALICE
MONTH: JULY
YEAR: 2022
LATITUDE: 27 44 N
LONGITUDE: 98 1 W
[TEMPERATURE DATA] [PRECIPITATION DATA] SYMBOLS USED IN COLUMN 16
AVERAGE MONTHLY: 87.8 TOTAL FOR MONTH: 0.17 1 = FOG OR MIST
DPTR FM NORMAL: 2.4 DPTR FM NORMAL: -2.44 2 = FOG REDUCING VISIBILITY
HIGHEST: 107 ON 11 GRTST 24HR 0.17 ON 1- 1 TO 1/4 MILE OR LESS
LOWEST: 69 ON 17 3 = THUNDER
SNOW, ICE PELLETS, HAIL 4 = ICE PELLETS
TOTAL MONTH: 0.0 INCH 5 = HAIL
GRTST 24HR 0.0 6 = FREEZING RAIN OR DRIZZLE
GRTST DEPTH: 0 7 = DUSTSTORM OR SANDSTORM:
VSBY 1/2 MILE OR LESS
8 = SMOKE OR HAZE
[NO. OF DAYS WITH] [WEATHER - DAYS WITH] 9 = BLOWING SNOW
X = TORNADO
MAX 32 OR BELOW: 0 0.01 INCH OR MORE: 1
MAX 90 OR ABOVE: 31 0.10 INCH OR MORE: 1
MIN 32 OR BELOW: 0 0.50 INCH OR MORE: 0
MIN 0 OR BELOW: 0 1.00 INCH OR MORE: 0
[HDD (BASE 65) ]
TOTAL THIS MO. 0 CLEAR (SCALE 0-3) 31
DPTR FM NORMAL 0 PTCLDY (SCALE 4-7) 0
TOTAL FM JUL 1 0 CLOUDY (SCALE 8-10) 0
DPTR FM NORMAL 0
[CDD (BASE 65) ]
TOTAL THIS MO. 715
DPTR FM NORMAL 83 [PRESSURE DATA]
TOTAL FM JAN 1 2466 HIGHEST SLP 30.08 ON 31
DPTR FM NORMAL 305 LOWEST SLP 29.74 ON 11
[REMARKS]
#FINAL-07-22#