000
CXUS54 KEPZ 011030
CF6ALM
PRELIMINARY LOCAL CLIMATOLOGICAL DATA (WS FORM: F-6)
STATION: ALAMOGORDO
MONTH: OCTOBER
YEAR: 2021
LATITUDE: 32 49 N
LONGITUDE: 106 0 W
TEMPERATURE IN F: :PCPN: SNOW: WIND :SUNSHINE: SKY :PK WND
================================================================================
1 2 3 4 5 6A 6B 7 8 9 10 11 12 13 14 15 16 17 18
12Z AVG MX 2MIN
DY MAX MIN AVG DEP HDD CDD WTR SNW DPTH SPD SPD DIR MIN PSBL S-S WX SPD DR
================================================================================
1 73 52 63 M 2 0 0.01 M M 4.3 14 30 M M 2 24 0
2 77 46 62 M 3 0 0.00 M M 3.4 9 340 M M 0 16 330
3 81 46 64 M 1 0 0.00 M M 3.2 9 60 M M 0 13 99
4 82 52 67 M 0 2 0.00 M M 3.0 8 10 M M 1 12 99
5 84 52 68 M 0 3 0.00 M M 5.8 13 180 M M 1 17 260
6 84 59 72 M 0 7 0.00 M M 5.3 10 210 M M 3 17 250
7 84 54 69 M 0 4 0.00 M M 6.0 14 220 M M 0 18 99
8 86 54 70 M 0 5 0.00 M M 5.3 9 150 M M 0 15 0
9 90 57 74 M 0 9 0.00 M M 6.4 14 210 M M 0 25 210
10 75 48 62 M 3 0 0.00 M M 10.5 24 270 M M 1 38 260
11 81 39 60 M 5 0 0.00 M M 10.4 21 200 M M 1 30 210
12 82 52 67 M 0 2 0.00 M M 18.7 32 210 M M 1 8 45 200
13 72 M M M M M 0.00 M M 6.2 13 300 M M 2 20 300
14 75 45 60 M 5 0 0.00 M M 7.0 13 260 M M 1 20 220
15 72 45 59 M 6 0 0.00 M M 10.0 18 360 M M 0 8 28 360
16 73 34 54 M 11 0 0.00 M M 5.7 13 200 M M 0 17 200
17 77 41 59 M 6 0 0.00 M M 4.2 8 240 M M 0 14 210
18 81 54 68 M 0 3 0.00 M M 8.8 22 240 M M 1 23 210
19 79 50 65 M 0 0 0.00 M M 7.5 15 210 M M 0 22 240
20 79 43 61 M 4 0 0.00 M M 5.0 10 60 M M 0 14 99
21 82 43 63 M 2 0 0.00 M M 4.5 9 70 M M 0 13 220
22 82 46 64 M 1 0 0.00 M M 4.3 8 80 M M 0 13 99
23 81 52 67 M 0 2 0.00 M M 9.0 18 240 M M 0 27 240
24 79 48 64 M 1 0 0.00 M M 4.9 9 150 M M 0 14 0
25 86 52 69 M 0 4 0.00 M M 7.7 13 180 M M 0 20 200
26 75 52 64 M 1 0 0.00 M M 17.9 32 250 M M 2 41 230
27 66 45 56 M 9 0 0.00 M M 14.4 27 340 M M 0 33 340
28 70 39 55 M 10 0 0.00 M M 7.0 18 350 M M 0 29 20
29 73 34 54 M 11 0 0.00 M M 4.1 8 210 M M 0 15 210
30 79 37 58 M 7 0 0.00 M M 3.4 9 60 M M 0 12 10
31 79 43 61 M 4 0 0.00 M M 7.2 17 200 M M 0 21 200
================================================================================
SM 2439 1414 92 41 0.01 M 221.1 M 16
================================================================================
AV 78.7 47.1 7.1 FASTST M M 1 MAX(MPH)
MISC ----> 32 250 45 200
================================================================================
NOTES:
# LAST OF SEVERAL OCCURRENCES
COLUMN 17 PEAK WIND IN M.P.H.
PRELIMINARY LOCAL CLIMATOLOGICAL DATA (WS FORM: F-6) , PAGE 2
STATION: ALAMOGORDO
MONTH: OCTOBER
YEAR: 2021
LATITUDE: 32 49 N
LONGITUDE: 106 0 W
[TEMPERATURE DATA] [PRECIPITATION DATA] SYMBOLS USED IN COLUMN 16
AVERAGE MONTHLY: 62.9 TOTAL FOR MONTH: 0.01 1 = FOG OR MIST
DPTR FM NORMAL: 0.0 DPTR FM NORMAL: M 2 = FOG REDUCING VISIBILITY
HIGHEST: 90 ON 9 GRTST 24HR 0.01 ON 1- 1 TO 1/4 MILE OR LESS
LOWEST: 34 ON 29,16 3 = THUNDER
SNOW, ICE PELLETS, HAIL 4 = ICE PELLETS
TOTAL MONTH: M 5 = HAIL
GRTST 24HR M ON M 6 = FREEZING RAIN OR DRIZZLE
GRTST DEPTH: M ON M 7 = DUSTSTORM OR SANDSTORM:
VSBY 1/2 MILE OR LESS
8 = SMOKE OR HAZE
[NO. OF DAYS WITH] [WEATHER - DAYS WITH] 9 = BLOWING SNOW
X = TORNADO
MAX 32 OR BELOW: 0 0.01 INCH OR MORE: 1
MAX 90 OR ABOVE: 1 0.10 INCH OR MORE: 0
MIN 32 OR BELOW: 0 0.50 INCH OR MORE: 0
MIN 0 OR BELOW: 0 1.00 INCH OR MORE: 0
[HDD (BASE 65) ]
TOTAL THIS MO. 92 CLEAR (SCALE 0-3) 30
DPTR FM NORMAL M PTCLDY (SCALE 4-7) 1
TOTAL FM JUL 1 97 CLOUDY (SCALE 8-10) 0
DPTR FM NORMAL M
[CDD (BASE 65) ]
TOTAL THIS MO. 41
DPTR FM NORMAL M [PRESSURE DATA]
TOTAL FM JAN 1 1795 HIGHEST SLP M ON M
DPTR FM NORMAL M LOWEST SLP M ON M
[REMARKS]
#FINAL-10-21#