000
CXUS53 KDMX 050307
CF6ALO
PRELIMINARY LOCAL CLIMATOLOGICAL DATA (WS FORM: F-6)
STATION: WATERLOO IA
MONTH: NOVEMBER
YEAR: 2021
LATITUDE: 42 32 N
LONGITUDE: 92 24 W
TEMPERATURE IN F: :PCPN: SNOW: WIND :SUNSHINE: SKY :PK WND
================================================================================
1 2 3 4 5 6A 6B 7 8 9 10 11 12 13 14 15 16 17 18
12Z AVG MX 2MIN
DY MAX MIN AVG DEP HDD CDD WTR SNW DPTH SPD SPD DIR MIN PSBL S-S WX SPD DR
================================================================================
1 48 27 38 -6 27 0 0.00 0.0 0 9.1 24 310 M M 3 33 300
2 47 24 36 -8 29 0 0.00 0.0 0 5.7 15 330 M M 3 20 310
3 47 19 33 -10 32 0 0.00 0.0 0 4.6 13 190 M M 6 17 190
4 56 37 47 4 18 0 0.00 0.0 0 8.1 18 210 M M 6 24 220
5 58 36 47 5 18 0 0.00 0.0 0 14.1 28 180 M M 3 36 160
6 66 38 52 10 13 0 0.00 0.0 0 8.1 15 220 M M 0 19 210
7 69 41 55 14 10 0 0.00 0.0 0 10.9 25 170 M M 0 33 170
8 66 36 51 10 14 0 0.00 0.0 0 6.9 17 30 M M 1 20 30
9 64 33 49 9 16 0 0.00 0.0 0 6.4 15 40 M M 1 21 50
10 54 32 43 3 22 0 0.88 0.0 0 12.4 25 120 M M 6 138 32 120
11 54 35 45 6 20 0 0.40 0.0 0 18.3 32 270 M M 9 1 43 250
12 37 33 35 -4 30 0 0.07 T 0 17.4 24 270 M M 10 18 36 270
13 37 33 35 -3 30 0 0.01 T 0 11.4 20 220 M M 9 1 26 310
14 41 30 36 -2 29 0 0.00 0.0 0 16.5 33 320 M M 9 46 290
15 43 26 35 -3 30 0 0.00 0.0 0 8.2 17 100 M M 4 8 24 110
16 54 29 42 5 23 0 0.00 0.0 0 13.5 29 150 M M 0 18 40 150
17 50 30 40 3 25 0 0.00 0.0 0 13.1 25 300 M M 1 36 300
18 35 19 27 -9 38 0 0.00 0.0 0 13.2 25 300 M M 4 36 290
19 41 15 28 -8 37 0 0.00 0.0 0 12.2 22 150 M M 0 29 150
20 54 35 45 10 20 0 0.00 0.0 0 6.8 18 180 M M 4 26 180
21 50 25 38 3 27 0 0.00 0.0 0 14.8 36 330 M M 3 47 320
22 36 16 26 -8 39 0 0.00 0.0 0 6.5 16 320 M M 1 21 320
23 54 23 39 5 26 0 0.00 0.0 0 13.2 22 160 M M 0 32 170
24 59 35 47 13 18 0 0.00 0.0 0 15.8 26 330 M M 1 36 320
25 35 14 25 -8 40 0 0.00 0.0 0 15.5 29 330 M M 4 37 320
26 38 14 26 -7 39 0 0.00 0.0 0 9.6 17 180 M M 4 24 190
27 58 30 44 12 21 0 0.00 0.0 0 10.1 26 320 M M 2 36 330
28 44 23 34 2 31 0 0.00 0.0 0 7.8 17 330 M M 0 22 300
29 63 29 46 15 19 0 T 0.0 0 11.4 20 240 M M 4 26 220
30 54 30 42 11 23 0 0.00 0.0 0 6.4 15 330 M M 2 19 330
================================================================================
SM 1512 847 764 0 1.36 T 328.0 M 100
================================================================================
AV 50.4 28.2 10.9 FASTST M M 3 MAX(MPH)
MISC ----> 36 330 47 320
================================================================================
NOTES:
# LAST OF SEVERAL OCCURRENCES
COLUMN 17 PEAK WIND IN M.P.H.
PRELIMINARY LOCAL CLIMATOLOGICAL DATA (WS FORM: F-6) , PAGE 2
STATION: WATERLOO IA
MONTH: NOVEMBER
YEAR: 2021
LATITUDE: 42 32 N
LONGITUDE: 92 24 W
[TEMPERATURE DATA] [PRECIPITATION DATA] SYMBOLS USED IN COLUMN 16
AVERAGE MONTHLY: 39.3 TOTAL FOR MONTH: 1.36 1 = FOG OR MIST
DPTR FM NORMAL: 1.9 DPTR FM NORMAL: -0.49 2 = FOG REDUCING VISIBILITY
HIGHEST: 69 ON 7 GRTST 24HR 1.27 ON 10-11 TO 1/4 MILE OR LESS
LOWEST: 14 ON 26,25 3 = THUNDER
SNOW, ICE PELLETS, HAIL 4 = ICE PELLETS
TOTAL MONTH: T 5 = HAIL
GRTST 24HR T ON 12-12 6 = FREEZING RAIN OR DRIZZLE
GRTST DEPTH: 0 7 = DUSTSTORM OR SANDSTORM:
VSBY 1/2 MILE OR LESS
8 = SMOKE OR HAZE
[NO. OF DAYS WITH] [WEATHER - DAYS WITH] 9 = BLOWING SNOW
X = TORNADO
MAX 32 OR BELOW: 0 0.01 INCH OR MORE: 4
MAX 90 OR ABOVE: 0 0.10 INCH OR MORE: 2
MIN 32 OR BELOW: 19 0.50 INCH OR MORE: 1
MIN 0 OR BELOW: 0 1.00 INCH OR MORE: 0
[HDD (BASE 65) ]
TOTAL THIS MO. 764 CLEAR (SCALE 0-3) 16
DPTR FM NORMAL -64 PTCLDY (SCALE 4-7) 10
TOTAL FM JUL 1 1093 CLOUDY (SCALE 8-10) 4
DPTR FM NORMAL -285
[CDD (BASE 65) ]
TOTAL THIS MO. 0
DPTR FM NORMAL 0 [PRESSURE DATA]
TOTAL FM JAN 1 1174 HIGHEST SLP 30.49 ON 19
DPTR FM NORMAL 258 LOWEST SLP 29.52 ON 11
[REMARKS]
#FINAL-11-21#