000
CXUS56 KPDT 011810
CF6ALW
PRELIMINARY LOCAL CLIMATOLOGICAL DATA (WS FORM: F-6)
STATION: WALLA WALLA WA
MONTH: SEPTEMBER
YEAR: 2021
LATITUDE: 46 5 N
LONGITUDE: 118 17 W
TEMPERATURE IN F: :PCPN: SNOW: WIND :SUNSHINE: SKY :PK WND
================================================================================
1 2 3 4 5 6A 6B 7 8 9 10 11 12 13 14 15 16 17 18
12Z AVG MX 2MIN
DY MAX MIN AVG DEP HDD CDD WTR SNW DPTH SPD SPD DIR MIN PSBL S-S WX SPD DR
================================================================================
1 75 45 60 -11 5 0 0.00 M M 5.8 12 340 M M 0 17 360
2 76 49 63 -7 2 0 0.00 M M 6.3 12 260 M M 0 17 230
3 84 53 69 -1 0 4 0.00 M M 5.1 13 260 M M 0 18 250
4 84 56 70 0 0 5 0.00 M M 4.2 9 120 M M 2 13 140
5 89 62 76 6 0 11 0.00 M M 8.1 14 210 M M 1 8 18 230
6 86 61 74 5 0 9 0.00 M M 7.3 14 240 M M 0 21 220
7 83 57 70 1 0 5 0.00 M M 4.9 12 170 M M 0 17 240
8 88 63 76 7 0 11 0.00 M M 8.0 17 220 M M 0 8 23 220
9 83 61 72 4 0 7 0.00 M M 5.9 22 210 M M 0 28 210
10 75 60 68 0 0 3 0.15 M M 9.4 20 200 M M 6 1 25 200
11 75 57 66 -2 0 1 0.00 M M 9.2 17 200 M M 4 22 210
12 78 55 67 -1 0 2 0.00 M M 6.0 16 200 M M 0 21 200
13 74 57 66 -1 0 1 0.00 M M 10.2 21 200 M M 0 28 200
14 81 52 67 0 0 2 0.00 M M 6.0 16 200 M M 1 22 210
15 77 53 65 -2 0 0 0.00 M M 11.2 20 230 M M 2 30 240
16 69 47 58 -8 7 0 0.00 M M 6.5 14 20 M M 0 18 360
17 73 46 60 -6 5 0 0.00 M M 3.8 13 90 M M 3 16 80
18 69 54 62 -4 3 0 0.32 M M 9.6 22 200 M M 8 1 31 240
19 67 52 60 -5 5 0 0.03 M M 12.3 22 230 M M 7 31 240
20 68 51 60 -5 5 0 0.00 M M 9.3 16 240 M M 2 24 210
21 82 45 64 0 1 0 0.00 M M 4.9 12 160 M M 0 16 20
22 77 51 64 0 1 0 0.00 M M 8.7 23 250 M M 0 29 250
23 76 53 65 1 0 0 0.00 M M 4.8 13 90 M M 0 16 200
24 82 50 66 3 0 1 0.00 M M 4.5 9 230 M M 0 12 320
25 85 54 70 7 0 5 0.00 M M 6.3 13 170 M M 0 18 260
26 81 57 69 7 0 4 0.00 M M 7.7 16 190 M M 0 20 190
27 76 52 64 2 1 0 0.26 M M 7.9 24 300 M M 8 18 32 290
28 64 51 58 -4 7 0 T M M 12.7 21 220 M M 8 29 210
29 66 50 58 -3 7 0 0.00 M M 5.5 17 190 M M 2 23 180
30 80 49 65 4 0 0 T M M 6.3 15 310 M M 3 21 330
================================================================================
SM 2323 1603 49 71 0.76 M 218.4 M 57
================================================================================
AV 77.4 53.4 7.3 FASTST M M 2 MAX(MPH)
MISC ----> 24 300 32 290
================================================================================
NOTES:
# LAST OF SEVERAL OCCURRENCES
COLUMN 17 PEAK WIND IN M.P.H.
PRELIMINARY LOCAL CLIMATOLOGICAL DATA (WS FORM: F-6) , PAGE 2
STATION: WALLA WALLA WA
MONTH: SEPTEMBER
YEAR: 2021
LATITUDE: 46 5 N
LONGITUDE: 118 17 W
[TEMPERATURE DATA] [PRECIPITATION DATA] SYMBOLS USED IN COLUMN 16
AVERAGE MONTHLY: 65.4 TOTAL FOR MONTH: 0.76 1 = FOG OR MIST
DPTR FM NORMAL: -0.8 DPTR FM NORMAL: 0.12 2 = FOG REDUCING VISIBILITY
HIGHEST: 89 ON 5 GRTST 24HR 0.35 ON 18-19 TO 1/4 MILE OR LESS
LOWEST: 45 ON 21, 1 3 = THUNDER
SNOW, ICE PELLETS, HAIL 4 = ICE PELLETS
TOTAL MONTH: M 5 = HAIL
GRTST 24HR M ON M 6 = FREEZING RAIN OR DRIZZLE
GRTST DEPTH: M ON M 7 = DUSTSTORM OR SANDSTORM:
VSBY 1/2 MILE OR LESS
8 = SMOKE OR HAZE
[NO. OF DAYS WITH] [WEATHER - DAYS WITH] 9 = BLOWING SNOW
X = TORNADO
MAX 32 OR BELOW: 0 0.01 INCH OR MORE: 4
MAX 90 OR ABOVE: 0 0.10 INCH OR MORE: 3
MIN 32 OR BELOW: 0 0.50 INCH OR MORE: 0
MIN 0 OR BELOW: 0 1.00 INCH OR MORE: 0
[HDD (BASE 65) ]
TOTAL THIS MO. 49 CLEAR (SCALE 0-3) 23
DPTR FM NORMAL -19 PTCLDY (SCALE 4-7) 7
TOTAL FM JUL 1 55 CLOUDY (SCALE 8-10) 0
DPTR FM NORMAL -23
[CDD (BASE 65) ]
TOTAL THIS MO. 71
DPTR FM NORMAL -33 [PRESSURE DATA]
TOTAL FM JAN 1 1209 HIGHEST SLP 30.36 ON 20
DPTR FM NORMAL 278 LOWEST SLP 29.59 ON 18
[REMARKS]
#FINAL-09-21#