000
CXUS52 KJAX 021538
CF6AMG
PRELIMINARY LOCAL CLIMATOLOGICAL DATA (WS FORM: F-6)
STATION: ALMA
MONTH: NOVEMBER
YEAR: 2021
LATITUDE: 31 32 N
LONGITUDE: 82 30 W
TEMPERATURE IN F: :PCPN: SNOW: WIND :SUNSHINE: SKY :PK WND
================================================================================
1 2 3 4 5 6A 6B 7 8 9 10 11 12 13 14 15 16 17 18
12Z AVG MX 2MIN
DY MAX MIN AVG DEP HDD CDD WTR SNW DPTH SPD SPD DIR MIN PSBL S-S WX SPD DR
================================================================================
1 73 43 58 -5 7 0 0.00 0.0 0 1.4 9 130 M M 0 1 14 140
2 76 48 62 -1 3 0 0.00 0.0 0 1.0 9 320 M M 2 1 14 330
3 72 50 61 -1 4 0 0.00 0.0 0 3.0 8 340 M M 2 1 14 40
4 67 48 58 -4 7 0 0.00 0.0 0 4.3 10 350 M M 2 17 350
5 49 43 46 -16 19 0 0.35 0.0 0 5.1 12 10 M M 7 1 21 40
6 50 42 46 -15 19 0 0.73 0.0 0 11.4 16 330 M M 10 1 25 360
7 68 44 56 -5 9 0 0.00 0.0 0 7.0 15 20 M M 2 22 30
8 71 36 54 -7 11 0 0.00 0.0 0 1.9 9 350 M M 0 1 15 100
9 75 38 57 -4 8 0 0.00 0.0 0 0.8 7 120 M M 0 1 10 130
10 74 42 58 -2 7 0 0.00 0.0 0 0.9 7 170 M M 0 1 9 160
11 79 53 66 6 0 1 0.06 0.0 0 4.2 15 160 M M 7 1 23 170
12 76 46 61 1 4 0 0.00 0.0 0 3.5 12 320 M M 2 17 310
13 71 44 58 -1 7 0 0.00 0.0 0 3.9 14 300 M M 1 1 20 330
14 62 36 49 -10 16 0 0.00 0.0 0 3.7 13 320 M M 0 19 310
15 68 37 53 -6 12 0 0.00 0.0 0 3.1 12 300 M M 0 17 310
16 74 37 56 -3 9 0 0.00 0.0 0 1.6 9 170 M M 0 1 12 180
17 77 41 59 1 6 0 0.00 0.0 0 2.8 13 160 M M 1 1 18 160
18 80 51 66 8 0 1 0.00 0.0 0 1.2 12 190 M M 3 12 14 190
19 70 47 59 1 6 0 0.00 0.0 0 5.5 14 350 M M 0 1 19 350
20 66 43 55 -3 10 0 0.00 0.0 0 4.0 10 60 M M 4 19 70
21 73 45 59 1 6 0 0.00 0.0 0 2.1 7 50 M M 5 1 11 50
22 67 50 59 2 6 0 0.00 0.0 0 5.4 16 330 M M 3 12 25 320
23 57 30 44 -13 21 0 0.00 0.0 0 4.5 14 330 M M 0 21 310
24 62 27 45 -12 20 0 0.00 0.0 0 2.3 12 90 M M 0 17 50
25 70 36 53 -4 12 0 0.00 0.0 0 1.3 10 320 M M 1 1 15 290
26 65 39 52 -5 13 0 0.02 0.0 0 6.9 20 310 M M 3 1 29 300
27 62 31 47 -9 18 0 0.00 0.0 0 2.0 8 360 M M 0 14 340
28 60 39 50 -6 15 0 T 0.0 0 3.1 9 230 M M 4 13 240
29 60 34 47 -9 18 0 0.00 0.0 0 3.6 12 320 M M 0 16 320
30 65 30 48 -8 17 0 0.00 0.0 0 1.0 8 300 M M 0 1 12 350
================================================================================
SM 2039 1230 310 2 1.16 0.0 102.5 M 59
================================================================================
AV 68.0 41.0 3.4 FASTST M M 2 MAX(MPH)
MISC ----> 20 310 29 300
================================================================================
NOTES:
# LAST OF SEVERAL OCCURRENCES
COLUMN 17 PEAK WIND IN M.P.H.
PRELIMINARY LOCAL CLIMATOLOGICAL DATA (WS FORM: F-6) , PAGE 2
STATION: ALMA
MONTH: NOVEMBER
YEAR: 2021
LATITUDE: 31 32 N
LONGITUDE: 82 30 W
[TEMPERATURE DATA] [PRECIPITATION DATA] SYMBOLS USED IN COLUMN 16
AVERAGE MONTHLY: 54.5 TOTAL FOR MONTH: 1.16 1 = FOG OR MIST
DPTR FM NORMAL: -4.5 DPTR FM NORMAL: -1.05 2 = FOG REDUCING VISIBILITY
HIGHEST: 80 ON 18 GRTST 24HR 0.73 ON 6- 6 TO 1/4 MILE OR LESS
LOWEST: 27 ON 24 3 = THUNDER
SNOW, ICE PELLETS, HAIL 4 = ICE PELLETS
TOTAL MONTH: 0.0 INCH 5 = HAIL
GRTST 24HR 0.0 6 = FREEZING RAIN OR DRIZZLE
GRTST DEPTH: 0 7 = DUSTSTORM OR SANDSTORM:
VSBY 1/2 MILE OR LESS
8 = SMOKE OR HAZE
[NO. OF DAYS WITH] [WEATHER - DAYS WITH] 9 = BLOWING SNOW
X = TORNADO
MAX 32 OR BELOW: 0 0.01 INCH OR MORE: 4
MAX 90 OR ABOVE: 0 0.10 INCH OR MORE: 2
MIN 32 OR BELOW: 4 0.50 INCH OR MORE: 1
MIN 0 OR BELOW: 0 1.00 INCH OR MORE: 0
[HDD (BASE 65) ]
TOTAL THIS MO. 310 CLEAR (SCALE 0-3) 22
DPTR FM NORMAL 96 PTCLDY (SCALE 4-7) 7
TOTAL FM JUL 1 354 CLOUDY (SCALE 8-10) 1
DPTR FM NORMAL 93
[CDD (BASE 65) ]
TOTAL THIS MO. 2
DPTR FM NORMAL -32 [PRESSURE DATA]
TOTAL FM JAN 1 2322 HIGHEST SLP 30.41 ON 24
DPTR FM NORMAL -209 LOWEST SLP 29.90 ON 22
[REMARKS]
#FINAL-11-21#