000
CXUS52 KJAX 011416
CLMAMG
CLIMATE REPORT
NATIONAL WEATHER SERVICE JACKSONVILLE FL
916 AM EST THU FEB 01 2024
...................................
...THE ALMA CLIMATE SUMMARY FOR THE MONTH OF JANUARY 2024...
CLIMATE NORMAL PERIOD: 1991 TO 2020
CLIMATE RECORD PERIOD: 1938 TO 2024
WEATHER OBSERVED NORMAL DEPART LAST YEAR`S
VALUE DATE(S) VALUE FROM VALUE DATE(S)
NORMAL
................................................................
TEMPERATURE (F)
RECORD
HIGH 83 01/29/2013
01/26/2012
01/30/1975
LOW 01/21/1985
HIGHEST 83R 01/27 78 5 81 01/03
LOWEST 24 01/18 23 1 27 01/15
01/21
AVG. MAXIMUM 64.3 62.6 1.7 68.3
AVG. MINIMUM 40.2 39.3 0.9 43.2
MEAN 52.2 51.0 1.2 55.7
DAYS MAX >= 90 0 0.0 0.0 0
DAYS MIN <= 32 6 8.9 -2.9 5
PRECIPITATION (INCHES)
RECORD
MAXIMUM 14.86 1991
MINIMUM 0.30 2003
TOTALS 2.71 3.72 -1.01 5.56
DAILY AVG. 0.09 0.12 -0.03 0.18
DAYS >= .01 9 8.6 0.4 9
DAYS >= .10 5 5.7 -0.7 6
DAYS >= .50 2 2.5 -0.5 5
DAYS >= 1.00 1 1.1 -0.1 2
GREATEST
24 HR. TOTAL 1.19 01/06 TO 01/06
SNOWFALL (INCHES)
RECORDS
TOTAL 3.0 2018
TOTALS 0.0 0.1 -0.1 0.0
DEGREE DAYS
HEATING TOTAL 414 442 -28 302
SINCE 7/1 934 1078 -144 MM
COOLING TOTAL 26 7 19 21
SINCE 1/1 26 7 19 MM
................................................................
WIND (MPH)
AVERAGE WIND SPEED 5.7
HIGHEST WIND SPEED/DIRECTION 32/170 DATE 01/09
HIGHEST GUST SPEED/DIRECTION 58/160 DATE 01/09
SKY COVER
AVERAGE SKY COVER 0.23
AVERAGE RH (PERCENT) 68
WEATHER CONDITIONS. NUMBER OF DAYS WITH
THUNDERSTORM 2 MIXED PRECIP 0
HEAVY RAIN 3 RAIN 5
LIGHT RAIN 11 FREEZING RAIN 0
LT FREEZING RAIN 0 HAIL 0
HEAVY SNOW 0 SNOW 0
LIGHT SNOW 0 SLEET 0
FOG 16 FOG W/VIS <= 1/4 MILE 4
HAZE 0
- INDICATES NEGATIVE NUMBERS.
R INDICATES RECORD WAS SET OR TIED.
MM INDICATES DATA IS MISSING.
T INDICATES TRACE AMOUNT.
$$