000
CXUS54 KBMX 011010
CF6ANB
PRELIMINARY LOCAL CLIMATOLOGICAL DATA (WS FORM: F-6)
STATION: ANNISTON
MONTH: MAY
YEAR: 2021
LATITUDE: 33 35 N
LONGITUDE: 85 51 W
TEMPERATURE IN F: :PCPN: SNOW: WIND :SUNSHINE: SKY :PK WND
================================================================================
1 2 3 4 5 6A 6B 7 8 9 10 11 12 13 14 15 16 17 18
12Z AVG MX 2MIN
DY MAX MIN AVG DEP HDD CDD WTR SNW DPTH SPD SPD DIR MIN PSBL S-S WX SPD DR
================================================================================
1 82 49 66 0 0 1 0.00 0.0 0 2.4 10 100 M M 0 1 14 40
2 82 57 70 3 0 5 T 0.0 0 6.1 15 210 M M 4 21 230
3 85 68 77 10 0 12 0.90 0.0 0 6.4 20 210 M M 7 138 29 240
4 79 62 71 4 0 6 2.97 0.0 M 5.4 21 240 M M 9 138 28 240
5 76 58 67 -1 0 2 T 0.0 0 6.9 18 250 M M 7 1 23 250
6 74 50 62 -6 3 0 T 0.0 0 4.7 26 330 M M 1 41 300
7 70 47 59 -9 6 0 0.00 0.0 0 5.7 17 360 M M 0 24 360
8 77 45 61 -7 4 0 0.00 0.0 0 2.7 10 220 M M 3 14 230
9 85 51 68 -1 0 3 1.04 0.0 0 6.8 23 340 M M 2 13 33 340
10 77 63 70 1 0 5 0.21 0.0 0 4.9 9 20 M M 10 1 13 310
11 75 64 70 1 0 5 T 0.0 0 3.7 13 360 M M 7 15 360
12 66 52 59 -11 6 0 0.13 0.0 0 7.3 15 50 M M 9 19 60
13 73 47 60 -10 5 0 0.00 0.0 0 4.0 13 10 M M 3 16 100
14 77 47 62 -8 3 0 0.00 0.0 0 3.5 10 20 M M 2 13 10
15 79 50 65 -5 0 0 0.00 0.0 0 2.5 8 230 M M 2 12 250
16 81 53 67 -3 0 2 0.00 0.0 0 2.4 12 150 M M 0 15 220
17 81 56 69 -2 0 4 0.00 0.0 0 5.4 14 160 M M 0 20 160
18 80 67 74 3 0 9 0.00 0.0 M 7.7 16 130 M M 1 23 100
19 83 67 75 4 0 10 0.00 0.0 0 9.5 18 120 M M 1 28 110
20 82 63 73 1 0 8 0.00 0.0 0 7.1 17 120 M M 1 25 140
21 85 62 74 2 0 9 0.00 0.0 0 5.5 16 130 M M 1 23 120
22 86 62 74 2 0 9 0.00 0.0 0 3.5 10 90 M M 0 15 100
23 90 59 75 3 0 10 0.00 0.0 0 2.0 8 260 M M 1 13 30
24 91 62 77 4 0 12 0.00 0.0 0 2.5 10 350 M M 0 1 14 340
25 90 64 77 4 0 12 0.00 0.0 0 1.8 8 220 M M 2 11 160
26 88 63 76 3 0 11 0.00 0.0 0 4.0 16 240 M M 1 1 20 240
27 85 68 77 4 0 12 T 0.0 0 2.2 16 260 M M 6 21 260
28 86 66 76 2 0 11 0.91 0.0 0 6.4 20 290 M M 7 13 28 300
29 72 57 65 -9 0 0 0.00 0.0 0 6.6 15 340 M M 6 1 22 360
30 77 55 66 -8 0 1 0.00 0.0 0 4.8 14 10 M M 3 18 10
31 82 54 68 -6 0 3 0.00 0.0 0 5.1 10 110 M M 2 19 110
================================================================================
SM 2496 1788 27 162 6.16 0.0 149.5 M 98
================================================================================
AV 80.5 57.7 4.8 FASTST M M 3 MAX(MPH)
MISC ----> 26 330 41 300
================================================================================
NOTES:
# LAST OF SEVERAL OCCURRENCES
COLUMN 17 PEAK WIND IN M.P.H.
PRELIMINARY LOCAL CLIMATOLOGICAL DATA (WS FORM: F-6) , PAGE 2
STATION: ANNISTON
MONTH: MAY
YEAR: 2021
LATITUDE: 33 35 N
LONGITUDE: 85 51 W
[TEMPERATURE DATA] [PRECIPITATION DATA] SYMBOLS USED IN COLUMN 16
AVERAGE MONTHLY: 69.1 TOTAL FOR MONTH: 6.16 1 = FOG OR MIST
DPTR FM NORMAL: -1.4 DPTR FM NORMAL: 1.81 2 = FOG REDUCING VISIBILITY
HIGHEST: 91 ON 24 GRTST 24HR 2.97 ON 4- 4 TO 1/4 MILE OR LESS
LOWEST: 45 ON 8 3 = THUNDER
SNOW, ICE PELLETS, HAIL 4 = ICE PELLETS
TOTAL MONTH: 0.0 INCH 5 = HAIL
GRTST 24HR 0.0 6 = FREEZING RAIN OR DRIZZLE
GRTST DEPTH: 0 7 = DUSTSTORM OR SANDSTORM:
VSBY 1/2 MILE OR LESS
8 = SMOKE OR HAZE
[NO. OF DAYS WITH] [WEATHER - DAYS WITH] 9 = BLOWING SNOW
X = TORNADO
MAX 32 OR BELOW: 0 0.01 INCH OR MORE: 6
MAX 90 OR ABOVE: 3 0.10 INCH OR MORE: 6
MIN 32 OR BELOW: 0 0.50 INCH OR MORE: 4
MIN 0 OR BELOW: 0 1.00 INCH OR MORE: 2
[HDD (BASE 65) ]
TOTAL THIS MO. 27 CLEAR (SCALE 0-3) 21
DPTR FM NORMAL 3 PTCLDY (SCALE 4-7) 7
TOTAL FM JUL 1 2361 CLOUDY (SCALE 8-10) 3
DPTR FM NORMAL -273
[CDD (BASE 65) ]
TOTAL THIS MO. 162
DPTR FM NORMAL -33 [PRESSURE DATA]
TOTAL FM JAN 1 234 HIGHEST SLP M ON M
DPTR FM NORMAL -35 LOWEST SLP 29.74 ON 3
[REMARKS]
#FINAL-05-21#